CRAN Package Check Results for Package microbial

Last updated on 2021-04-17 01:50:00 CEST.

Flavor Version Tinstall Tcheck Ttotal Status Flags
r-devel-linux-x86_64-debian-clang 0.0.19 52.89 530.91 583.80 OK
r-devel-linux-x86_64-debian-gcc 0.0.19 43.00 399.34 442.34 OK
r-devel-linux-x86_64-fedora-clang 0.0.19 738.91 NOTE
r-devel-linux-x86_64-fedora-gcc 0.0.19 739.45 NOTE
r-devel-windows-ix86+x86_64 0.0.19 124.00 5.00 129.00 ERROR
r-devel-windows-x86_64-gcc10-UCRT 0.0.19 ERROR
r-patched-linux-x86_64 0.0.19 53.71 494.77 548.48 OK
r-patched-solaris-x86 0.0.19 1039.70 NOTE
r-release-linux-x86_64 0.0.19 55.08 498.75 553.83 OK
r-release-macos-x86_64 0.0.19 ERROR
r-release-windows-ix86+x86_64 0.0.19 128.00 625.00 753.00 OK
r-oldrel-macos-x86_64 0.0.19 ERROR
r-oldrel-windows-ix86+x86_64 0.0.19 78.00 878.00 956.00 OK

Check Details

Version: 0.0.19
Check: package dependencies
Result: NOTE
    Imports includes 22 non-default packages.
    Importing from so many packages makes the package vulnerable to any of
    them becoming unavailable. Move as many as possible to Suggests and
    use conditionally.
Flavor: r-devel-linux-x86_64-fedora-clang

Version: 0.0.19
Check: dependencies in R code
Result: NOTE
    Namespace in Imports field not imported from: ‘testthat’
     All declared Imports should be used.
Flavors: r-devel-linux-x86_64-fedora-clang, r-devel-linux-x86_64-fedora-gcc, r-patched-solaris-x86

Version: 0.0.19
Check: whether package can be installed
Result: ERROR
    
    See
Flavor: r-devel-windows-ix86+x86_64

Version: 0.0.19
Check: package dependencies
Result: ERROR
    Package required but not available: 'phyloseq'
    
    See section 'The DESCRIPTION file' in the 'Writing R Extensions'
    manual.
Flavor: r-devel-windows-x86_64-gcc10-UCRT

Version: 0.0.19
Check: package dependencies
Result: ERROR
    Packages required but not available: 'dada2', 'DECIPHER'
    
    See section ‘The DESCRIPTION file’ in the ‘Writing R Extensions’
    manual.
Flavors: r-release-macos-x86_64, r-oldrel-macos-x86_64