CRAN Package Check Results for Package micromap

Last updated on 2015-09-03 09:47:03.

Flavor Version Tinstall Tcheck Ttotal Status Flags
r-devel-linux-x86_64-debian-clang 1.9.2 2.01 30.66 32.67 NOTE
r-devel-linux-x86_64-debian-gcc 1.9.2 2.00 29.12 31.12 NOTE
r-devel-linux-x86_64-fedora-clang 1.9.2 63.63 NOTE
r-devel-linux-x86_64-fedora-gcc 1.9.2 63.07 NOTE
r-devel-osx-x86_64-clang 1.9.2 51.91 OK
r-devel-windows-ix86+x86_64 1.9.2 13.00 55.00 68.00 NOTE
r-patched-linux-x86_64 1.9.2 2.17 31.90 34.07 OK
r-patched-solaris-sparc 1.9.2 403.80 OK
r-patched-solaris-x86 1.9.2 97.40 OK
r-release-linux-x86_64 1.9.2 2.07 31.10 33.17 OK
r-release-osx-x86_64-mavericks 1.9.2 OK
r-release-windows-ix86+x86_64 1.9.2 12.00 52.00 64.00 OK
r-oldrel-windows-ix86+x86_64 1.9.2 21.00 89.00 110.00 OK

Check Details

Version: 1.9.2
Check: R code for possible problems
Result: NOTE
    CatMaps: no visible binding for global variable ‘poly’
    RankMaps: no visible binding for global variable ‘poly’
    RankMaps: no visible global function definition for ‘median’
    alterForMedian: no visible binding for global variable ‘median’
    assimilatePlot: no visible global function definition for ‘gray’
    bar_build: no visible global function definition for ‘median’
    bar_cl_build: no visible global function definition for ‘median’
    box_summary_build: no visible global function definition for ‘median’
    create_DF_rank: no visible global function definition for ‘aggregate’
    create_map_table: no visible binding for global variable ‘poly’
    dot_att: no visible global function definition for ‘gray’
    dot_build: no visible global function definition for ‘median’
    dot_cl_att: no visible global function definition for ‘gray’
    dot_cl_build: no visible global function definition for ‘median’
    lmplot: no visible global function definition for ‘gray’
    map_att: no visible global function definition for ‘gray’
    mmgroupedplot: no visible global function definition for ‘median’
    mmplot: no visible global function definition for ‘gray’
    mmplot: no visible global function definition for ‘median’
    print.mm: no visible global function definition for ‘dev.new’
    print.mm: no visible global function definition for ‘pdf’
    print.mm: no visible global function definition for ‘tiff’
    print.mm: no visible global function definition for ‘jpeg’
    print.mm: no visible global function definition for ‘png’
    print.mm: no visible global function definition for ‘postscript’
    print.mm: no visible global function definition for ‘dev.off’
    Undefined global functions or variables:
     aggregate dev.new dev.off gray jpeg median pdf png poly postscript
     tiff
    Consider adding
     importFrom("grDevices", "dev.new", "dev.off", "gray", "jpeg", "pdf",
     "png", "postscript", "tiff")
     importFrom("stats", "aggregate", "median", "poly")
    to your NAMESPACE.
Flavors: r-devel-linux-x86_64-debian-clang, r-devel-linux-x86_64-debian-gcc, r-devel-linux-x86_64-fedora-clang, r-devel-linux-x86_64-fedora-gcc, r-devel-windows-ix86+x86_64