CRAN Package Check Results for Package micromap

Last updated on 2015-03-01 03:48:39.

Flavor Version Tinstall Tcheck Ttotal Status Flags
r-devel-linux-x86_64-debian-clang 1.9.2 2.02 31.28 33.31 OK
r-devel-linux-x86_64-debian-gcc 1.9.2 1.92 29.94 31.86 OK
r-devel-linux-x86_64-fedora-clang 1.9.2 67.07 OK
r-devel-linux-x86_64-fedora-gcc 1.9.2 63.37 OK
r-devel-osx-x86_64-clang 1.9.2 56.68 OK
r-devel-windows-ix86+x86_64 1.9.2 10.00 45.00 55.00 OK
r-patched-linux-x86_64 1.9.2 3.72 43.18 46.91 OK
r-patched-solaris-sparc 1.9.2 443.60 OK
r-patched-solaris-x86 1.9.2 133.50 OK
r-release-linux-ix86 1.9.2 3.42 55.29 58.71 OK
r-release-linux-x86_64 1.9.2 3.52 42.00 45.52 OK
r-release-osx-x86_64-mavericks 1.9.2 ERROR
r-release-osx-x86_64-snowleopard 1.9.2 OK
r-release-windows-ix86+x86_64 1.9.2 13.00 69.00 82.00 OK
r-oldrel-windows-ix86+x86_64 1.9.2 13.00 73.00 86.00 OK

Check Details

Version: 1.9.2
Check: package dependencies
Result: ERROR
    Package required but not available: ‘rgdal’
    
    See section ‘The DESCRIPTION file’ in the ‘Writing R Extensions’
    manual.
Flavor: r-release-osx-x86_64-mavericks