CRAN Package Check Results for Package micromap

Last updated on 2014-11-26 09:48:44.

Flavor Version Tinstall Tcheck Ttotal Status Flags
r-devel-linux-x86_64-debian-clang 1.9 3.83 41.24 45.06 NOTE
r-devel-linux-x86_64-debian-gcc 1.9 3.74 40.91 44.64 NOTE
r-devel-linux-x86_64-fedora-clang 1.9 93.99 NOTE
r-devel-linux-x86_64-fedora-gcc 1.9 90.96 NOTE
r-devel-osx-x86_64-clang 1.9 76.27 NOTE
r-devel-windows-ix86+x86_64 1.9 16.00 60.00 76.00 NOTE
r-patched-linux-x86_64 1.9 4.10 43.25 47.35 NOTE
r-patched-solaris-sparc 1.9 491.00 NOTE
r-patched-solaris-x86 1.9 127.60 NOTE
r-release-linux-ix86 1.9 4.86 46.45 51.31 NOTE
r-release-linux-x86_64 1.9 4.77 41.53 46.30 NOTE
r-release-osx-x86_64-mavericks 1.9 ERROR
r-release-osx-x86_64-snowleopard 1.9 OK
r-release-windows-ix86+x86_64 1.9 15.00 70.00 85.00 NOTE
r-oldrel-windows-ix86+x86_64 1.9 15.00 68.00 83.00 OK

Check Details

Version: 1.9
Check: R code for possible problems
Result: NOTE
    RankMaps: no visible global function definition for ‘Polygon’
    RankMaps: no visible global function definition for ‘Polygons’
    RankMaps: no visible global function definition for ‘SpatialPolygons’
Flavors: r-devel-linux-x86_64-debian-clang, r-devel-linux-x86_64-debian-gcc, r-devel-linux-x86_64-fedora-clang, r-devel-linux-x86_64-fedora-gcc, r-devel-osx-x86_64-clang, r-devel-windows-ix86+x86_64, r-patched-linux-x86_64, r-patched-solaris-sparc, r-patched-solaris-x86, r-release-linux-ix86, r-release-linux-x86_64, r-release-windows-ix86+x86_64

Version: 1.9
Check: package dependencies
Result: ERROR
    Package required but not available: ‘rgdal’
    
    See the information on DESCRIPTION files in the chapter ‘Creating R
    packages’ of the ‘Writing R Extensions’ manual.
Flavor: r-release-osx-x86_64-mavericks