CRAN Package Check Results for Package micromap

Last updated on 2015-05-23 14:47:01.

Flavor Version Tinstall Tcheck Ttotal Status Flags
r-devel-linux-x86_64-debian-clang 1.9.2 2.09 31.96 34.05 OK
r-devel-linux-x86_64-debian-gcc 1.9.2 2.07 30.42 32.49 OK
r-devel-linux-x86_64-fedora-clang 1.9.2 66.25 OK
r-devel-linux-x86_64-fedora-gcc 1.9.2 63.47 OK
r-devel-osx-x86_64-clang 1.9.2 56.05 OK
r-devel-windows-ix86+x86_64 1.9.2 8.00 47.00 55.00 OK
r-patched-linux-x86_64 1.9.2 2.11 30.32 32.42 OK
r-patched-solaris-sparc 1.9.2 428.50 OK
r-patched-solaris-x86 1.9.2 99.50 OK
r-release-linux-x86_64 1.9.2 2.06 31.16 33.22 OK
r-release-osx-x86_64-mavericks 1.9.2 OK
r-release-osx-x86_64-snowleopard 1.9.2 ERROR
r-release-windows-ix86+x86_64 1.9.2 9.00 46.00 55.00 OK
r-oldrel-windows-ix86+x86_64 1.9.2 17.00 75.00 92.00 OK

Check Details

Version: 1.9.2
Check: package dependencies
Result: ERROR
    Package required but not available: ‘ggplot2’
    
    See section ‘The DESCRIPTION file’ in the ‘Writing R Extensions’
    manual.
Flavor: r-release-osx-x86_64-snowleopard