CRAN Package Check Results for Package micromap

Last updated on 2014-07-29 01:47:25.

Flavor Version Tinstall Tcheck Ttotal Status Flags
r-devel-linux-x86_64-debian-clang 1.9 4.27 37.77 42.04 OK
r-devel-linux-x86_64-debian-gcc 1.9 4.10 36.72 40.83 OK
r-devel-linux-x86_64-fedora-clang 1.9 92.92 OK
r-devel-linux-x86_64-fedora-gcc 1.9 88.68 OK
r-devel-osx-x86_64-clang 1.9 73.68 OK
r-devel-windows-ix86+x86_64 1.9 16.00 62.00 78.00 OK
r-patched-linux-x86_64 1.9 4.21 37.81 42.02 OK
r-patched-solaris-sparc 1.9 473.10 OK
r-patched-solaris-x86 1.9 126.10 OK
r-release-linux-ix86 1.9 5.06 47.41 52.47 OK
r-release-linux-x86_64 1.9 4.25 38.13 42.38 OK
r-release-osx-x86_64-mavericks 1.9 ERROR
r-release-osx-x86_64-snowleopard 1.9 OK
r-release-windows-ix86+x86_64 1.9 15.00 63.00 78.00 OK
r-oldrel-windows-ix86+x86_64 1.9 16.00 66.00 82.00 OK

Check Details

Version: 1.9
Check: package dependencies
Result: ERROR
    Package required but not available: rgdal
    
    See the information on DESCRIPTION files in the chapter Creating R
    packages of the Writing R Extensions manual.
Flavor: r-release-osx-x86_64-mavericks