CRAN Package Check Results for Package micromap

Last updated on 2014-08-20 17:47:46.

Flavor Version Tinstall Tcheck Ttotal Status Flags
r-devel-linux-x86_64-debian-clang 1.9 4.01 37.71 41.72 OK
r-devel-linux-x86_64-debian-gcc 1.9 3.89 36.17 40.06 OK
r-devel-linux-x86_64-fedora-clang 1.9 94.60 NOTE
r-devel-linux-x86_64-fedora-gcc 1.9 98.68 NOTE
r-devel-osx-x86_64-clang 1.9 70.41 NOTE
r-devel-windows-ix86+x86_64 1.9 12.00 62.00 74.00 OK
r-patched-linux-x86_64 1.9 4.50 37.42 41.92 OK
r-patched-solaris-sparc 1.9 509.70 OK
r-patched-solaris-x86 1.9 126.10 OK
r-release-linux-ix86 1.9 5.22 48.16 53.39 OK
r-release-linux-x86_64 1.9 4.26 38.15 42.41 OK
r-release-osx-x86_64-mavericks 1.9 ERROR
r-release-osx-x86_64-snowleopard 1.9 OK
r-release-windows-ix86+x86_64 1.9 13.00 61.00 74.00 OK
r-oldrel-windows-ix86+x86_64 1.9 13.00 67.00 80.00 OK

Check Details

Version: 1.9
Check: R code for possible problems
Result: NOTE
    RankMaps: no visible global function definition for ‘Polygon’
    RankMaps: no visible global function definition for ‘Polygons’
    RankMaps: no visible global function definition for ‘SpatialPolygons’
Flavors: r-devel-linux-x86_64-fedora-clang, r-devel-linux-x86_64-fedora-gcc, r-devel-osx-x86_64-clang

Version: 1.9
Check: package dependencies
Result: ERROR
    Package required but not available: ‘rgdal’
    
    See the information on DESCRIPTION files in the chapter ‘Creating R
    packages’ of the ‘Writing R Extensions’ manual.
Flavor: r-release-osx-x86_64-mavericks