CRAN Package Check Results for Package micromap

Last updated on 2014-12-21 23:47:05.

Flavor Version Tinstall Tcheck Ttotal Status Flags
r-devel-linux-x86_64-debian-clang 1.9 4.23 39.00 43.23 NOTE
r-devel-linux-x86_64-debian-gcc 1.9 3.74 37.82 41.57 NOTE
r-devel-linux-x86_64-fedora-clang 1.9 96.53 NOTE
r-devel-linux-x86_64-fedora-gcc 1.9 90.04 NOTE
r-devel-osx-x86_64-clang 1.9 82.18 NOTE
r-devel-windows-ix86+x86_64 1.9 15.00 59.00 74.00 NOTE
r-patched-linux-x86_64 1.9 4.31 40.32 44.63 NOTE
r-patched-solaris-sparc 1.9 491.00 NOTE
r-patched-solaris-x86 1.9 126.90 NOTE
r-release-linux-ix86 1.9 4.85 46.53 51.38 NOTE
r-release-linux-x86_64 1.9 4.09 39.32 43.41 NOTE
r-release-osx-x86_64-mavericks 1.9 ERROR
r-release-osx-x86_64-snowleopard 1.9 OK
r-release-windows-ix86+x86_64 1.9 16.00 68.00 84.00 NOTE
r-oldrel-windows-ix86+x86_64 1.9 15.00 70.00 85.00 OK

Check Details

Version: 1.9
Check: R code for possible problems
Result: NOTE
    RankMaps: no visible global function definition for ‘Polygon’
    RankMaps: no visible global function definition for ‘Polygons’
    RankMaps: no visible global function definition for ‘SpatialPolygons’
Flavors: r-devel-linux-x86_64-debian-clang, r-devel-linux-x86_64-debian-gcc, r-devel-linux-x86_64-fedora-clang, r-devel-linux-x86_64-fedora-gcc, r-devel-osx-x86_64-clang, r-devel-windows-ix86+x86_64, r-patched-linux-x86_64, r-patched-solaris-sparc, r-patched-solaris-x86, r-release-linux-ix86, r-release-linux-x86_64, r-release-windows-ix86+x86_64

Version: 1.9
Check: package dependencies
Result: ERROR
    Package required but not available: ‘rgdal’
    
    See the information on DESCRIPTION files in the chapter ‘Creating R
    packages’ of the ‘Writing R Extensions’ manual.
Flavor: r-release-osx-x86_64-mavericks