CRAN Package Check Results for Package micromap

Last updated on 2015-01-25 19:47:44.

Flavor Version Tinstall Tcheck Ttotal Status Flags
r-devel-linux-x86_64-debian-clang 1.9 3.56 33.00 36.55 NOTE
r-devel-linux-x86_64-debian-gcc 1.9 3.72 38.08 41.80 NOTE
r-devel-linux-x86_64-fedora-clang 1.9 91.58 NOTE
r-devel-linux-x86_64-fedora-gcc 1.9 88.00 NOTE
r-devel-osx-x86_64-clang 1.9 79.34 NOTE
r-devel-windows-ix86+x86_64 1.9 16.00 66.00 82.00 NOTE
r-patched-linux-x86_64 1.9 4.14 39.57 43.70 NOTE
r-patched-solaris-sparc 1.9 515.60 NOTE
r-patched-solaris-x86 1.9 130.80 NOTE
r-release-linux-ix86 1.9 4.85 46.79 51.64 NOTE
r-release-linux-x86_64 1.9 4.16 39.92 44.08 NOTE
r-release-osx-x86_64-mavericks 1.9 ERROR
r-release-osx-x86_64-snowleopard 1.9 OK
r-release-windows-ix86+x86_64 1.9 15.00 65.00 80.00 NOTE
r-oldrel-windows-ix86+x86_64 1.9 17.00 70.00 87.00 OK

Check Details

Version: 1.9
Check: R code for possible problems
Result: NOTE
    RankMaps: no visible global function definition for ‘Polygon’
    RankMaps: no visible global function definition for ‘Polygons’
    RankMaps: no visible global function definition for ‘SpatialPolygons’
Flavors: r-devel-linux-x86_64-debian-clang, r-devel-linux-x86_64-debian-gcc, r-devel-linux-x86_64-fedora-clang, r-devel-linux-x86_64-fedora-gcc, r-devel-osx-x86_64-clang, r-devel-windows-ix86+x86_64, r-patched-linux-x86_64, r-patched-solaris-sparc, r-patched-solaris-x86, r-release-linux-ix86, r-release-linux-x86_64, r-release-windows-ix86+x86_64

Version: 1.9
Check: S3 generic/method consistency
Result: NOTE
    Found the following apparent S3 methods exported but not registered:
     print.mm
    See section ‘Registering S3 methods’ in the ‘Writing R Extensions’
    manual.
Flavors: r-devel-linux-x86_64-fedora-clang, r-devel-linux-x86_64-fedora-gcc, r-devel-osx-x86_64-clang

Version: 1.9
Check: package dependencies
Result: ERROR
    Package required but not available: ‘rgdal’
    
    See the information on DESCRIPTION files in the chapter ‘Creating R
    packages’ of the ‘Writing R Extensions’ manual.
Flavor: r-release-osx-x86_64-mavericks