CRAN Package Check Results for Package micromap

Last updated on 2016-07-24 02:47:42.

Flavor Version Tinstall Tcheck Ttotal Status Flags
r-devel-linux-x86_64-debian-clang 1.9.2 2.94 36.24 39.18 NOTE
r-devel-linux-x86_64-debian-gcc 1.9.2 2.64 36.36 38.99 NOTE
r-devel-linux-x86_64-fedora-clang 1.9.2 59.50 NOTE
r-devel-linux-x86_64-fedora-gcc 1.9.2 57.42 NOTE
r-devel-osx-x86_64-clang 1.9.2 45.03 NOTE
r-devel-windows-ix86+x86_64 1.9.2 7.00 62.00 69.00 NOTE
r-patched-linux-x86_64 1.9.2 2.42 34.88 37.30 NOTE
r-patched-solaris-sparc 1.9.2 345.50 NOTE
r-patched-solaris-x86 1.9.2 78.00 NOTE
r-release-linux-x86_64 1.9.2 2.23 35.62 37.85 NOTE
r-release-osx-x86_64-mavericks 1.9.2 NOTE
r-release-windows-ix86+x86_64 1.9.2 8.00 60.00 68.00 NOTE
r-oldrel-windows-ix86+x86_64 1.9.2 11.00 63.00 74.00 OK

Check Details

Version: 1.9.2
Check: R code for possible problems
Result: NOTE
    CatMaps: no visible binding for global variable ‘poly’
    RankMaps: no visible binding for global variable ‘poly’
    RankMaps: no visible global function definition for ‘median’
    alterForMedian: no visible binding for global variable ‘median’
    assimilatePlot: no visible global function definition for ‘gray’
    bar_build: no visible global function definition for ‘median’
    bar_cl_build: no visible global function definition for ‘median’
    box_summary_build: no visible global function definition for ‘median’
    create_DF_rank: no visible global function definition for ‘aggregate’
    create_map_table: no visible binding for global variable ‘poly’
    dot_att: no visible global function definition for ‘gray’
    dot_build: no visible global function definition for ‘median’
    dot_cl_att: no visible global function definition for ‘gray’
    dot_cl_build: no visible global function definition for ‘median’
    lmplot: no visible global function definition for ‘gray’
    map_att: no visible global function definition for ‘gray’
    mmgroupedplot: no visible global function definition for ‘median’
    mmplot: no visible global function definition for ‘gray’
    mmplot: no visible global function definition for ‘median’
    print.mm: no visible global function definition for ‘dev.new’
    print.mm: no visible global function definition for ‘pdf’
    print.mm: no visible global function definition for ‘tiff’
    print.mm: no visible global function definition for ‘jpeg’
    print.mm: no visible global function definition for ‘png’
    print.mm: no visible global function definition for ‘postscript’
    print.mm: no visible global function definition for ‘dev.off’
    Undefined global functions or variables:
     aggregate dev.new dev.off gray jpeg median pdf png poly postscript
     tiff
    Consider adding
     importFrom("grDevices", "dev.new", "dev.off", "gray", "jpeg", "pdf",
     "png", "postscript", "tiff")
     importFrom("stats", "aggregate", "median", "poly")
    to your NAMESPACE file.
Flavors: r-devel-linux-x86_64-debian-clang, r-devel-linux-x86_64-debian-gcc, r-devel-linux-x86_64-fedora-clang, r-devel-linux-x86_64-fedora-gcc, r-devel-osx-x86_64-clang, r-devel-windows-ix86+x86_64, r-patched-linux-x86_64, r-patched-solaris-sparc, r-patched-solaris-x86, r-release-linux-x86_64, r-release-osx-x86_64-mavericks, r-release-windows-ix86+x86_64