CRAN Package Check Results for Package micromap

Last updated on 2015-07-01 13:47:21.

Flavor Version Tinstall Tcheck Ttotal Status Flags
r-devel-linux-x86_64-debian-clang 1.9.2 2.10 31.04 33.14 NOTE
r-devel-linux-x86_64-debian-gcc 1.9.2 2.11 31.12 33.22 NOTE
r-devel-linux-x86_64-fedora-clang 1.9.2 65.31 NOTE
r-devel-linux-x86_64-fedora-gcc 1.9.2 61.46 NOTE
r-devel-osx-x86_64-clang 1.9.2 55.60 OK
r-devel-windows-ix86+x86_64 1.9.2 10.00 52.00 62.00 NOTE
r-patched-linux-x86_64 1.9.2 2.07 31.69 33.76 OK
r-patched-solaris-sparc 1.9.2 428.50 OK
r-patched-solaris-x86 1.9.2 96.10 OK
r-release-linux-x86_64 1.9.2 2.04 31.44 33.48 OK
r-release-osx-x86_64-mavericks 1.9.2 OK
r-release-windows-ix86+x86_64 1.9.2 8.00 54.00 62.00 OK
r-oldrel-windows-ix86+x86_64 1.9.2 15.00 78.00 93.00 OK

Check Details

Version: 1.9.2
Check: R code for possible problems
Result: NOTE
    CatMaps: no visible binding for global variable ‘poly’
    RankMaps: no visible binding for global variable ‘poly’
    RankMaps: no visible global function definition for ‘median’
    alterForMedian: no visible binding for global variable ‘median’
    assimilatePlot: no visible global function definition for ‘gray’
    bar_build: no visible global function definition for ‘median’
    bar_cl_build: no visible global function definition for ‘median’
    box_summary_build: no visible global function definition for ‘median’
    create_DF_rank: no visible global function definition for ‘aggregate’
    create_map_table: no visible binding for global variable ‘poly’
    dot_att: no visible global function definition for ‘gray’
    dot_build: no visible global function definition for ‘median’
    dot_cl_att: no visible global function definition for ‘gray’
    dot_cl_build: no visible global function definition for ‘median’
    lmplot: no visible global function definition for ‘gray’
    map_att: no visible global function definition for ‘gray’
    mmgroupedplot: no visible global function definition for ‘median’
    mmplot: no visible global function definition for ‘gray’
    mmplot: no visible global function definition for ‘median’
    print.mm: no visible global function definition for ‘dev.new’
    print.mm: no visible global function definition for ‘pdf’
    print.mm: no visible global function definition for ‘tiff’
    print.mm: no visible global function definition for ‘jpeg’
    print.mm: no visible global function definition for ‘png’
    print.mm: no visible global function definition for ‘postscript’
    print.mm: no visible global function definition for ‘dev.off’
Flavors: r-devel-linux-x86_64-debian-clang, r-devel-linux-x86_64-debian-gcc, r-devel-linux-x86_64-fedora-clang, r-devel-linux-x86_64-fedora-gcc, r-devel-windows-ix86+x86_64