CRAN Package Check Results for Package micromap

Last updated on 2014-10-21 05:48:01.

Flavor Version Tinstall Tcheck Ttotal Status Flags
r-devel-linux-x86_64-debian-clang 1.9 3.84 42.22 46.06 NOTE
r-devel-linux-x86_64-debian-gcc 1.9 3.73 41.49 45.22 NOTE
r-devel-linux-x86_64-fedora-clang 1.9 93.80 NOTE
r-devel-linux-x86_64-fedora-gcc 1.9 86.27 NOTE
r-devel-osx-x86_64-clang 1.9 78.37 NOTE
r-devel-windows-ix86+x86_64 1.9 15.00 58.00 73.00 NOTE
r-patched-linux-x86_64 1.9 5.75 42.03 47.78 NOTE
r-patched-solaris-sparc 1.9 491.00 NOTE
r-patched-solaris-x86 1.9 129.90 NOTE
r-release-linux-ix86 1.9 5.17 48.38 53.55 OK
r-release-linux-x86_64 1.9 4.25 42.57 46.82 OK
r-release-osx-x86_64-mavericks 1.9 ERROR
r-release-osx-x86_64-snowleopard 1.9 OK
r-release-windows-ix86+x86_64 1.9 14.00 64.00 78.00 OK
r-oldrel-windows-ix86+x86_64 1.9 14.00 67.00 81.00 OK

Check Details

Version: 1.9
Check: R code for possible problems
Result: NOTE
    RankMaps: no visible global function definition for ‘Polygon’
    RankMaps: no visible global function definition for ‘Polygons’
    RankMaps: no visible global function definition for ‘SpatialPolygons’
Flavors: r-devel-linux-x86_64-debian-clang, r-devel-linux-x86_64-debian-gcc, r-devel-linux-x86_64-fedora-clang, r-devel-linux-x86_64-fedora-gcc, r-devel-osx-x86_64-clang, r-devel-windows-ix86+x86_64, r-patched-linux-x86_64, r-patched-solaris-sparc, r-patched-solaris-x86

Version: 1.9
Check: package dependencies
Result: ERROR
    Package required but not available: ‘rgdal’
    
    See the information on DESCRIPTION files in the chapter ‘Creating R
    packages’ of the ‘Writing R Extensions’ manual.
Flavor: r-release-osx-x86_64-mavericks