CRAN Package Check Results for Package micromap

Last updated on 2014-09-19 23:46:53.

Flavor Version Tinstall Tcheck Ttotal Status Flags
r-devel-linux-x86_64-debian-clang 1.9 3.93 42.46 46.39 NOTE
r-devel-linux-x86_64-debian-gcc 1.9 3.75 40.36 44.11 NOTE
r-devel-linux-x86_64-fedora-clang 1.9 91.12 NOTE
r-devel-linux-x86_64-fedora-gcc 1.9 83.31 NOTE
r-devel-osx-x86_64-clang 1.9 71.47 NOTE
r-devel-windows-ix86+x86_64 1.9 13.00 57.00 70.00 NOTE
r-patched-linux-x86_64 1.9 4.59 41.48 46.07 OK
r-patched-solaris-sparc 1.9 509.70 OK
r-patched-solaris-x86 1.9 119.50 OK
r-release-linux-ix86 1.9 5.14 48.16 53.31 OK
r-release-linux-x86_64 1.9 4.22 42.36 46.58 OK
r-release-osx-x86_64-mavericks 1.9 ERROR
r-release-osx-x86_64-snowleopard 1.9 OK
r-release-windows-ix86+x86_64 1.9 13.00 64.00 77.00 OK
r-oldrel-windows-ix86+x86_64 1.9 12.00 68.00 80.00 OK

Check Details

Version: 1.9
Check: R code for possible problems
Result: NOTE
    RankMaps: no visible global function definition for ‘Polygon’
    RankMaps: no visible global function definition for ‘Polygons’
    RankMaps: no visible global function definition for ‘SpatialPolygons’
Flavors: r-devel-linux-x86_64-debian-clang, r-devel-linux-x86_64-debian-gcc, r-devel-linux-x86_64-fedora-clang, r-devel-linux-x86_64-fedora-gcc, r-devel-osx-x86_64-clang, r-devel-windows-ix86+x86_64

Version: 1.9
Check: package dependencies
Result: ERROR
    Package required but not available: ‘rgdal’
    
    See the information on DESCRIPTION files in the chapter ‘Creating R
    packages’ of the ‘Writing R Extensions’ manual.
Flavor: r-release-osx-x86_64-mavericks