CRAN Package Check Results for Package micromapST

Last updated on 2015-08-05 11:48:05.

Flavor Version Tinstall Tcheck Ttotal Status Flags
r-devel-linux-x86_64-debian-clang 1.0.5 2.29 19.27 21.56 NOTE
r-devel-linux-x86_64-debian-gcc 1.0.5 2.22 19.26 21.48 NOTE
r-devel-linux-x86_64-fedora-clang 1.0.5 41.74 NOTE
r-devel-linux-x86_64-fedora-gcc 1.0.5 41.70 NOTE
r-devel-osx-x86_64-clang 1.0.5 37.32 OK
r-devel-windows-ix86+x86_64 1.0.5 8.00 38.00 46.00 NOTE
r-patched-linux-x86_64 1.0.5 2.24 18.91 21.14 OK
r-patched-solaris-sparc 1.0.5 254.10 OK
r-patched-solaris-x86 1.0.5 49.80 OK
r-release-linux-x86_64 1.0.5 2.26 19.39 21.65 OK
r-release-osx-x86_64-mavericks 1.0.5 OK
r-release-windows-ix86+x86_64 1.0.5 8.00 51.00 59.00 OK
r-oldrel-windows-ix86+x86_64 1.0.5 11.00 51.00 62.00 OK

Check Details

Version: 1.0.5
Check: R code for possible problems
Result: NOTE
    micromapST : rlStateBoxplot: no visible global function definition for
     ‘segments’
    micromapST: no visible global function definition for ‘adjustcolor’
    Undefined global functions or variables:
     adjustcolor segments
    Consider adding
     importFrom("grDevices", "adjustcolor")
     importFrom("graphics", "segments")
    to your NAMESPACE.
Flavors: r-devel-linux-x86_64-debian-clang, r-devel-linux-x86_64-debian-gcc, r-devel-linux-x86_64-fedora-clang, r-devel-linux-x86_64-fedora-gcc, r-devel-windows-ix86+x86_64