CRAN Package Check Results for Package micromapST

Last updated on 2015-07-07 06:46:40.

Flavor Version Tinstall Tcheck Ttotal Status Flags
r-devel-linux-x86_64-debian-clang 1.0.5 2.44 19.76 22.20 NOTE
r-devel-linux-x86_64-debian-gcc 1.0.5 2.20 19.42 21.62 NOTE
r-devel-linux-x86_64-fedora-clang 1.0.5 41.86 NOTE
r-devel-linux-x86_64-fedora-gcc 1.0.5 39.70 NOTE
r-devel-osx-x86_64-clang 1.0.5 34.65 OK
r-devel-windows-ix86+x86_64 1.0.5 9.00 28.00 37.00 NOTE
r-patched-linux-x86_64 1.0.5 2.23 19.48 21.72 OK
r-patched-solaris-sparc 1.0.5 274.60 OK
r-patched-solaris-x86 1.0.5 50.00 OK
r-release-linux-x86_64 1.0.5 2.23 19.75 21.98 OK
r-release-osx-x86_64-mavericks 1.0.5 OK
r-release-windows-ix86+x86_64 1.0.5 9.00 29.00 38.00 OK
r-oldrel-windows-ix86+x86_64 1.0.5 10.00 47.00 57.00 OK

Check Details

Version: 1.0.5
Check: R code for possible problems
Result: NOTE
    micromapST : rlStateBoxplot: no visible global function definition for
     ‘segments’
    micromapST: no visible global function definition for ‘adjustcolor’
    Undefined global functions or variables:
     adjustcolor segments
Flavors: r-devel-linux-x86_64-debian-clang, r-devel-linux-x86_64-debian-gcc, r-devel-linux-x86_64-fedora-clang, r-devel-linux-x86_64-fedora-gcc, r-devel-windows-ix86+x86_64