CRAN Package Check Results for Package micromapST

Last updated on 2016-02-14 19:47:47.

Flavor Version Tinstall Tcheck Ttotal Status Flags
r-devel-linux-x86_64-debian-gcc 1.0.5 2.18 18.72 20.89 NOTE
r-devel-linux-x86_64-fedora-clang 1.0.5 39.80 NOTE
r-devel-linux-x86_64-fedora-gcc 1.0.5 39.07 NOTE
r-devel-osx-x86_64-clang 1.0.5 40.89 NOTE
r-devel-windows-ix86+x86_64 1.0.5 9.00 34.00 43.00 NOTE
r-patched-linux-x86_64 1.0.5 2.35 19.68 22.03 OK
r-patched-solaris-sparc 1.0.5 228.80 OK
r-patched-solaris-x86 1.0.5 45.40 OK
r-release-linux-x86_64 1.0.5 2.47 19.91 22.38 OK
r-release-osx-x86_64-mavericks 1.0.5 OK
r-release-windows-ix86+x86_64 1.0.5 10.00 32.00 42.00 OK
r-oldrel-windows-ix86+x86_64 1.0.5 11.00 37.00 48.00 OK

Check Details

Version: 1.0.5
Check: R code for possible problems
Result: NOTE
    micromapST : rlStateBoxplot: no visible global function definition for
     ‘segments’
    micromapST: no visible global function definition for ‘adjustcolor’
    Undefined global functions or variables:
     adjustcolor segments
    Consider adding
     importFrom("grDevices", "adjustcolor")
     importFrom("graphics", "segments")
    to your NAMESPACE file.
Flavors: r-devel-linux-x86_64-debian-gcc, r-devel-linux-x86_64-fedora-clang, r-devel-linux-x86_64-fedora-gcc, r-devel-osx-x86_64-clang, r-devel-windows-ix86+x86_64