CRAN Package Check Results for Package micromapST

Last updated on 2014-10-25 17:46:47.

Flavor Version Tinstall Tcheck Ttotal Status Flags
r-devel-linux-x86_64-debian-clang 1.0.3 2.35 17.10 19.46 NOTE
r-devel-linux-x86_64-debian-gcc 1.0.3 2.48 17.07 19.55 NOTE
r-devel-linux-x86_64-fedora-clang 1.0.3 39.33 NOTE
r-devel-linux-x86_64-fedora-gcc 1.0.3 36.21 NOTE
r-devel-osx-x86_64-clang 1.0.3 40.22 NOTE
r-devel-windows-ix86+x86_64 1.0.3 6.00 24.00 30.00 NOTE
r-patched-linux-x86_64 1.0.3 2.55 17.62 20.17 NOTE
r-patched-solaris-sparc 1.0.3 227.90 NOTE
r-patched-solaris-x86 1.0.3 50.60 NOTE
r-release-linux-ix86 1.0.3 3.06 23.80 26.86 OK
r-release-linux-x86_64 1.0.3 2.56 17.64 20.20 OK
r-release-osx-x86_64-mavericks 1.0.3 OK
r-release-osx-x86_64-snowleopard 1.0.3 OK
r-release-windows-ix86+x86_64 1.0.3 8.00 28.00 36.00 OK
r-oldrel-windows-ix86+x86_64 1.0.3 6.00 30.00 36.00 OK

Check Details

Version: 1.0.3
Check: R code for possible problems
Result: NOTE
    micromapST: no visible binding for global variable ‘stateNamesFips’
    micromapST: no visible binding for global variable ‘stateVisBorders’
    micromapST: no visible binding for global variable
     ‘stateNationVisBorders’
Flavors: r-devel-linux-x86_64-debian-clang, r-devel-linux-x86_64-debian-gcc, r-devel-linux-x86_64-fedora-clang, r-devel-linux-x86_64-fedora-gcc, r-devel-osx-x86_64-clang, r-devel-windows-ix86+x86_64, r-patched-linux-x86_64, r-patched-solaris-sparc, r-patched-solaris-x86