CRAN Package Check Results for Package micromapST

Last updated on 2016-06-26 00:47:11.

Flavor Version Tinstall Tcheck Ttotal Status Flags
r-devel-linux-x86_64-debian-gcc 1.0.5 2.24 21.72 23.95 NOTE
r-devel-linux-x86_64-fedora-clang 1.0.5 41.47 NOTE
r-devel-linux-x86_64-fedora-gcc 1.0.5 38.07 NOTE
r-devel-osx-x86_64-clang 1.0.5 31.38 NOTE
r-devel-windows-ix86+x86_64 1.0.5 10.00 59.00 69.00 NOTE
r-patched-linux-x86_64 1.0.5 2.76 21.31 24.06 NOTE
r-patched-solaris-sparc 1.0.5 225.90 NOTE
r-patched-solaris-x86 1.0.5 45.30 NOTE
r-release-linux-x86_64 1.0.5 2.50 20.47 22.97 NOTE
r-release-osx-x86_64-mavericks 1.0.5 NOTE
r-release-windows-ix86+x86_64 1.0.5 9.00 47.00 56.00 NOTE
r-oldrel-windows-ix86+x86_64 1.0.5 10.00 38.00 48.00 OK

Check Details

Version: 1.0.5
Check: R code for possible problems
Result: NOTE
    micromapST : rlStateBoxplot: no visible global function definition for
     ‘segments’
    micromapST: no visible global function definition for ‘adjustcolor’
    Undefined global functions or variables:
     adjustcolor segments
    Consider adding
     importFrom("grDevices", "adjustcolor")
     importFrom("graphics", "segments")
    to your NAMESPACE file.
Flavors: r-devel-linux-x86_64-debian-gcc, r-devel-linux-x86_64-fedora-clang, r-devel-linux-x86_64-fedora-gcc, r-devel-osx-x86_64-clang, r-devel-windows-ix86+x86_64, r-patched-linux-x86_64, r-patched-solaris-sparc, r-patched-solaris-x86, r-release-linux-x86_64, r-release-osx-x86_64-mavericks, r-release-windows-ix86+x86_64