CRAN Package Check Results for Package micromapST

Last updated on 2015-04-21 03:49:33.

Flavor Version Tinstall Tcheck Ttotal Status Flags
r-devel-linux-x86_64-debian-clang 1.0.5 2.35 20.06 22.41 OK
r-devel-linux-x86_64-debian-gcc 1.0.5 2.22 19.81 22.04 OK
r-devel-linux-x86_64-fedora-clang 1.0.5 44.84 OK
r-devel-linux-x86_64-fedora-gcc 1.0.5 42.45 OK
r-devel-osx-x86_64-clang 1.0.5 38.41 OK
r-devel-windows-ix86+x86_64 1.0.5 9.00 30.00 39.00 OK
r-patched-linux-x86_64 1.0.5 2.22 20.56 22.78 OK
r-patched-solaris-sparc 1.0.5 262.50 OK
r-patched-solaris-x86 1.0.5 50.10 OK
r-release-linux-x86_64 1.0.5 2.20 19.95 22.15 OK
r-release-osx-x86_64-mavericks 1.0.5 ERROR
r-release-osx-x86_64-snowleopard 1.0.5 OK
r-release-windows-ix86+x86_64 1.0.5 5.00 24.00 29.00 OK
r-oldrel-windows-ix86+x86_64 1.0.5 5.00 28.00 33.00 OK

Check Details

Version: 1.0.5
Check: package dependencies
Result: ERROR
    Package suggested but not available for checking: ‘R.rsp’
    
    VignetteBuilder package required for checking but installed: ‘R.rsp’
    
    See section ‘The DESCRIPTION file’ in the ‘Writing R Extensions’
    manual.
Flavor: r-release-osx-x86_64-mavericks