CRAN Package Check Results for Package micromapST

Last updated on 2014-08-27 11:50:55.

Flavor Version Tinstall Tcheck Ttotal Status Flags
r-devel-linux-x86_64-debian-clang 1.0.3 2.42 16.19 18.61 NOTE
r-devel-linux-x86_64-debian-gcc 1.0.3 2.35 16.00 18.36 NOTE
r-devel-linux-x86_64-fedora-clang 1.0.3 37.73 NOTE
r-devel-linux-x86_64-fedora-gcc 1.0.3 35.53 NOTE
r-devel-osx-x86_64-clang 1.0.3 34.51 NOTE
r-devel-windows-ix86+x86_64 1.0.3 6.00 24.00 30.00 NOTE
r-patched-linux-x86_64 1.0.3 2.59 16.26 18.84 OK
r-patched-solaris-sparc 1.0.3 234.30 OK
r-patched-solaris-x86 1.0.3 49.00 OK
r-release-linux-ix86 1.0.3 3.02 23.54 26.57 OK
r-release-linux-x86_64 1.0.3 2.56 16.83 19.38 OK
r-release-osx-x86_64-mavericks 1.0.3 OK
r-release-osx-x86_64-snowleopard 1.0.3 OK
r-release-windows-ix86+x86_64 1.0.3 8.00 28.00 36.00 OK
r-oldrel-windows-ix86+x86_64 1.0.3 6.00 30.00 36.00 OK

Check Details

Version: 1.0.3
Check: R code for possible problems
Result: NOTE
    micromapST: no visible binding for global variable ‘stateNamesFips’
    micromapST: no visible binding for global variable ‘stateVisBorders’
    micromapST: no visible binding for global variable
     ‘stateNationVisBorders’
Flavors: r-devel-linux-x86_64-debian-clang, r-devel-linux-x86_64-debian-gcc, r-devel-linux-x86_64-fedora-clang, r-devel-linux-x86_64-fedora-gcc, r-devel-osx-x86_64-clang, r-devel-windows-ix86+x86_64