CRAN Package Check Results for Package micromapST

Last updated on 2016-12-07 16:47:12.

Flavor Version Tinstall Tcheck Ttotal Status Flags
r-devel-linux-x86_64-debian-clang 1.0.5 2.72 25.23 27.95 NOTE
r-devel-linux-x86_64-debian-gcc 1.0.5 2.57 24.60 27.18 NOTE
r-devel-linux-x86_64-fedora-clang 1.1.0 4.47 ERROR --no-stop-on-test-error
r-devel-linux-x86_64-fedora-gcc 1.1.0 4.34 ERROR --no-stop-on-test-error
r-devel-macos-x86_64-clang 1.1.0 3.56 ERROR --no-stop-on-test-error
r-devel-windows-ix86+x86_64 1.1.0 13.00 55.00 68.00 OK
r-patched-linux-x86_64 1.0.5 2.39 20.22 22.61 NOTE
r-patched-solaris-sparc 1.1.0 22.80 ERROR
r-patched-solaris-x86 1.1.0 4.30 ERROR
r-release-linux-x86_64 1.1.0 0.65 2.26 2.91 ERROR
r-release-osx-x86_64-mavericks 1.0.5 NOTE
r-release-windows-ix86+x86_64 1.0.5 7.00 62.00 69.00 NOTE
r-oldrel-windows-ix86+x86_64 1.0.5 9.00 38.00 47.00 OK

Check Details

Version: 1.0.5
Check: R code for possible problems
Result: NOTE
    micromapST : rlStateBoxplot: no visible global function definition for
     ‘segments’
    micromapST: no visible global function definition for ‘adjustcolor’
    Undefined global functions or variables:
     adjustcolor segments
    Consider adding
     importFrom("grDevices", "adjustcolor")
     importFrom("graphics", "segments")
    to your NAMESPACE file.
Flavors: r-devel-linux-x86_64-debian-clang, r-devel-linux-x86_64-debian-gcc, r-patched-linux-x86_64, r-release-osx-x86_64-mavericks, r-release-windows-ix86+x86_64

Version: 1.1.0
Flags: --no-stop-on-test-error
Check: whether package can be installed
Result: ERROR
    Installation failed.
Flavors: r-devel-linux-x86_64-fedora-clang, r-devel-linux-x86_64-fedora-gcc, r-devel-macos-x86_64-clang

Version: 1.1.0
Check: whether package can be installed
Result: ERROR
    Installation failed.
Flavors: r-patched-solaris-sparc, r-patched-solaris-x86, r-release-linux-x86_64