CRAN Package Check Results for Package micromapST

Last updated on 2016-05-01 11:47:17.

Flavor Version Tinstall Tcheck Ttotal Status Flags
r-devel-linux-x86_64-debian-gcc 1.0.5 2.46 20.18 22.64 NOTE
r-devel-linux-x86_64-fedora-clang 1.0.5 39.79 NOTE
r-devel-linux-x86_64-fedora-gcc 1.0.5 37.72 NOTE
r-devel-osx-x86_64-clang 1.0.5 41.07 NOTE
r-devel-windows-ix86+x86_64 1.0.5 7.00 40.00 47.00 NOTE
r-patched-linux-x86_64 1.0.5 2.17 19.71 21.88 NOTE
r-patched-solaris-sparc 1.0.5 223.70 NOTE
r-patched-solaris-x86 1.0.5 45.80 NOTE
r-release-linux-x86_64 1.0.5 2.49 20.51 23.00 OK
r-release-osx-x86_64-mavericks 1.0.5 OK
r-release-windows-ix86+x86_64 1.0.5 10.00 44.00 54.00 OK
r-oldrel-windows-ix86+x86_64 1.0.5 12.00 52.00 64.00 OK

Check Details

Version: 1.0.5
Check: R code for possible problems
Result: NOTE
    micromapST : rlStateBoxplot: no visible global function definition for
     ‘segments’
    micromapST: no visible global function definition for ‘adjustcolor’
    Undefined global functions or variables:
     adjustcolor segments
    Consider adding
     importFrom("grDevices", "adjustcolor")
     importFrom("graphics", "segments")
    to your NAMESPACE file.
Flavors: r-devel-linux-x86_64-debian-gcc, r-devel-linux-x86_64-fedora-clang, r-devel-linux-x86_64-fedora-gcc, r-devel-osx-x86_64-clang, r-devel-windows-ix86+x86_64, r-patched-linux-x86_64, r-patched-solaris-sparc, r-patched-solaris-x86