CRAN Package Check Results for Package micromapST

Last updated on 2016-09-30 15:47:21.

Flavor Version Tinstall Tcheck Ttotal Status Flags
r-devel-linux-x86_64-debian-clang 1.0.5 2.56 23.84 26.39 NOTE
r-devel-linux-x86_64-debian-gcc 1.0.5 2.43 22.11 24.54 NOTE
r-devel-linux-x86_64-fedora-clang 1.0.5 43.25 NOTE
r-devel-linux-x86_64-fedora-gcc 1.0.5 38.18 NOTE
r-devel-macos-x86_64-clang 1.0.5 30.03 NOTE
r-devel-windows-ix86+x86_64 1.0.5 7.00 46.00 53.00 NOTE
r-patched-linux-x86_64 1.0.5 2.16 20.01 22.17 NOTE
r-patched-solaris-sparc 1.0.5 225.90 NOTE
r-patched-solaris-x86 1.0.5 43.50 NOTE
r-release-linux-x86_64 1.0.5 2.56 21.17 23.73 NOTE
r-release-osx-x86_64-mavericks 1.0.5 NOTE
r-release-windows-ix86+x86_64 1.0.5 6.00 52.00 58.00 NOTE
r-oldrel-windows-ix86+x86_64 1.0.5 9.00 46.00 55.00 OK

Check Details

Version: 1.0.5
Check: R code for possible problems
Result: NOTE
    micromapST : rlStateBoxplot: no visible global function definition for
     ‘segments’
    micromapST: no visible global function definition for ‘adjustcolor’
    Undefined global functions or variables:
     adjustcolor segments
    Consider adding
     importFrom("grDevices", "adjustcolor")
     importFrom("graphics", "segments")
    to your NAMESPACE file.
Flavors: r-devel-linux-x86_64-debian-clang, r-devel-linux-x86_64-debian-gcc, r-devel-linux-x86_64-fedora-clang, r-devel-linux-x86_64-fedora-gcc, r-devel-macos-x86_64-clang, r-devel-windows-ix86+x86_64, r-patched-linux-x86_64, r-patched-solaris-sparc, r-patched-solaris-x86, r-release-linux-x86_64, r-release-osx-x86_64-mavericks, r-release-windows-ix86+x86_64