CRAN Package Check Results for Package micromapST

Last updated on 2016-07-23 21:49:51.

Flavor Version Tinstall Tcheck Ttotal Status Flags
r-devel-linux-x86_64-debian-clang 1.0.5 2.60 24.81 27.41 NOTE
r-devel-linux-x86_64-debian-gcc 1.0.5 2.75 24.86 27.61 NOTE
r-devel-linux-x86_64-fedora-clang 1.0.5 40.48 NOTE
r-devel-linux-x86_64-fedora-gcc 1.0.5 37.53 NOTE
r-devel-osx-x86_64-clang 1.0.5 31.16 NOTE
r-devel-windows-ix86+x86_64 1.0.5 10.00 47.00 57.00 NOTE
r-patched-linux-x86_64 1.0.5 2.64 23.50 26.14 NOTE
r-patched-solaris-sparc 1.0.5 225.90 NOTE
r-patched-solaris-x86 1.0.5 45.00 NOTE
r-release-linux-x86_64 1.0.5 2.78 24.76 27.54 NOTE
r-release-osx-x86_64-mavericks 1.0.5 NOTE
r-release-windows-ix86+x86_64 1.0.5 7.00 54.00 61.00 NOTE
r-oldrel-windows-ix86+x86_64 1.0.5 10.00 37.00 47.00 OK

Check Details

Version: 1.0.5
Check: R code for possible problems
Result: NOTE
    micromapST : rlStateBoxplot: no visible global function definition for
     ‘segments’
    micromapST: no visible global function definition for ‘adjustcolor’
    Undefined global functions or variables:
     adjustcolor segments
    Consider adding
     importFrom("grDevices", "adjustcolor")
     importFrom("graphics", "segments")
    to your NAMESPACE file.
Flavors: r-devel-linux-x86_64-debian-clang, r-devel-linux-x86_64-debian-gcc, r-devel-linux-x86_64-fedora-clang, r-devel-linux-x86_64-fedora-gcc, r-devel-osx-x86_64-clang, r-devel-windows-ix86+x86_64, r-patched-linux-x86_64, r-patched-solaris-sparc, r-patched-solaris-x86, r-release-linux-x86_64, r-release-osx-x86_64-mavericks, r-release-windows-ix86+x86_64