CRAN Package Check Results for Package micromapST

Last updated on 2014-09-01 11:48:58.

Flavor Version Tinstall Tcheck Ttotal Status Flags
r-devel-linux-x86_64-debian-clang 1.0.3 2.41 16.03 18.44 NOTE
r-devel-linux-x86_64-debian-gcc 1.0.3 2.35 16.56 18.91 NOTE
r-devel-linux-x86_64-fedora-clang 1.0.3 37.84 NOTE
r-devel-linux-x86_64-fedora-gcc 1.0.3 35.02 NOTE
r-devel-osx-x86_64-clang 1.0.3 34.45 NOTE
r-devel-windows-ix86+x86_64 1.0.3 6.00 24.00 30.00 NOTE
r-patched-linux-x86_64 1.0.3 2.54 17.09 19.63 OK
r-patched-solaris-sparc 1.0.3 234.30 OK
r-patched-solaris-x86 1.0.3 49.00 OK
r-release-linux-ix86 1.0.3 3.07 23.66 26.73 OK
r-release-linux-x86_64 1.0.3 2.55 17.00 19.56 OK
r-release-osx-x86_64-mavericks 1.0.3 OK
r-release-osx-x86_64-snowleopard 1.0.3 OK
r-release-windows-ix86+x86_64 1.0.3 8.00 28.00 36.00 OK
r-oldrel-windows-ix86+x86_64 1.0.3 6.00 30.00 36.00 OK

Check Details

Version: 1.0.3
Check: R code for possible problems
Result: NOTE
    micromapST: no visible binding for global variable ‘stateNamesFips’
    micromapST: no visible binding for global variable ‘stateVisBorders’
    micromapST: no visible binding for global variable
     ‘stateNationVisBorders’
Flavors: r-devel-linux-x86_64-debian-clang, r-devel-linux-x86_64-debian-gcc, r-devel-linux-x86_64-fedora-clang, r-devel-linux-x86_64-fedora-gcc, r-devel-osx-x86_64-clang, r-devel-windows-ix86+x86_64