CRAN Package Check Results for Package micromapST

Last updated on 2016-08-26 03:47:12.

Flavor Version Tinstall Tcheck Ttotal Status Flags
r-devel-linux-x86_64-debian-clang 1.0.5 2.42 20.56 22.98 NOTE
r-devel-linux-x86_64-debian-gcc 1.0.5 3.00 24.74 27.74 NOTE
r-devel-linux-x86_64-fedora-clang 1.0.5 40.80 NOTE
r-devel-linux-x86_64-fedora-gcc 1.0.5 38.18 NOTE
r-devel-osx-x86_64-clang 1.0.5 31.26 NOTE
r-devel-windows-ix86+x86_64 1.0.5 9.00 32.00 41.00 NOTE
r-patched-linux-x86_64 1.0.5 2.25 19.56 21.81 NOTE
r-patched-solaris-sparc 1.0.5 225.90 NOTE
r-patched-solaris-x86 1.0.5 45.10 NOTE
r-release-linux-x86_64 1.0.5 2.54 20.29 22.83 NOTE
r-release-osx-x86_64-mavericks 1.0.5 NOTE
r-release-windows-ix86+x86_64 1.0.5 8.00 35.00 43.00 NOTE
r-oldrel-windows-ix86+x86_64 1.0.5 7.00 31.00 38.00 OK

Check Details

Version: 1.0.5
Check: R code for possible problems
Result: NOTE
    micromapST : rlStateBoxplot: no visible global function definition for
     ‘segments’
    micromapST: no visible global function definition for ‘adjustcolor’
    Undefined global functions or variables:
     adjustcolor segments
    Consider adding
     importFrom("grDevices", "adjustcolor")
     importFrom("graphics", "segments")
    to your NAMESPACE file.
Flavors: r-devel-linux-x86_64-debian-clang, r-devel-linux-x86_64-debian-gcc, r-devel-linux-x86_64-fedora-clang, r-devel-linux-x86_64-fedora-gcc, r-devel-osx-x86_64-clang, r-devel-windows-ix86+x86_64, r-patched-linux-x86_64, r-patched-solaris-sparc, r-patched-solaris-x86, r-release-linux-x86_64, r-release-osx-x86_64-mavericks, r-release-windows-ix86+x86_64