CRAN Package Check Results for Package migest

Last updated on 2019-03-19 16:51:39 CET.

Flavor Version Tinstall Tcheck Ttotal Status Flags
r-devel-linux-x86_64-debian-clang 1.8.0 2.79 24.27 27.06 WARN
r-devel-linux-x86_64-debian-gcc 1.8.0 2.36 19.10 21.46 OK
r-devel-linux-x86_64-fedora-clang 1.8.0 32.37 OK
r-devel-linux-x86_64-fedora-gcc 1.8.0 30.83 OK
r-devel-windows-ix86+x86_64 1.8.0 13.00 41.00 54.00 OK
r-patched-linux-x86_64 1.8.0 1.92 22.63 24.55 OK
r-patched-solaris-x86 1.8.0 43.50 OK
r-release-linux-x86_64 1.8.0 1.89 22.56 24.45 OK
r-release-windows-ix86+x86_64 1.8.0 7.00 49.00 56.00 OK
r-release-osx-x86_64 1.8.0 OK
r-oldrel-windows-ix86+x86_64 1.8.0 5.00 45.00 50.00 OK
r-oldrel-osx-x86_64 1.8.0 OK

Check Details

Version: 1.8.0
Check: whether package can be installed
Result: WARN
    Found the following significant warnings:
     Warning: unable to re-encode 'birth_mat.R' line 8
     Warning: unable to re-encode 'ffs_diff.R' line 15
     Warning: unable to re-encode 'ffs_rates.R' lines 18, 20
     Warning: unable to re-encode 'rescale_net.R' line 11
Flavor: r-devel-linux-x86_64-debian-clang