CRAN Package Check Results for Package migui

Last updated on 2015-09-02 17:49:24.

Flavor Version Tinstall Tcheck Ttotal Status Flags
r-devel-linux-x86_64-debian-clang 1.1 3.64 43.27 46.91 NOTE
r-devel-linux-x86_64-debian-gcc 1.1 4.48 41.96 46.44 NOTE
r-devel-linux-x86_64-fedora-clang 1.1 98.96 NOTE
r-devel-linux-x86_64-fedora-gcc 1.1 96.23 NOTE
r-devel-osx-x86_64-clang 1.1 81.46 OK
r-devel-windows-ix86+x86_64 1.1 16.00 80.00 96.00 NOTE
r-patched-linux-x86_64 1.1 4.16 46.47 50.63 OK
r-patched-solaris-sparc 1.1 640.30 OK
r-patched-solaris-x86 1.1 140.70 OK
r-release-linux-x86_64 1.1 3.88 47.08 50.96 OK
r-release-osx-x86_64-mavericks 1.1 NOTE
r-release-windows-ix86+x86_64 1.1 15.00 106.00 121.00 OK
r-oldrel-windows-ix86+x86_64 1.1 22.00 147.00 169.00 OK

Check Details

Version: 1.1
Check: R code for possible problems
Result: NOTE
    .default_model: no visible global function definition for ‘is’
    .guess_type: no visible global function definition for ‘is.ts’
    .parse_trans: no visible binding for global variable ‘qnorm’
    do_get_data_from_disk: no visible global function definition for
     ‘read.csv’
    do_get_data_from_mi: no visible global function definition for ‘data’
    do_get_data_from_r : <anonymous>: no visible global function definition
     for ‘is’
    do_parametric_eval : <anonymous>: no visible global function definition
     for ‘dev.off’
    do_parametric_eval : <anonymous>: no visible global function definition
     for ‘title’
    do_var_options : varHandler2: no visible global function definition for
     ‘is’
    do_var_options : varHandler3: no visible global function definition for
     ‘getClass’
    do_var_options : varHandler3: no visible global function definition for
     ‘is’
    do_var_options : changeHandler: no visible global function definition
     for ‘is’
    do_var_options : <anonymous>: no visible global function definition for
     ‘title’
    do_var_options: no visible global function definition for ‘getClass’
    do_var_options: no visible global function definition for ‘is’
    helpHandler: no visible global function definition for ‘browseURL’
    is.method_in_mi: no visible global function definition for
     ‘selectMethod’
    is.method_in_mi: no visible global function definition for ‘signature’
    Undefined global functions or variables:
     browseURL data dev.off getClass is is.ts qnorm read.csv selectMethod
     signature title
    Consider adding
     importFrom("grDevices", "dev.off")
     importFrom("graphics", "title")
     importFrom("methods", "getClass", "is", "selectMethod", "signature")
     importFrom("stats", "is.ts", "qnorm")
     importFrom("utils", "browseURL", "data", "read.csv")
    to your NAMESPACE (and ensure that your DESCRIPTION Imports field
    contains 'methods').
Flavors: r-devel-linux-x86_64-debian-clang, r-devel-linux-x86_64-debian-gcc, r-devel-linux-x86_64-fedora-clang, r-devel-linux-x86_64-fedora-gcc, r-devel-windows-ix86+x86_64

Version: 1.1
Check: package dependencies
Result: NOTE
    Package suggested but not available for checking: ‘gWidgets2RGtk2’
Flavor: r-release-osx-x86_64-mavericks