CRAN Package Check Results for Package migui

Last updated on 2015-06-30 18:47:22.

Flavor Version Tinstall Tcheck Ttotal Status Flags
r-devel-linux-x86_64-debian-clang 1.1 4.26 45.42 49.68 NOTE
r-devel-linux-x86_64-debian-gcc 1.1 3.94 44.19 48.12 NOTE
r-devel-linux-x86_64-fedora-clang 1.1 105.61 NOTE
r-devel-linux-x86_64-fedora-gcc 1.1 101.03 OK
r-devel-osx-x86_64-clang 1.1 93.01 OK
r-devel-windows-ix86+x86_64 1.1 12.00 68.00 80.00 NOTE
r-patched-linux-x86_64 1.1 3.81 45.26 49.08 OK
r-patched-solaris-sparc 1.1 630.50 OK
r-patched-solaris-x86 1.1 139.40 OK
r-release-linux-x86_64 1.1 4.02 46.32 50.34 OK
r-release-osx-x86_64-mavericks 1.1 NOTE
r-release-windows-ix86+x86_64 1.1 16.00 64.00 80.00 OK
r-oldrel-windows-ix86+x86_64 1.1 17.00 102.00 119.00 OK

Check Details

Version: 1.1
Check: R code for possible problems
Result: NOTE
    .default_model: no visible global function definition for ‘is’
    .guess_type: no visible global function definition for ‘is.ts’
    .parse_trans: no visible binding for global variable ‘qnorm’
    do_get_data_from_disk: no visible global function definition for
     ‘read.csv’
    do_get_data_from_mi: Error while checking: invalid ‘envir’ argument
    do_get_data_from_r : <anonymous>: no visible global function definition
     for ‘is’
    do_parametric_eval : <anonymous>: no visible global function definition
     for ‘dev.off’
    do_parametric_eval : <anonymous>: no visible global function definition
     for ‘title’
    do_var_options : varHandler2: no visible global function definition for
     ‘is’
    do_var_options : varHandler3: no visible global function definition for
     ‘getClass’
    do_var_options : varHandler3: no visible global function definition for
     ‘is’
    do_var_options : changeHandler: no visible global function definition
     for ‘is’
    do_var_options : <anonymous>: no visible global function definition for
     ‘title’
    do_var_options: no visible global function definition for ‘getClass’
    do_var_options: no visible global function definition for ‘is’
    helpHandler: no visible global function definition for ‘browseURL’
    is.method_in_mi: no visible global function definition for
     ‘selectMethod’
    is.method_in_mi: no visible global function definition for ‘signature’
Flavors: r-devel-linux-x86_64-debian-clang, r-devel-linux-x86_64-debian-gcc, r-devel-linux-x86_64-fedora-clang, r-devel-windows-ix86+x86_64

Version: 1.1
Check: package dependencies
Result: NOTE
    Package suggested but not available for checking: ‘gWidgets2RGtk2’
Flavor: r-release-osx-x86_64-mavericks