CRAN Package Check Results for Package migui

Last updated on 2015-05-24 14:47:01.

Flavor Version Tinstall Tcheck Ttotal Status Flags
r-devel-linux-x86_64-debian-clang 1.1 4.29 45.71 50.00 OK
r-devel-linux-x86_64-debian-gcc 1.1 3.86 44.48 48.34 OK
r-devel-linux-x86_64-fedora-clang 1.1 105.21 OK
r-devel-linux-x86_64-fedora-gcc 1.1 100.94 OK
r-devel-osx-x86_64-clang 1.1 87.13 OK
r-devel-windows-ix86+x86_64 1.1 11.00 70.00 81.00 OK
r-patched-linux-x86_64 1.1 4.70 43.93 48.63 OK
r-patched-solaris-sparc 1.1 630.50 OK
r-patched-solaris-x86 1.1 140.70 OK
r-release-linux-x86_64 1.1 3.85 45.50 49.36 OK
r-release-osx-x86_64-mavericks 1.1 NOTE
r-release-osx-x86_64-snowleopard 1.1 ERROR
r-release-windows-ix86+x86_64 1.1 11.00 62.00 73.00 OK
r-oldrel-windows-ix86+x86_64 1.1 16.00 91.00 107.00 OK

Check Details

Version: 1.1
Check: package dependencies
Result: NOTE
    Package suggested but not available for checking: ‘gWidgets2RGtk2’
Flavor: r-release-osx-x86_64-mavericks

Version: 1.1
Check: package dependencies
Result: ERROR
    Package required but not available: ‘mi’
    
    Package suggested but not available for checking: ‘gWidgets2RGtk2’
    
    See section ‘The DESCRIPTION file’ in the ‘Writing R Extensions’
    manual.
Flavor: r-release-osx-x86_64-snowleopard