CRAN Package Check Results for Package migui

Last updated on 2014-07-26 11:52:23.

Flavor Version Tinstall Tcheck Ttotal Status Flags
r-devel-linux-x86_64-debian-clang 0.00-09 5.76 60.30 66.06 NOTE
r-devel-linux-x86_64-debian-gcc 0.00-09 5.72 58.88 64.60 NOTE
r-devel-linux-x86_64-fedora-clang 0.00-09 154.71 NOTE
r-devel-linux-x86_64-fedora-gcc 0.00-09 146.47 NOTE
r-devel-osx-x86_64-clang 0.00-09 130.45 NOTE
r-devel-windows-ix86+x86_64 0.00-09 16.00 88.00 104.00 NOTE
r-patched-linux-x86_64 0.00-09 6.39 60.33 66.72 NOTE
r-patched-solaris-sparc 0.00-09 861.90 NOTE
r-patched-solaris-x86 0.00-09 209.10 NOTE
r-release-linux-ix86 0.00-09 7.02 76.05 83.06 NOTE
r-release-linux-x86_64 0.00-09 5.85 63.10 68.95 NOTE
r-release-osx-x86_64-mavericks 0.00-09 NOTE
r-release-osx-x86_64-snowleopard 0.00-09 NOTE
r-release-windows-ix86+x86_64 0.00-09 15.00 81.00 96.00 NOTE
r-oldrel-windows-ix86+x86_64 0.00-09 14.00 87.00 101.00 NOTE

Check Details

Version: 0.00-09
Check: top-level files
Result: NOTE
    File
     LICENSE
    is not mentioned in the DESCRIPTION file.
Flavors: r-devel-linux-x86_64-debian-clang, r-devel-linux-x86_64-debian-gcc, r-devel-linux-x86_64-fedora-clang, r-devel-linux-x86_64-fedora-gcc, r-devel-osx-x86_64-clang, r-devel-windows-ix86+x86_64, r-patched-linux-x86_64, r-patched-solaris-sparc, r-patched-solaris-x86, r-release-linux-ix86, r-release-linux-x86_64, r-release-osx-x86_64-mavericks, r-release-osx-x86_64-snowleopard, r-release-windows-ix86+x86_64, r-oldrel-windows-ix86+x86_64

Version: 0.00-09
Check: dependencies in R code
Result: NOTE
    Packages in Depends field not imported from:
     ‘foreign’ ‘mi’ ‘tkrplot’
     These packages need to be imported from (in the NAMESPACE file)
     for when this namespace is loaded but not attached.
    See the information on DESCRIPTION files in the chapter ‘Creating R
    packages’ of the ‘Writing R Extensions’ manual.
Flavors: r-devel-linux-x86_64-debian-clang, r-devel-linux-x86_64-debian-gcc, r-devel-linux-x86_64-fedora-clang, r-devel-linux-x86_64-fedora-gcc, r-devel-osx-x86_64-clang, r-devel-windows-ix86+x86_64, r-patched-linux-x86_64, r-patched-solaris-sparc, r-patched-solaris-x86, r-release-linux-ix86, r-release-linux-x86_64, r-release-osx-x86_64-mavericks, r-release-windows-ix86+x86_64, r-oldrel-windows-ix86+x86_64

Version: 0.00-09
Check: R code for possible problems
Result: NOTE
    .onAttach: warning in packageDescription("migui", lib = mylib): partial
     argument match of 'lib' to 'lib.loc'
    importDataFrom : <anonymous>: warning in read.spss(dataFile,
     use.value.label = TRUE, to.data.frame = TRUE): partial argument match
     of 'use.value.label' to 'use.value.labels'
    lsMi: warning in ls(envir = miEnv(), all = TRUE): partial argument
     match of 'all' to 'all.names'
    saveWorkspace : onSaveFile: warning in ls(envir = local.env, all =
     TRUE): partial argument match of 'all' to 'all.names'
    poolRegressionEstimates: no visible binding for global variable ‘IMP’
    poolRegressionEstimates : onSubmitButton: no visible binding for global
     variable ‘IMP’
    preprocessData : onVarChange: no visible binding for global variable
     ‘info’
    preprocessData : runPreprocessData: no visible binding for global
     variable ‘preprocess.flg’
    preprocessData : runPreprocessData: no visible binding for global
     variable ‘info’
    preprocessData: no visible binding for global variable ‘info’
    runImputation : render: no visible binding for global variable ‘IMP’
    runImputation : renderNoise: no visible binding for global variable
     ‘IMP’
    runImputation : renderNoiseMethod: no visible binding for global
     variable ‘IMP’
    runImputation : onClearButton: no visible binding for global variable
     ‘IMP’
    runImputation : onContinueButton: no visible binding for global
     variable ‘rand.imp.method’
    runImputation : onRunButton: no visible binding for global variable
     ‘info’
    runImputation : onRunButton: no visible binding for global variable
     ‘rand.imp.method’
    saveWorkspace : onSaveFile: no visible binding for global variable
     ‘info’
    saveWorkspace : onSaveFile: no visible binding for global variable
     ‘IMP’
    saveWorkspace : onSaveGlobalEnvironment: no visible binding for global
     variable ‘info’
    saveWorkspace : onSaveGlobalEnvironment: no visible binding for global
     variable ‘IMP’
    saveWorkspace: no visible binding for global variable ‘info’
    saveWorkspace: no visible binding for global variable ‘IMP’
    specifyImputationInformation : onVarChange: no visible binding for
     global variable ‘info’
    specifyImputationInformation: no visible binding for global variable
     ‘info’
    
    Found the following assignments to the global environment:
    File ‘migui/R/file.saveWorkspace.R’:
     assign(tclvalue(data.name), getMi(data), envir = .GlobalEnv)
     assign(tclvalue(info.name), getMi(info), envir = .GlobalEnv)
     assign(tclvalue(imp.name), getMi(IMP), envir = .GlobalEnv)
Flavors: r-devel-linux-x86_64-debian-clang, r-devel-linux-x86_64-debian-gcc, r-devel-linux-x86_64-fedora-clang, r-devel-osx-x86_64-clang, r-patched-linux-x86_64, r-release-linux-ix86, r-release-linux-x86_64

Version: 0.00-09
Check: R code for possible problems
Result: NOTE
    .onAttach: warning in packageDescription("migui", lib = mylib): partial
     argument match of 'lib' to 'lib.loc'
    importDataFrom : <anonymous>: warning in read.spss(dataFile,
     use.value.label = TRUE, to.data.frame = TRUE): partial argument match
     of 'use.value.label' to 'use.value.labels'
    lsMi: warning in ls(envir = miEnv(), all = TRUE): partial argument
     match of 'all' to 'all.names'
    saveWorkspace : onSaveFile: warning in ls(envir = local.env, all =
     TRUE): partial argument match of 'all' to 'all.names'
    poolRegressionEstimates: no visible binding for global variable ‘IMP’
    poolRegressionEstimates : onSubmitButton: no visible binding for global
     variable ‘IMP’
    preprocessData : onVarChange: no visible binding for global variable
     ‘info’
    preprocessData : runPreprocessData: no visible binding for global
     variable ‘preprocess.flg’
    preprocessData : runPreprocessData: no visible binding for global
     variable ‘info’
    preprocessData: no visible binding for global variable ‘info’
    runImputation : render: no visible binding for global variable ‘IMP’
    runImputation : renderNoise: no visible binding for global variable
     ‘IMP’
    runImputation : renderNoiseMethod: no visible binding for global
     variable ‘IMP’
    runImputation : onClearButton: no visible binding for global variable
     ‘IMP’
    runImputation : onContinueButton: no visible binding for global
     variable ‘rand.imp.method’
    runImputation : onRunButton: no visible binding for global variable
     ‘info’
    runImputation : onRunButton: no visible binding for global variable
     ‘rand.imp.method’
    saveWorkspace : onSaveFile: no visible binding for global variable
     ‘info’
    saveWorkspace : onSaveFile: no visible binding for global variable
     ‘IMP’
    saveWorkspace : onSaveGlobalEnvironment: no visible binding for global
     variable ‘info’
    saveWorkspace : onSaveGlobalEnvironment: no visible binding for global
     variable ‘IMP’
    saveWorkspace: no visible binding for global variable ‘info’
    saveWorkspace: no visible binding for global variable ‘IMP’
    specifyImputationInformation : onVarChange: no visible binding for
     global variable ‘info’
    specifyImputationInformation: no visible binding for global variable
     ‘info’
Flavors: r-devel-linux-x86_64-fedora-gcc, r-devel-windows-ix86+x86_64, r-patched-solaris-sparc, r-patched-solaris-x86, r-release-osx-x86_64-mavericks, r-release-osx-x86_64-snowleopard, r-release-windows-ix86+x86_64, r-oldrel-windows-ix86+x86_64