CRAN Package Check Results for Package miic

Last updated on 2019-09-16 14:47:15 CEST.

Flavor Version Tinstall Tcheck Ttotal Status Flags
r-devel-linux-x86_64-debian-clang 1.0.3 41.37 30.78 72.15 OK
r-devel-linux-x86_64-debian-gcc 1.0.3 36.50 24.62 61.12 OK
r-devel-linux-x86_64-fedora-clang 1.0.3 110.58 NOTE
r-devel-linux-x86_64-fedora-gcc 1.0.3 114.74 NOTE
r-devel-windows-ix86+x86_64 1.0.3 111.00 83.00 194.00 OK
r-patched-linux-x86_64 1.0.3 40.79 31.38 72.17 OK
r-patched-solaris-x86 1.0.3 109.90 NOTE
r-release-linux-x86_64 1.0.3 42.38 31.80 74.18 OK
r-release-windows-ix86+x86_64 1.0.3 72.00 62.00 134.00 OK
r-release-osx-x86_64 1.0.3 NOTE
r-oldrel-windows-ix86+x86_64 1.0.3 105.00 65.00 170.00 OK
r-oldrel-osx-x86_64 1.0.3 NOTE

Additional issues

gcc-UBSAN LTO

Check Details

Version: 1.0.3
Check: dependencies in R code
Result: NOTE
    Namespace in Imports field not imported from: ‘Rcpp’
     All declared Imports should be used.
Flavors: r-devel-linux-x86_64-fedora-clang, r-devel-linux-x86_64-fedora-gcc, r-patched-solaris-x86, r-release-osx-x86_64, r-oldrel-osx-x86_64