CRAN Package Check Results for Package miic

Last updated on 2020-01-23 19:49:03 CET.

Flavor Version Tinstall Tcheck Ttotal Status Flags
r-devel-linux-x86_64-debian-clang 1.0.3 49.31 33.61 82.92 OK
r-devel-linux-x86_64-debian-gcc 1.0.3 36.80 26.38 63.18 OK
r-devel-linux-x86_64-fedora-clang 1.0.3 113.49 NOTE
r-devel-linux-x86_64-fedora-gcc 1.0.3 109.83 NOTE
r-devel-windows-ix86+x86_64 1.0.3 129.00 95.00 224.00 OK
r-devel-windows-ix86+x86_64-gcc8 1.0.3 121.00 66.00 187.00 OK
r-patched-linux-x86_64 1.0.3 40.08 31.35 71.43 OK
r-patched-solaris-x86 1.0.3 110.60 NOTE
r-release-linux-x86_64 1.0.3 38.58 31.22 69.80 OK
r-release-windows-ix86+x86_64 1.0.3 92.00 81.00 173.00 OK
r-release-osx-x86_64 1.0.3 NOTE
r-oldrel-windows-ix86+x86_64 1.0.3 78.00 64.00 142.00 OK
r-oldrel-osx-x86_64 1.0.3 NOTE

Additional issues

LTO

Check Details

Version: 1.0.3
Check: dependencies in R code
Result: NOTE
    Namespace in Imports field not imported from: ‘Rcpp’
     All declared Imports should be used.
Flavors: r-devel-linux-x86_64-fedora-clang, r-devel-linux-x86_64-fedora-gcc, r-patched-solaris-x86, r-release-osx-x86_64, r-oldrel-osx-x86_64