Last updated on 2023-01-30 10:52:05 CET.
Flavor | Version | Tinstall | Tcheck | Ttotal | Status | Flags |
---|---|---|---|---|---|---|
r-devel-linux-x86_64-debian-clang | 0.6.2 | 7.53 | 70.52 | 78.05 | NOTE | |
r-devel-linux-x86_64-debian-gcc | 0.6.2 | 5.13 | 51.61 | 56.74 | NOTE | |
r-devel-linux-x86_64-fedora-clang | 0.6.2 | 98.49 | NOTE | |||
r-devel-linux-x86_64-fedora-gcc | 0.6.2 | 104.12 | NOTE | |||
r-devel-windows-x86_64 | 0.6.2 | 14.00 | 106.00 | 120.00 | NOTE | |
r-patched-linux-x86_64 | 0.6.2 | 6.92 | 67.55 | 74.47 | NOTE | |
r-release-linux-x86_64 | 0.6.2 | 8.54 | 67.80 | 76.34 | NOTE | |
r-release-macos-arm64 | 0.6.2 | 28.00 | NOTE | |||
r-release-macos-x86_64 | 0.6.2 | 54.00 | NOTE | |||
r-release-windows-x86_64 | 0.6.2 | 13.00 | 106.00 | 119.00 | NOTE | |
r-oldrel-macos-arm64 | 0.6.2 | 36.00 | NOTE | |||
r-oldrel-macos-x86_64 | 0.6.2 | 47.00 | NOTE | |||
r-oldrel-windows-ix86+x86_64 | 0.6.2 | 18.00 | 96.00 | 114.00 | NOTE |
Version: 0.6.2
Check: LazyData
Result: NOTE
'LazyData' is specified without a 'data' directory
Flavors: r-devel-linux-x86_64-debian-clang, r-devel-linux-x86_64-debian-gcc, r-devel-linux-x86_64-fedora-clang, r-devel-linux-x86_64-fedora-gcc, r-devel-windows-x86_64, r-patched-linux-x86_64, r-release-linux-x86_64, r-release-macos-arm64, r-release-macos-x86_64, r-release-windows-x86_64, r-oldrel-macos-arm64, r-oldrel-macos-x86_64, r-oldrel-windows-ix86+x86_64