CRAN Package Check Results for Package minPtest

Last updated on 2015-07-01 06:48:42.

Flavor Version Tinstall Tcheck Ttotal Status Flags
r-devel-linux-x86_64-debian-clang 1.7 0.59 17.77 18.36 NOTE
r-devel-linux-x86_64-debian-gcc 1.7 2.60 17.32 19.92 NOTE
r-devel-linux-x86_64-fedora-clang 1.7 35.19 NOTE
r-devel-linux-x86_64-fedora-gcc 1.7 32.40 NOTE
r-devel-osx-x86_64-clang 1.7 36.36 NOTE
r-devel-windows-ix86+x86_64 1.7 2.00 32.00 34.00 NOTE
r-patched-linux-x86_64 1.7 0.66 18.06 18.72 NOTE
r-patched-solaris-sparc 1.7 244.30 NOTE
r-patched-solaris-x86 1.7 47.00 NOTE
r-release-linux-x86_64 1.7 0.60 17.64 18.24 NOTE
r-release-osx-x86_64-mavericks 1.7 NOTE
r-release-windows-ix86+x86_64 1.7 2.00 34.00 36.00 NOTE
r-oldrel-windows-ix86+x86_64 1.7 4.00 31.00 35.00 NOTE

Check Details

Version: 1.7
Check: dependencies in R code
Result: NOTE
    'library' or 'require' calls in package code:
     ‘parallel’ ‘snowfall’
     Please use :: or requireNamespace() instead.
     See section 'Suggested packages' in the 'Writing R Extensions' manual.
Flavors: r-devel-linux-x86_64-debian-clang, r-devel-linux-x86_64-debian-gcc, r-devel-linux-x86_64-fedora-clang, r-devel-linux-x86_64-fedora-gcc, r-devel-osx-x86_64-clang, r-devel-windows-ix86+x86_64, r-patched-linux-x86_64, r-patched-solaris-sparc, r-patched-solaris-x86, r-release-linux-x86_64, r-release-osx-x86_64-mavericks, r-release-windows-ix86+x86_64, r-oldrel-windows-ix86+x86_64

Version: 1.7
Check: S3 generic/method consistency
Result: NOTE
    Found the following apparent S3 methods exported but not registered:
     summary.minPtest
    See section ‘Registering S3 methods’ in the ‘Writing R Extensions’
    manual.
Flavors: r-devel-linux-x86_64-debian-clang, r-devel-linux-x86_64-debian-gcc, r-devel-linux-x86_64-fedora-clang, r-devel-linux-x86_64-fedora-gcc, r-devel-osx-x86_64-clang, r-patched-linux-x86_64, r-patched-solaris-sparc, r-patched-solaris-x86, r-release-linux-x86_64

Version: 1.7
Check: R code for possible problems
Result: NOTE
    generateSNPs : sim.block: no visible global function definition for
     ‘rbinom’
    generateSNPs : <anonymous>: no visible global function definition for
     ‘rbinom’
    minPtest: no visible global function definition for ‘sfIsRunning’
    minPtest: no visible global function definition for ‘sfInit’
    minPtest: no visible global function definition for ‘sfLibrary’
    minPtest: no visible global function definition for ‘sfExport’
    minPtest : p_valfunc: no visible global function definition for
     ‘as.formula’
    minPtest : p_valfunc: no visible global function definition for ‘glm’
    minPtest : p_valfunc: no visible binding for global variable ‘binomial’
    minPtest : perrfunc : <anonymous>: no visible global function
     definition for ‘as.formula’
    minPtest : perrfunc : <anonymous>: no visible global function
     definition for ‘glm’
    minPtest : perrfunc : <anonymous>: no visible binding for global
     variable ‘binomial’
    minPtest : p_valfunc: no visible global function definition for
     ‘pchisq’
    minPtest : perrfunc : <anonymous>: no visible global function
     definition for ‘pchisq’
    minPtest: no visible global function definition for ‘sfClusterApplyLB’
    minPtest: no visible global function definition for ‘mclapply’
    minPtest: no visible global function definition for ‘sfStop’
    minPtest: no visible global function definition for ‘p.adjust’
    plot.minPtest: no visible global function definition for ‘plot’
    plot.minPtest: no visible global function definition for ‘points’
    plot.minPtest: no visible global function definition for ‘axis’
    plot.minPtest: no visible global function definition for ‘box’
    plot.minPtest: no visible global function definition for ‘median’
    plot.minPtest: no visible global function definition for ‘par’
    plot.minPtest: no visible global function definition for ‘lines’
    plot.minPtest: no visible global function definition for ‘mtext’
Flavors: r-devel-linux-x86_64-debian-clang, r-devel-linux-x86_64-debian-gcc, r-devel-linux-x86_64-fedora-clang, r-devel-linux-x86_64-fedora-gcc, r-devel-windows-ix86+x86_64

Version: 1.7
Check: R code for possible problems
Result: NOTE
    minPtest: no visible global function definition for ‘sfIsRunning’
    minPtest: no visible global function definition for ‘sfInit’
    minPtest: no visible global function definition for ‘sfLibrary’
    minPtest: no visible global function definition for ‘sfExport’
    minPtest: no visible global function definition for ‘sfClusterApplyLB’
    minPtest: no visible global function definition for ‘mclapply’
    minPtest: no visible global function definition for ‘sfStop’
Flavors: r-devel-osx-x86_64-clang, r-patched-linux-x86_64, r-patched-solaris-sparc, r-patched-solaris-x86, r-release-linux-x86_64, r-release-osx-x86_64-mavericks, r-release-windows-ix86+x86_64, r-oldrel-windows-ix86+x86_64