CRAN Package Check Results for Package minPtest

Last updated on 2014-04-19 11:48:54.

Flavor Version Tinstall Tcheck Ttotal Status Flags
r-devel-linux-x86_64-debian-clang 1.7 0.71 18.82 19.53 OK
r-devel-linux-x86_64-debian-gcc 1.7 0.71 18.54 19.24 OK
r-devel-linux-x86_64-fedora-clang 1.7 40.77 OK
r-devel-linux-x86_64-fedora-gcc 1.7 38.01 OK
r-devel-macosx-x86_64-clang 1.7 36.54 OK
r-devel-macosx-x86_64-gcc 1.7 OK
r-devel-windows-ix86+x86_64 1.7 3.00 28.00 31.00 OK
r-patched-linux-x86_64 1.7 0.73 18.69 19.42 OK
r-patched-solaris-sparc 1.7 237.80 OK
r-patched-solaris-x86 1.7 54.00 OK
r-release-linux-ix86 1.7 2.00 37.00 39.00 OK
r-release-linux-x86_64 1.7 0.70 19.67 20.37 OK
r-release-macosx-x86_64 1.7 NOTE
r-release-windows-ix86+x86_64 1.7 4.00 29.00 33.00 OK
r-oldrel-windows-ix86+x86_64 1.7 3.00 31.00 34.00 OK

Check Details

Version: 1.7
Check: re-building of vignette outputs
Result: NOTE
    Error in re-building vignettes:
     ...
    Error in texi2dvi(file = file, pdf = TRUE, clean = clean, quiet = quiet, :
     Running 'texi2dvi' on 'vignette.tex' failed.
    LaTeX errors:
    ! LaTeX Error: File `blindtext.sty' not found.
    
    Type X to quit or <RETURN> to proceed,
    or enter new name. (Default extension: sty)
    
    minPtest.Rcheck/vign_test/minPtest/vignettes/vignette.tex:14: ==> Fatal error
    occurred, no output PDF file produced!
    Calls: buildVignettes -> texi2pdf -> texi2dvi
    Execution halted
Flavor: r-release-macosx-x86_64