CRAN Package Check Results for Package minPtest

Last updated on 2014-09-30 21:47:57.

Flavor Version Tinstall Tcheck Ttotal Status Flags
r-devel-linux-x86_64-debian-clang 1.7 0.69 19.25 19.94 NOTE
r-devel-linux-x86_64-debian-gcc 1.7 0.68 19.40 20.08 NOTE
r-devel-linux-x86_64-fedora-clang 1.7 42.19 NOTE
r-devel-linux-x86_64-fedora-gcc 1.7 37.81 NOTE
r-devel-osx-x86_64-clang 1.7 39.38 NOTE
r-devel-windows-ix86+x86_64 1.7 3.00 30.00 33.00 NOTE
r-patched-linux-x86_64 1.7 0.72 20.75 21.48 OK
r-patched-solaris-sparc 1.7 236.90 OK
r-patched-solaris-x86 1.7 54.10 OK
r-release-linux-ix86 1.7 1.12 28.36 29.48 OK
r-release-linux-x86_64 1.7 0.69 19.20 19.89 OK
r-release-osx-x86_64-mavericks 1.7 NOTE
r-release-osx-x86_64-snowleopard 1.7 NOTE
r-release-windows-ix86+x86_64 1.7 3.00 31.00 34.00 OK
r-oldrel-windows-ix86+x86_64 1.7 3.00 30.00 33.00 OK

Check Details

Version: 1.7
Check: R code for possible problems
Result: NOTE
    minPtest: no visible global function definition for ‘sfIsRunning’
    minPtest: no visible global function definition for ‘sfInit’
    minPtest: no visible global function definition for ‘sfLibrary’
    minPtest: no visible global function definition for ‘sfExport’
    minPtest: no visible global function definition for ‘sfClusterApplyLB’
    minPtest: no visible global function definition for ‘mclapply’
    minPtest: no visible global function definition for ‘sfStop’
Flavors: r-devel-linux-x86_64-debian-clang, r-devel-linux-x86_64-debian-gcc, r-devel-linux-x86_64-fedora-clang, r-devel-linux-x86_64-fedora-gcc, r-devel-osx-x86_64-clang, r-devel-windows-ix86+x86_64

Version: 1.7
Check: re-building of vignette outputs
Result: NOTE
    Error in re-building vignettes:
     ...
    Error in texi2dvi(file = file, pdf = TRUE, clean = clean, quiet = quiet, :
     Running 'texi2dvi' on 'vignette.tex' failed.
    LaTeX errors:
    ! LaTeX Error: File `blindtext.sty' not found.
    
    Type X to quit or <RETURN> to proceed,
    or enter new name. (Default extension: sty)
    
    n_test/minPtest/vignettes/vignette.tex:14: ==> Fatal error occurred, no output
     PDF file produced!
    Calls: buildVignettes -> texi2pdf -> texi2dvi
    Execution halted
Flavor: r-release-osx-x86_64-mavericks

Version: 1.7
Check: re-building of vignette outputs
Result: NOTE
    Error in re-building vignettes:
     ...
    Error in texi2dvi(file = file, pdf = TRUE, clean = clean, quiet = quiet, :
     Running 'texi2dvi' on 'vignette.tex' failed.
    LaTeX errors:
    ! LaTeX Error: File `blindtext.sty' not found.
    
    Type X to quit or <RETURN> to proceed,
    or enter new name. (Default extension: sty)
    
    minPtest.Rcheck/vign_test/minPtest/vignettes/vignette.tex:14: ==> Fatal error
    occurred, no output PDF file produced!
    Calls: buildVignettes -> texi2pdf -> texi2dvi
    Execution halted
Flavor: r-release-osx-x86_64-snowleopard