CRAN Package Check Results for Package minPtest

Last updated on 2014-07-23 15:47:48.

Flavor Version Tinstall Tcheck Ttotal Status Flags
r-devel-linux-x86_64-debian-clang 1.7 0.67 18.11 18.78 OK
r-devel-linux-x86_64-debian-gcc 1.7 0.71 17.96 18.67 OK
r-devel-linux-x86_64-fedora-clang 1.7 41.76 OK
r-devel-linux-x86_64-fedora-gcc 1.7 39.42 OK
r-devel-osx-x86_64-clang 1.7 40.04 OK
r-devel-windows-ix86+x86_64 1.7 3.00 29.00 32.00 OK
r-patched-linux-x86_64 1.7 0.65 18.29 18.94 OK
r-patched-solaris-sparc 1.7 237.80 OK
r-patched-solaris-x86 1.7 53.30 OK
r-release-linux-ix86 1.7 1.14 28.08 29.23 OK
r-release-linux-x86_64 1.7 0.74 18.56 19.30 OK
r-release-osx-x86_64-mavericks 1.7 NOTE
r-release-osx-x86_64-snowleopard 1.7 NOTE
r-release-windows-ix86+x86_64 1.7 3.00 31.00 34.00 OK
r-oldrel-windows-ix86+x86_64 1.7 3.00 29.00 32.00 OK

Check Details

Version: 1.7
Check: re-building of vignette outputs
Result: NOTE
    Error in re-building vignettes:
     ...
    Error in texi2dvi(file = file, pdf = TRUE, clean = clean, quiet = quiet, :
     Running 'texi2dvi' on 'vignette.tex' failed.
    LaTeX errors:
    ! LaTeX Error: File `blindtext.sty' not found.
    
    Type X to quit or <RETURN> to proceed,
    or enter new name. (Default extension: sty)
    
    n_test/minPtest/vignettes/vignette.tex:14: ==> Fatal error occurred, no output
     PDF file produced!
    Calls: buildVignettes -> texi2pdf -> texi2dvi
    Execution halted
Flavor: r-release-osx-x86_64-mavericks

Version: 1.7
Check: re-building of vignette outputs
Result: NOTE
    Error in re-building vignettes:
     ...
    Error in texi2dvi(file = file, pdf = TRUE, clean = clean, quiet = quiet, :
     Running 'texi2dvi' on 'vignette.tex' failed.
    LaTeX errors:
    ! LaTeX Error: File `blindtext.sty' not found.
    
    Type X to quit or <RETURN> to proceed,
    or enter new name. (Default extension: sty)
    
    minPtest.Rcheck/vign_test/minPtest/vignettes/vignette.tex:14: ==> Fatal error
    occurred, no output PDF file produced!
    Calls: buildVignettes -> texi2pdf -> texi2dvi
    Execution halted
Flavor: r-release-osx-x86_64-snowleopard