CRAN Package Check Results for Package minPtest

Last updated on 2014-11-28 17:51:38.

Flavor Version Tinstall Tcheck Ttotal Status Flags
r-devel-linux-x86_64-debian-clang 1.7 0.70 19.80 20.50 NOTE
r-devel-linux-x86_64-debian-gcc 1.7 0.71 19.27 19.98 NOTE
r-devel-linux-x86_64-fedora-clang 1.7 41.99 NOTE
r-devel-linux-x86_64-fedora-gcc 1.7 41.27 NOTE
r-devel-osx-x86_64-clang 1.7 40.91 NOTE
r-devel-windows-ix86+x86_64 1.7 2.00 29.00 31.00 NOTE
r-patched-linux-x86_64 1.7 0.70 19.32 20.02 NOTE
r-patched-solaris-sparc 1.7 233.20 NOTE
r-patched-solaris-x86 1.7 52.60 NOTE
r-release-linux-ix86 1.7 1.08 28.76 29.84 NOTE
r-release-linux-x86_64 1.7 0.72 19.11 19.83 NOTE
r-release-osx-x86_64-mavericks 1.7 NOTE
r-release-osx-x86_64-snowleopard 1.7 NOTE
r-release-windows-ix86+x86_64 1.7 3.00 29.00 32.00 NOTE
r-oldrel-windows-ix86+x86_64 1.7 3.00 30.00 33.00 OK

Check Details

Version: 1.7
Check: R code for possible problems
Result: NOTE
    minPtest: no visible global function definition for ‘sfIsRunning’
    minPtest: no visible global function definition for ‘sfInit’
    minPtest: no visible global function definition for ‘sfLibrary’
    minPtest: no visible global function definition for ‘sfExport’
    minPtest: no visible global function definition for ‘sfClusterApplyLB’
    minPtest: no visible global function definition for ‘mclapply’
    minPtest: no visible global function definition for ‘sfStop’
Flavors: r-devel-linux-x86_64-debian-clang, r-devel-linux-x86_64-debian-gcc, r-devel-linux-x86_64-fedora-clang, r-devel-linux-x86_64-fedora-gcc, r-devel-osx-x86_64-clang, r-devel-windows-ix86+x86_64, r-patched-linux-x86_64, r-patched-solaris-sparc, r-patched-solaris-x86, r-release-linux-ix86, r-release-linux-x86_64, r-release-windows-ix86+x86_64

Version: 1.7
Check: re-building of vignette outputs
Result: NOTE
    Error in re-building vignettes:
     ...
    Error in texi2dvi(file = file, pdf = TRUE, clean = clean, quiet = quiet, :
     Running 'texi2dvi' on 'vignette.tex' failed.
    LaTeX errors:
    ! LaTeX Error: File `blindtext.sty' not found.
    
    Type X to quit or <RETURN> to proceed,
    or enter new name. (Default extension: sty)
    
    n_test/minPtest/vignettes/vignette.tex:14: ==> Fatal error occurred, no output
     PDF file produced!
    Calls: buildVignettes -> texi2pdf -> texi2dvi
    Execution halted
Flavor: r-release-osx-x86_64-mavericks

Version: 1.7
Check: re-building of vignette outputs
Result: NOTE
    Error in re-building vignettes:
     ...
    Error in texi2dvi(file = file, pdf = TRUE, clean = clean, quiet = quiet, :
     Running 'texi2dvi' on 'vignette.tex' failed.
    LaTeX errors:
    ! LaTeX Error: File `blindtext.sty' not found.
    
    Type X to quit or <RETURN> to proceed,
    or enter new name. (Default extension: sty)
    
    minPtest.Rcheck/vign_test/minPtest/vignettes/vignette.tex:14: ==> Fatal error
    occurred, no output PDF file produced!
    Calls: buildVignettes -> texi2pdf -> texi2dvi
    Execution halted
Flavor: r-release-osx-x86_64-snowleopard