CRAN Package Check Results for Package minPtest

Last updated on 2015-09-03 03:48:32.

Flavor Version Tinstall Tcheck Ttotal Status Flags
r-devel-linux-x86_64-debian-clang 1.7 0.64 16.97 17.61 NOTE
r-devel-linux-x86_64-debian-gcc 1.7 0.58 16.86 17.44 NOTE
r-devel-linux-x86_64-fedora-clang 1.7 33.94 NOTE
r-devel-linux-x86_64-fedora-gcc 1.7 32.11 NOTE
r-devel-osx-x86_64-clang 1.7 32.31 NOTE
r-devel-windows-ix86+x86_64 1.7 4.00 43.00 47.00 NOTE
r-patched-linux-x86_64 1.7 0.61 17.60 18.20 NOTE
r-patched-solaris-sparc 1.7 232.00 NOTE
r-patched-solaris-x86 1.7 46.80 NOTE
r-release-linux-x86_64 1.7 0.66 18.62 19.28 NOTE
r-release-osx-x86_64-mavericks 1.7 NOTE
r-release-windows-ix86+x86_64 1.7 4.00 44.00 48.00 NOTE
r-oldrel-windows-ix86+x86_64 1.7 5.00 51.00 56.00 NOTE

Check Details

Version: 1.7
Check: dependencies in R code
Result: NOTE
    'library' or 'require' calls in package code:
     ‘parallel’ ‘snowfall’
     Please use :: or requireNamespace() instead.
     See section 'Suggested packages' in the 'Writing R Extensions' manual.
Flavors: r-devel-linux-x86_64-debian-clang, r-devel-linux-x86_64-debian-gcc, r-devel-linux-x86_64-fedora-clang, r-devel-linux-x86_64-fedora-gcc, r-devel-osx-x86_64-clang, r-devel-windows-ix86+x86_64, r-patched-linux-x86_64, r-patched-solaris-sparc, r-patched-solaris-x86, r-release-linux-x86_64, r-release-osx-x86_64-mavericks, r-release-windows-ix86+x86_64, r-oldrel-windows-ix86+x86_64

Version: 1.7
Check: S3 generic/method consistency
Result: NOTE
    Found the following apparent S3 methods exported but not registered:
     summary.minPtest
    See section ‘Registering S3 methods’ in the ‘Writing R Extensions’
    manual.
Flavors: r-devel-linux-x86_64-debian-clang, r-devel-linux-x86_64-debian-gcc, r-devel-linux-x86_64-fedora-clang, r-devel-linux-x86_64-fedora-gcc, r-devel-osx-x86_64-clang, r-patched-linux-x86_64, r-patched-solaris-sparc, r-patched-solaris-x86, r-release-linux-x86_64

Version: 1.7
Check: R code for possible problems
Result: NOTE
    generateSNPs : sim.block: no visible global function definition for
     ‘rbinom’
    generateSNPs : <anonymous>: no visible global function definition for
     ‘rbinom’
    minPtest: no visible global function definition for ‘sfIsRunning’
    minPtest: no visible global function definition for ‘sfInit’
    minPtest: no visible global function definition for ‘sfLibrary’
    minPtest: no visible global function definition for ‘sfExport’
    minPtest : p_valfunc: no visible global function definition for
     ‘as.formula’
    minPtest : p_valfunc: no visible global function definition for ‘glm’
    minPtest : p_valfunc: no visible binding for global variable ‘binomial’
    minPtest : perrfunc : <anonymous>: no visible global function
     definition for ‘as.formula’
    minPtest : perrfunc : <anonymous>: no visible global function
     definition for ‘glm’
    minPtest : perrfunc : <anonymous>: no visible binding for global
     variable ‘binomial’
    minPtest : p_valfunc: no visible global function definition for
     ‘pchisq’
    minPtest : perrfunc : <anonymous>: no visible global function
     definition for ‘pchisq’
    minPtest: no visible global function definition for ‘sfClusterApplyLB’
    minPtest: no visible global function definition for ‘mclapply’
    minPtest: no visible global function definition for ‘sfStop’
    minPtest: no visible global function definition for ‘p.adjust’
    plot.minPtest: no visible global function definition for ‘plot’
    plot.minPtest: no visible global function definition for ‘points’
    plot.minPtest: no visible global function definition for ‘axis’
    plot.minPtest: no visible global function definition for ‘box’
    plot.minPtest: no visible global function definition for ‘median’
    plot.minPtest: no visible global function definition for ‘par’
    plot.minPtest: no visible global function definition for ‘lines’
    plot.minPtest: no visible global function definition for ‘mtext’
    Undefined global functions or variables:
     as.formula axis binomial box glm lines mclapply median mtext p.adjust
     par pchisq plot points rbinom sfClusterApplyLB sfExport sfInit
     sfIsRunning sfLibrary sfStop
    Consider adding
     importFrom("graphics", "axis", "box", "lines", "mtext", "par", "plot",
     "points")
     importFrom("stats", "as.formula", "binomial", "glm", "median",
     "p.adjust", "pchisq", "rbinom")
    to your NAMESPACE.
Flavors: r-devel-linux-x86_64-debian-clang, r-devel-linux-x86_64-debian-gcc, r-devel-linux-x86_64-fedora-clang, r-devel-linux-x86_64-fedora-gcc, r-devel-windows-ix86+x86_64

Version: 1.7
Check: R code for possible problems
Result: NOTE
    minPtest: no visible global function definition for ‘sfIsRunning’
    minPtest: no visible global function definition for ‘sfInit’
    minPtest: no visible global function definition for ‘sfLibrary’
    minPtest: no visible global function definition for ‘sfExport’
    minPtest: no visible global function definition for ‘sfClusterApplyLB’
    minPtest: no visible global function definition for ‘mclapply’
    minPtest: no visible global function definition for ‘sfStop’
    Undefined global functions or variables:
     mclapply sfClusterApplyLB sfExport sfInit sfIsRunning sfLibrary
     sfStop
Flavor: r-devel-osx-x86_64-clang

Version: 1.7
Check: R code for possible problems
Result: NOTE
    minPtest: no visible global function definition for ‘sfIsRunning’
    minPtest: no visible global function definition for ‘sfInit’
    minPtest: no visible global function definition for ‘sfLibrary’
    minPtest: no visible global function definition for ‘sfExport’
    minPtest: no visible global function definition for ‘sfClusterApplyLB’
    minPtest: no visible global function definition for ‘mclapply’
    minPtest: no visible global function definition for ‘sfStop’
Flavors: r-patched-linux-x86_64, r-patched-solaris-sparc, r-patched-solaris-x86, r-release-linux-x86_64, r-release-osx-x86_64-mavericks, r-release-windows-ix86+x86_64, r-oldrel-windows-ix86+x86_64