CRAN Package Check Results for Package minPtest

Last updated on 2015-04-02 02:48:17.

Flavor Version Tinstall Tcheck Ttotal Status Flags
r-devel-linux-x86_64-debian-clang 1.7 0.66 17.64 18.30 NOTE
r-devel-linux-x86_64-debian-gcc 1.7 0.75 17.84 18.59 NOTE
r-devel-linux-x86_64-fedora-clang 1.7 36.87 NOTE
r-devel-linux-x86_64-fedora-gcc 1.7 35.99 NOTE
r-devel-osx-x86_64-clang 1.7 43.50 NOTE
r-prerel-windows-ix86+x86_64 1.7 2.00 30.00 32.00 NOTE
r-prerel-linux-x86_64 1.7 0.61 17.90 18.52 NOTE
r-prerel-solaris-sparc 1.7 241.30 NOTE
r-prerel-solaris-x86 1.7 46.10 NOTE
r-release-linux-x86_64 1.7 0.74 19.34 20.08 NOTE
r-release-osx-x86_64-mavericks 1.7 NOTE
r-release-osx-x86_64-snowleopard 1.7 NOTE
r-release-windows-ix86+x86_64 1.7 3.00 33.00 36.00 NOTE
r-oldrel-windows-ix86+x86_64 1.7 3.00 31.00 34.00 OK

Check Details

Version: 1.7
Check: dependencies in R code
Result: NOTE
    'library' or 'require' calls in package code:
     ‘parallel’ ‘snowfall’
     Please use :: or requireNamespace() instead.
     See section 'Suggested packages' in the 'Writing R Extensions' manual.
Flavors: r-devel-linux-x86_64-debian-clang, r-devel-linux-x86_64-debian-gcc, r-devel-linux-x86_64-fedora-clang, r-devel-linux-x86_64-fedora-gcc, r-devel-osx-x86_64-clang, r-prerel-windows-ix86+x86_64, r-prerel-linux-x86_64, r-prerel-solaris-sparc, r-prerel-solaris-x86, r-release-linux-x86_64, r-release-windows-ix86+x86_64

Version: 1.7
Check: S3 generic/method consistency
Result: NOTE
    Found the following apparent S3 methods exported but not registered:
     summary.minPtest
    See section ‘Registering S3 methods’ in the ‘Writing R Extensions’
    manual.
Flavors: r-devel-linux-x86_64-debian-clang, r-devel-linux-x86_64-debian-gcc, r-devel-linux-x86_64-fedora-clang, r-devel-linux-x86_64-fedora-gcc, r-devel-osx-x86_64-clang, r-prerel-linux-x86_64

Version: 1.7
Check: R code for possible problems
Result: NOTE
    minPtest: no visible global function definition for ‘sfIsRunning’
    minPtest: no visible global function definition for ‘sfInit’
    minPtest: no visible global function definition for ‘sfLibrary’
    minPtest: no visible global function definition for ‘sfExport’
    minPtest: no visible global function definition for ‘sfClusterApplyLB’
    minPtest: no visible global function definition for ‘mclapply’
    minPtest: no visible global function definition for ‘sfStop’
Flavors: r-devel-linux-x86_64-debian-clang, r-devel-linux-x86_64-debian-gcc, r-devel-linux-x86_64-fedora-clang, r-devel-linux-x86_64-fedora-gcc, r-devel-osx-x86_64-clang, r-prerel-windows-ix86+x86_64, r-prerel-linux-x86_64, r-prerel-solaris-sparc, r-prerel-solaris-x86, r-release-linux-x86_64, r-release-osx-x86_64-mavericks, r-release-windows-ix86+x86_64

Version: 1.7
Check: re-building of vignette outputs
Result: NOTE
    Error in re-building vignettes:
     ...
    Error in texi2dvi(file = file, pdf = TRUE, clean = clean, quiet = quiet, :
     Running 'texi2dvi' on 'vignette.tex' failed.
    LaTeX errors:
    ! LaTeX Error: File `blindtext.sty' not found.
    
    Type X to quit or <RETURN> to proceed,
    or enter new name. (Default extension: sty)
    
    minPtest.Rcheck/vign_test/minPtest/vignettes/vignette.tex:14: ==> Fatal error
    occurred, no output PDF file produced!
    Calls: buildVignettes -> texi2pdf -> texi2dvi
    Execution halted
Flavor: r-release-osx-x86_64-snowleopard