CRAN Package Check Results for Package minPtest

Last updated on 2015-05-24 23:47:29.

Flavor Version Tinstall Tcheck Ttotal Status Flags
r-devel-linux-x86_64-debian-clang 1.7 0.66 18.32 18.98 NOTE
r-devel-linux-x86_64-debian-gcc 1.7 0.61 17.74 18.35 NOTE
r-devel-linux-x86_64-fedora-clang 1.7 36.67 NOTE
r-devel-linux-x86_64-fedora-gcc 1.7 34.59 NOTE
r-devel-osx-x86_64-clang 1.7 38.25 NOTE
r-devel-windows-ix86+x86_64 1.7 2.00 28.00 30.00 NOTE
r-patched-linux-x86_64 1.7 0.61 17.68 18.29 NOTE
r-patched-solaris-sparc 1.7 244.30 NOTE
r-patched-solaris-x86 1.7 47.20 NOTE
r-release-linux-x86_64 1.7 0.61 18.46 19.07 NOTE
r-release-osx-x86_64-mavericks 1.7 NOTE
r-release-osx-x86_64-snowleopard 1.7 NOTE
r-release-windows-ix86+x86_64 1.7 3.00 30.00 33.00 NOTE
r-oldrel-windows-ix86+x86_64 1.7 3.00 50.00 53.00 NOTE

Check Details

Version: 1.7
Check: dependencies in R code
Result: NOTE
    'library' or 'require' calls in package code:
     ‘parallel’ ‘snowfall’
     Please use :: or requireNamespace() instead.
     See section 'Suggested packages' in the 'Writing R Extensions' manual.
Flavors: r-devel-linux-x86_64-debian-clang, r-devel-linux-x86_64-debian-gcc, r-devel-linux-x86_64-fedora-clang, r-devel-linux-x86_64-fedora-gcc, r-devel-osx-x86_64-clang, r-devel-windows-ix86+x86_64, r-patched-linux-x86_64, r-patched-solaris-sparc, r-patched-solaris-x86, r-release-linux-x86_64, r-release-osx-x86_64-mavericks, r-release-osx-x86_64-snowleopard, r-release-windows-ix86+x86_64, r-oldrel-windows-ix86+x86_64

Version: 1.7
Check: S3 generic/method consistency
Result: NOTE
    Found the following apparent S3 methods exported but not registered:
     summary.minPtest
    See section ‘Registering S3 methods’ in the ‘Writing R Extensions’
    manual.
Flavors: r-devel-linux-x86_64-debian-clang, r-devel-linux-x86_64-debian-gcc, r-devel-linux-x86_64-fedora-clang, r-devel-linux-x86_64-fedora-gcc, r-devel-osx-x86_64-clang, r-patched-linux-x86_64, r-patched-solaris-sparc, r-patched-solaris-x86, r-release-linux-x86_64

Version: 1.7
Check: R code for possible problems
Result: NOTE
    minPtest: no visible global function definition for ‘sfIsRunning’
    minPtest: no visible global function definition for ‘sfInit’
    minPtest: no visible global function definition for ‘sfLibrary’
    minPtest: no visible global function definition for ‘sfExport’
    minPtest: no visible global function definition for ‘sfClusterApplyLB’
    minPtest: no visible global function definition for ‘mclapply’
    minPtest: no visible global function definition for ‘sfStop’
Flavors: r-devel-linux-x86_64-debian-clang, r-devel-linux-x86_64-debian-gcc, r-devel-linux-x86_64-fedora-clang, r-devel-linux-x86_64-fedora-gcc, r-devel-osx-x86_64-clang, r-devel-windows-ix86+x86_64, r-patched-linux-x86_64, r-patched-solaris-sparc, r-patched-solaris-x86, r-release-linux-x86_64, r-release-osx-x86_64-mavericks, r-release-osx-x86_64-snowleopard, r-release-windows-ix86+x86_64, r-oldrel-windows-ix86+x86_64