CRAN Package Check Results for Package mind

Last updated on 2021-12-03 07:50:25 CET.

Flavor Version Tinstall Tcheck Ttotal Status Flags
r-devel-linux-x86_64-debian-clang 0.1.4 29.49 221.55 251.04 OK
r-devel-linux-x86_64-debian-gcc 0.1.4 21.01 169.50 190.51 OK
r-devel-linux-x86_64-fedora-clang 0.1.4 315.88 NOTE
r-devel-linux-x86_64-fedora-gcc 0.1.4 308.85 NOTE
r-devel-windows-x86_64-new-UL 0.1.4 47.00 279.00 326.00 OK
r-devel-windows-x86_64-new-TK 0.1.4 NOTE
r-devel-windows-x86_64-old 0.1.4 38.00 182.00 220.00 OK
r-patched-linux-x86_64 0.1.4 27.30 208.32 235.62 OK
r-patched-solaris-x86 0.1.4 450.90 NOTE
r-release-linux-x86_64 0.1.4 25.01 210.29 235.30 OK
r-release-macos-arm64 0.1.4 NOTE
r-release-macos-x86_64 0.1.4 NOTE
r-release-windows-ix86+x86_64 0.1.4 67.00 254.00 321.00 OK
r-oldrel-macos-x86_64 0.1.4 NOTE
r-oldrel-windows-ix86+x86_64 0.1.4 66.00 249.00 315.00 OK

Check Details

Version: 0.1.4
Check: dependencies in R code
Result: NOTE
    Namespace in Imports field not imported from: ‘dplyr’
     All declared Imports should be used.
Flavors: r-devel-linux-x86_64-fedora-clang, r-devel-linux-x86_64-fedora-gcc, r-devel-windows-x86_64-new-TK, r-patched-solaris-x86, r-release-macos-arm64, r-release-macos-x86_64, r-oldrel-macos-x86_64