CRAN Package Check Results for Package mindr

Last updated on 2019-09-16 22:49:26 CEST.

Flavor Version Tinstall Tcheck Ttotal Status Flags
r-devel-linux-x86_64-debian-clang 1.2.2 3.20 27.58 30.78 NOTE
r-devel-linux-x86_64-debian-gcc 1.2.2 3.14 22.59 25.73 NOTE
r-devel-linux-x86_64-fedora-clang 1.2.2 38.71 NOTE
r-devel-linux-x86_64-fedora-gcc 1.2.2 42.46 NOTE
r-devel-windows-ix86+x86_64 1.2.2 15.00 43.00 58.00 OK
r-patched-linux-x86_64 1.2.2 3.52 27.41 30.93 OK
r-patched-solaris-x86 1.2.2 60.10 OK
r-release-linux-x86_64 1.2.2 3.56 28.29 31.85 OK
r-release-windows-ix86+x86_64 1.2.2 7.00 57.00 64.00 OK
r-release-osx-x86_64 1.2.2 OK
r-oldrel-windows-ix86+x86_64 1.2.2 8.00 40.00 48.00 OK
r-oldrel-osx-x86_64 1.2.2 OK

Check Details

Version: 1.2.2
Check: for non-standard things in the check directory
Result: NOTE
    Found the following files/directories:
     '..md' 'NA.R' 'NA.mm' 'md-2019-09-15-23-17-08.mm' 'md.R' 'md.mm'
     'mindr.md' 'mindr.mm' 'mm.md' 'outline-2019-09-15-23-17-08.md'
     'outline.md' 'r.R' 'r.Rmd'
Flavor: r-devel-linux-x86_64-debian-clang

Version: 1.2.2
Check: for non-standard things in the check directory
Result: NOTE
    Found the following files/directories:
     ‘..md’ ‘NA.R’ ‘NA.mm’ ‘md-2019-09-16-09-14-06.mm’ ‘md.R’ ‘md.mm’
     ‘mindr.md’ ‘mindr.mm’ ‘mm.md’ ‘outline-2019-09-16-09-14-06.md’
     ‘outline.md’ ‘r.R’ ‘r.Rmd’
Flavor: r-devel-linux-x86_64-debian-gcc

Version: 1.2.2
Check: for non-standard things in the check directory
Result: NOTE
    Found the following files/directories:
     ‘..md’ ‘NA.R’ ‘NA.mm’ ‘md-2019-09-14-18-18-56.mm’ ‘md.R’ ‘md.mm’
     ‘mindr.md’ ‘mindr.mm’ ‘mm.md’ ‘outline-2019-09-14-18-18-56.md’
     ‘outline.md’ ‘r.R’ ‘r.Rmd’
Flavor: r-devel-linux-x86_64-fedora-clang

Version: 1.2.2
Check: for non-standard things in the check directory
Result: NOTE
    Found the following files/directories:
     ‘..md’ ‘NA.R’ ‘NA.mm’ ‘md-2019-09-15-22-58-56.mm’ ‘md.R’ ‘md.mm’
     ‘mindr.md’ ‘mindr.mm’ ‘mm.md’ ‘outline-2019-09-15-22-58-56.md’
     ‘outline.md’ ‘r.R’ ‘r.Rmd’
Flavor: r-devel-linux-x86_64-fedora-gcc