CRAN Package Check Results for Package mined

Last updated on 2022-12-05 23:01:28 CET.

Flavor Version Tinstall Tcheck Ttotal Status Flags
r-devel-linux-x86_64-debian-clang 1.0-3 67.71 34.62 102.33 OK
r-devel-linux-x86_64-debian-gcc 1.0-3 55.91 29.42 85.33 OK
r-devel-linux-x86_64-fedora-clang 1.0-3 149.15 OK
r-devel-linux-x86_64-fedora-gcc 1.0-3 150.82 OK
r-devel-windows-x86_64 1.0-3 51.00 85.00 136.00 OK
r-patched-linux-x86_64 1.0-3 57.92 36.45 94.37 OK
r-release-linux-x86_64 1.0-3 62.20 36.02 98.22 OK
r-release-macos-arm64 1.0-3 36.00 NOTE
r-release-macos-x86_64 1.0-3 54.00 NOTE
r-release-windows-x86_64 1.0-3 54.00 90.00 144.00 OK
r-oldrel-macos-arm64 1.0-3 34.00 NOTE
r-oldrel-macos-x86_64 1.0-3 52.00 NOTE
r-oldrel-windows-ix86+x86_64 1.0-3 151.00 99.00 250.00 OK

Check Details

Version: 1.0-3
Check: installed package size
Result: NOTE
     installed size is 22.3Mb
     sub-directories of 1Mb or more:
     libs 22.2Mb
Flavors: r-release-macos-arm64, r-release-macos-x86_64, r-oldrel-macos-arm64, r-oldrel-macos-x86_64