CRAN Package Check Results for Package miniGUI

Last updated on 2020-05-26 07:49:16 CEST.

Flavor Version Tinstall Tcheck Ttotal Status Flags
r-devel-linux-x86_64-debian-clang 0.8-1 2.37 20.51 22.88 OK
r-devel-linux-x86_64-debian-gcc 0.8-1 2.07 17.60 19.67 OK
r-devel-linux-x86_64-fedora-clang 0.8-1 30.35 OK
r-devel-linux-x86_64-fedora-gcc 0.8-1 28.97 OK
r-devel-windows-ix86+x86_64 0.8-1 6.00 34.00 40.00 ERROR
r-patched-linux-x86_64 0.8-1 2.44 21.88 24.32 OK
r-patched-solaris-x86 0.8-1 45.80 OK
r-release-linux-x86_64 0.8-1 2.59 21.48 24.07 OK
r-release-osx-x86_64 0.8-1 OK
r-release-windows-ix86+x86_64 0.8-1 6.00 36.00 42.00 OK
r-oldrel-osx-x86_64 0.8-1 OK
r-oldrel-windows-ix86+x86_64 0.8-1 8.00 43.00 51.00 OK

Check Details

Version: 0.8-1
Check: examples
Result: ERROR
    Running examples in 'miniGUI-Ex.R' failed
    The error most likely occurred in:
    
    > ### Name: makeWidgetCmd
    > ### Title: R functions to build a GUI window
    > ### Aliases: makeWidgetCmd
    > ### Keywords: utilities misc
    >
    > ### ** Examples
    >
    > require(tcltk)
    > ##
    > ## a simple example
    > ##
    > g <- function(a=1,b=rnorm) {cat("--g--");paste("g(a,b)=",a+b(a))}
    > h <- function(a=1,b=3,c=3) {cat("--h--");paste("h(a,b,c)=",a+b+c)}
    > ## create functions
    > gg <- makeWidgetCmd("Hay it is g !!",g,GRAB=FALSE)
    > hh <- makeWidgetCmd("Hay h here !!",h,GRAB=FALSE)
    > ## calling them
    > gg()
Flavor: r-devel-windows-ix86+x86_64