CRAN Package Check Results for Package minpack.lm

Last updated on 2014-04-24 11:48:49.

Flavor Version Tinstall Tcheck Ttotal Status Flags
r-devel-linux-x86_64-debian-clang 1.1-8 2.67 10.60 13.28 OK
r-devel-linux-x86_64-debian-gcc 1.1-8 2.66 10.61 13.27 OK
r-devel-linux-x86_64-fedora-clang 1.1-8 25.04 OK
r-devel-linux-x86_64-fedora-gcc 1.1-8 24.53 OK
r-devel-osx-x86_64-clang 1.1-8 25.13 OK
r-devel-osx-x86_64-gcc 1.1-8 OK
r-devel-windows-ix86+x86_64 1.1-8 23.00 21.00 44.00 OK
r-patched-linux-x86_64 1.1-8 2.93 10.48 13.42 OK
r-patched-solaris-sparc 1.1-8 143.90 OK
r-patched-solaris-x86 1.1-8 36.30 OK
r-release-linux-ix86 1.1-8 6.00 23.00 29.00 OK
r-release-linux-x86_64 1.1-8 2.68 10.49 13.16 OK
r-release-osx-x86_64-mavericks 1.1-8 WARN
r-release-windows-ix86+x86_64 1.1-8 40.00 29.00 69.00 OK
r-oldrel-windows-ix86+x86_64 1.1-8 25.00 23.00 48.00 OK

Check Details

Version: 1.1-8
Check: PDF version of manual
Result: WARNING
    LaTeX errors when creating PDF version.
    This typically indicates Rd problems.
    LaTeX errors found:
    ! LaTeX Error: File `upquote.sty' not found.
    
    Type X to quit or <RETURN> to proceed,
    or enter new name. (Default extension: sty)
    
    16c21b3b/Rd2.tex:8: ==> Fatal error occurred, no output PDF file produced!
Flavor: r-release-osx-x86_64-mavericks