CRAN Package Check Results for Package minpack.lm

Last updated on 2017-04-26 21:47:23.

Flavor Version Tinstall Tcheck Ttotal Status Flags
r-devel-linux-x86_64-debian-clang 1.2-1 3.50 12.39 15.89 NOTE
r-devel-linux-x86_64-debian-gcc 1.2-1 3.00 12.45 15.45 NOTE
r-devel-linux-x86_64-fedora-clang 1.2-1 25.91 NOTE --no-stop-on-test-error
r-devel-linux-x86_64-fedora-gcc 1.2-1 24.09 NOTE --no-stop-on-test-error
r-devel-windows-ix86+x86_64 1.2-1 35.00 39.00 74.00 OK
r-patched-linux-x86_64 1.2-1 2.92 12.14 15.06 NOTE
r-patched-solaris-sparc 1.2-1 153.40 OK
r-patched-solaris-x86 1.2-1 34.10 OK
r-release-linux-x86_64 1.2-1 2.94 12.19 15.13 NOTE
r-release-windows-ix86+x86_64 1.2-1 25.00 35.00 60.00 OK
r-release-osx-x86_64 1.2-1 OK
r-oldrel-windows-ix86+x86_64 1.2-1 25.00 39.00 64.00 OK
r-oldrel-osx-x86_64 1.2-1 OK

Check Details

Version: 1.2-1
Check: compiled code
Result: NOTE
    File ‘minpack.lm/libs/minpack.lm.so’:
     Found no calls to: ‘R_registerRoutines’, ‘R_useDynamicSymbols’
    
    It is good practice to register native routines and to disable symbol
    search.
    
    See ‘Writing portable packages’ in the ‘Writing R Extensions’ manual.
Flavors: r-devel-linux-x86_64-debian-clang, r-devel-linux-x86_64-debian-gcc, r-patched-linux-x86_64, r-release-linux-x86_64

Version: 1.2-1
Flags: --no-stop-on-test-error
Check: compiled code
Result: NOTE
    File ‘minpack.lm/libs/minpack.lm.so’:
     Found no calls to: ‘R_registerRoutines’, ‘R_useDynamicSymbols’
    
    It is good practice to register native routines and to disable symbol
    search.
    
    See ‘Writing portable packages’ in the ‘Writing R Extensions’ manual.
Flavors: r-devel-linux-x86_64-fedora-clang, r-devel-linux-x86_64-fedora-gcc