CRAN Package Check Results for Package minpack.lm

Last updated on 2018-04-26 05:50:17 CEST.

Flavor Version Tinstall Tcheck Ttotal Status Flags
r-devel-linux-x86_64-debian-clang 1.2-1 4.66 16.19 20.85 NOTE
r-devel-linux-x86_64-debian-gcc 1.2-1 3.38 14.81 18.19 NOTE
r-devel-linux-x86_64-fedora-clang 1.2-1 27.95 NOTE
r-devel-linux-x86_64-fedora-gcc 1.2-1 26.35 NOTE
r-devel-windows-ix86+x86_64 1.2-1 35.00 42.00 77.00 OK
r-patched-linux-x86_64 1.2-1 4.32 18.18 22.50 NOTE
r-patched-solaris-x86 1.2-1 41.90 OK
r-release-linux-x86_64 1.2-1 4.29 18.45 22.74 NOTE
r-release-windows-ix86+x86_64 1.2-1 35.00 42.00 77.00 OK
r-release-osx-x86_64 1.2-1 OK
r-oldrel-windows-ix86+x86_64 1.2-1 34.00 41.00 75.00 OK
r-oldrel-osx-x86_64 1.2-1 OK

Check Details

Version: 1.2-1
Check: compiled code
Result: NOTE
    File ‘minpack.lm/libs/minpack.lm.so’:
     Found no calls to: ‘R_registerRoutines’, ‘R_useDynamicSymbols’
    
    It is good practice to register native routines and to disable symbol
    search.
    
    See ‘Writing portable packages’ in the ‘Writing R Extensions’ manual.
Flavors: r-devel-linux-x86_64-debian-clang, r-devel-linux-x86_64-debian-gcc, r-devel-linux-x86_64-fedora-clang, r-devel-linux-x86_64-fedora-gcc, r-patched-linux-x86_64, r-release-linux-x86_64