CRAN Package Check Results for Package minpack.lm

Last updated on 2017-10-23 14:48:47.

Flavor Version Tinstall Tcheck Ttotal Status Flags
r-devel-linux-x86_64-debian-clang 1.2-1 2.88 12.48 15.36 NOTE
r-devel-linux-x86_64-debian-gcc 1.2-1 3.68 12.89 16.58 NOTE
r-devel-linux-x86_64-fedora-clang 1.2-1 25.19 NOTE
r-devel-linux-x86_64-fedora-gcc 1.2-1 25.49 NOTE
r-devel-windows-ix86+x86_64 1.2-1 38.00 37.00 75.00 OK
r-patched-linux-x86_64 1.2-1 2.77 12.69 15.46 NOTE
r-patched-solaris-x86 1.2-1 35.10 OK
r-release-linux-x86_64 1.2-1 2.80 12.73 15.53 NOTE
r-release-windows-ix86+x86_64 1.2-1 32.00 51.00 83.00 OK
r-release-osx-x86_64 1.2-1 OK
r-oldrel-windows-ix86+x86_64 1.2-1 23.00 31.00 54.00 OK
r-oldrel-osx-x86_64 1.2-1 OK

Check Details

Version: 1.2-1
Check: compiled code
Result: NOTE
    File ‘minpack.lm/libs/minpack.lm.so’:
     Found no calls to: ‘R_registerRoutines’, ‘R_useDynamicSymbols’
    
    It is good practice to register native routines and to disable symbol
    search.
    
    See ‘Writing portable packages’ in the ‘Writing R Extensions’ manual.
Flavors: r-devel-linux-x86_64-debian-clang, r-devel-linux-x86_64-debian-gcc, r-devel-linux-x86_64-fedora-clang, r-devel-linux-x86_64-fedora-gcc, r-patched-linux-x86_64, r-release-linux-x86_64