CRAN Package Check Results for Package minpack.lm

Last updated on 2017-08-23 09:47:19.

Flavor Version Tinstall Tcheck Ttotal Status Flags
r-devel-linux-x86_64-debian-clang 1.2-1 5.26 12.97 18.22 NOTE
r-devel-linux-x86_64-debian-gcc 1.2-1 3.02 12.83 15.85 NOTE
r-devel-linux-x86_64-fedora-clang 1.2-1 25.05 NOTE
r-devel-linux-x86_64-fedora-gcc 1.2-1 24.17 NOTE
r-devel-windows-ix86+x86_64 1.2-1 26.00 43.00 69.00 OK
r-patched-linux-x86_64 1.2-1 2.83 12.83 15.66 NOTE
r-patched-solaris-x86 1.2-1 34.80 OK
r-release-linux-x86_64 1.2-1 2.95 12.81 15.76 NOTE
r-release-windows-ix86+x86_64 1.2-1 27.00 46.00 73.00 OK
r-release-osx-x86_64 1.2-1 OK
r-oldrel-windows-ix86+x86_64 1.2-1 31.00 46.00 77.00 OK
r-oldrel-osx-x86_64 1.2-1 OK

Check Details

Version: 1.2-1
Check: compiled code
Result: NOTE
    File ‘minpack.lm/libs/minpack.lm.so’:
     Found no calls to: ‘R_registerRoutines’, ‘R_useDynamicSymbols’
    
    It is good practice to register native routines and to disable symbol
    search.
    
    See ‘Writing portable packages’ in the ‘Writing R Extensions’ manual.
Flavors: r-devel-linux-x86_64-debian-clang, r-devel-linux-x86_64-debian-gcc, r-devel-linux-x86_64-fedora-clang, r-devel-linux-x86_64-fedora-gcc, r-patched-linux-x86_64, r-release-linux-x86_64