CRAN Package Check Results for Package minpack.lm

Last updated on 2017-06-26 16:47:03.

Flavor Version Tinstall Tcheck Ttotal Status Flags
r-devel-linux-x86_64-debian-clang 1.2-1 3.21 12.60 15.81 NOTE
r-devel-linux-x86_64-debian-gcc 1.2-1 3.46 12.35 15.82 NOTE
r-devel-linux-x86_64-fedora-clang 1.2-1 25.48 NOTE
r-devel-linux-x86_64-fedora-gcc 1.2-1 25.37 NOTE
r-devel-windows-ix86+x86_64 1.2-1 37.00 36.00 73.00 OK
r-patched-linux-x86_64 1.2-1 3.16 12.28 15.44 NOTE
r-patched-solaris-sparc 1.2-1 153.40 OK
r-patched-solaris-x86 1.2-1 34.30 OK
r-release-linux-x86_64 1.2-1 3.31 12.37 15.67 NOTE
r-release-windows-ix86+x86_64 1.2-1 38.00 44.00 82.00 OK
r-release-osx-x86_64 1.2-1 OK
r-oldrel-windows-ix86+x86_64 1.2-1 25.00 39.00 64.00 OK
r-oldrel-osx-x86_64 1.2-1 OK

Check Details

Version: 1.2-1
Check: compiled code
Result: NOTE
    File ‘minpack.lm/libs/minpack.lm.so’:
     Found no calls to: ‘R_registerRoutines’, ‘R_useDynamicSymbols’
    
    It is good practice to register native routines and to disable symbol
    search.
    
    See ‘Writing portable packages’ in the ‘Writing R Extensions’ manual.
Flavors: r-devel-linux-x86_64-debian-clang, r-devel-linux-x86_64-debian-gcc, r-devel-linux-x86_64-fedora-clang, r-devel-linux-x86_64-fedora-gcc, r-patched-linux-x86_64, r-release-linux-x86_64