CRAN Package Check Results for Package minpack.lm

Last updated on 2018-08-18 13:46:33 CEST.

Flavor Version Tinstall Tcheck Ttotal Status Flags
r-devel-linux-x86_64-debian-clang 1.2-1 4.75 19.91 24.66 NOTE
r-devel-linux-x86_64-debian-gcc 1.2-1 3.68 16.23 19.91 NOTE
r-devel-linux-x86_64-fedora-clang 1.2-1 29.32 NOTE
r-devel-linux-x86_64-fedora-gcc 1.2-1 28.99 NOTE
r-devel-windows-ix86+x86_64 1.2-1 30.00 54.00 84.00 OK
r-patched-linux-x86_64 1.2-1 4.36 18.55 22.91 NOTE
r-patched-solaris-x86 1.2-1 42.60 OK
r-release-linux-x86_64 1.2-1 4.20 18.62 22.82 NOTE
r-release-windows-ix86+x86_64 1.2-1 37.00 49.00 86.00 OK
r-release-osx-x86_64 1.2-1 OK
r-oldrel-windows-ix86+x86_64 1.2-1 23.00 45.00 68.00 OK
r-oldrel-osx-x86_64 1.2-1 OK

Check Details

Version: 1.2-1
Check: compiled code
Result: NOTE
    File ‘minpack.lm/libs/minpack.lm.so’:
     Found no calls to: ‘R_registerRoutines’, ‘R_useDynamicSymbols’
    
    It is good practice to register native routines and to disable symbol
    search.
    
    See ‘Writing portable packages’ in the ‘Writing R Extensions’ manual.
Flavors: r-devel-linux-x86_64-debian-clang, r-devel-linux-x86_64-debian-gcc, r-devel-linux-x86_64-fedora-clang, r-devel-linux-x86_64-fedora-gcc, r-patched-linux-x86_64, r-release-linux-x86_64