CRAN Package Check Results for Package minpack.lm

Last updated on 2017-02-28 03:47:42.

Flavor Version Tinstall Tcheck Ttotal Status Flags
r-devel-linux-x86_64-debian-clang 1.2-1 3.20 12.18 15.38 NOTE
r-devel-linux-x86_64-debian-gcc 1.2-1 3.05 12.15 15.21 NOTE
r-devel-linux-x86_64-fedora-clang 1.2-1 24.91 NOTE --no-stop-on-test-error
r-devel-linux-x86_64-fedora-gcc 1.2-1 23.95 NOTE --no-stop-on-test-error
r-devel-macos-x86_64-clang 1.2-1 23.32 NOTE --no-stop-on-test-error
r-devel-windows-ix86+x86_64 1.2-1 26.00 64.00 90.00 OK
r-patched-linux-x86_64 1.2-1 2.84 10.36 13.21 OK
r-patched-solaris-sparc 1.2-1 124.50 OK
r-patched-solaris-x86 1.2-1 29.40 OK
r-release-linux-x86_64 1.2-1 2.92 10.24 13.16 OK
r-release-osx-x86_64-mavericks 1.2-1 OK
r-release-windows-ix86+x86_64 1.2-1 42.00 40.00 82.00 OK
r-oldrel-windows-ix86+x86_64 1.2-1 27.00 37.00 64.00 OK

Check Details

Version: 1.2-1
Check: compiled code
Result: NOTE
    File ‘minpack.lm/libs/minpack.lm.so’:
     Found no calls to: ‘R_registerRoutines’, ‘R_useDynamicSymbols’
    
    It is good practice to register native routines and to disable symbol
    search.
    
    See ‘Writing portable packages’ in the ‘Writing R Extensions’ manual.
Flavors: r-devel-linux-x86_64-debian-clang, r-devel-linux-x86_64-debian-gcc

Version: 1.2-1
Flags: --no-stop-on-test-error
Check: compiled code
Result: NOTE
    File ‘minpack.lm/libs/minpack.lm.so’:
     Found no calls to: ‘R_registerRoutines’, ‘R_useDynamicSymbols’
    
    It is good practice to register native routines and to disable symbol
    search.
    
    See ‘Writing portable packages’ in the ‘Writing R Extensions’ manual.
Flavors: r-devel-linux-x86_64-fedora-clang, r-devel-linux-x86_64-fedora-gcc, r-devel-macos-x86_64-clang