CRAN Package Check Results for Package minpack.lm

Last updated on 2018-01-19 05:50:00 CET.

Flavor Version Tinstall Tcheck Ttotal Status Flags
r-devel-linux-x86_64-debian-clang 1.2-1 3.98 17.40 21.38 NOTE
r-devel-linux-x86_64-debian-gcc 1.2-1 3.07 15.62 18.69 NOTE
r-devel-linux-x86_64-fedora-clang 1.2-1 27.71 NOTE
r-devel-linux-x86_64-fedora-gcc 1.2-1 26.92 NOTE
r-devel-windows-ix86+x86_64 1.2-1 44.00 54.00 98.00 OK
r-patched-linux-x86_64 1.2-1 3.76 18.09 21.85 NOTE
r-patched-solaris-x86 1.2-1 42.00 OK
r-release-linux-x86_64 1.2-1 3.73 18.03 21.76 NOTE
r-release-windows-ix86+x86_64 1.2-1 28.00 43.00 71.00 OK
r-release-osx-x86_64 1.2-1 OK
r-oldrel-windows-ix86+x86_64 1.2-1 36.00 39.00 75.00 OK
r-oldrel-osx-x86_64 1.2-1 OK

Check Details

Version: 1.2-1
Check: compiled code
Result: NOTE
    File ‘minpack.lm/libs/minpack.lm.so’:
     Found no calls to: ‘R_registerRoutines’, ‘R_useDynamicSymbols’
    
    It is good practice to register native routines and to disable symbol
    search.
    
    See ‘Writing portable packages’ in the ‘Writing R Extensions’ manual.
Flavors: r-devel-linux-x86_64-debian-clang, r-devel-linux-x86_64-debian-gcc, r-devel-linux-x86_64-fedora-clang, r-devel-linux-x86_64-fedora-gcc, r-patched-linux-x86_64, r-release-linux-x86_64