CRAN Package Check Results for Package minpack.lm

Last updated on 2015-07-30 21:47:13.

Flavor Version Tinstall Tcheck Ttotal Status Flags
r-devel-linux-x86_64-debian-clang 1.1-8 2.82 9.96 12.78 NOTE
r-devel-linux-x86_64-debian-gcc 1.1-8 2.74 9.67 12.42 NOTE
r-devel-linux-x86_64-fedora-clang 1.1-8 22.90 NOTE
r-devel-linux-x86_64-fedora-gcc 1.1-8 21.20 NOTE
r-devel-osx-x86_64-clang 1.1-8 21.44 OK
r-devel-windows-ix86+x86_64 1.1-8 38.00 30.00 68.00 NOTE
r-patched-linux-x86_64 1.1-8 2.77 9.96 12.73 OK
r-patched-solaris-sparc 1.1-8 151.40 OK
r-patched-solaris-x86 1.1-8 34.30 OK
r-release-linux-x86_64 1.1-8 2.90 9.89 12.79 OK
r-release-osx-x86_64-mavericks 1.1-8 OK
r-release-windows-ix86+x86_64 1.1-8 26.00 24.00 50.00 OK
r-oldrel-windows-ix86+x86_64 1.1-8 33.00 23.00 56.00 OK

Check Details

Version: 1.1-8
Check: R code for possible problems
Result: NOTE
    confint.nls.lm: no visible global function definition for ‘coef’
    confint.nls.lm: no visible global function definition for ‘qt’
    confint.nls.lm: no visible global function definition for ‘vcov’
    df.residual.nls.lm: no visible global function definition for ‘resid’
    df.residual.nls.lm: no visible global function definition for ‘coef’
    nlsLM: no visible global function definition for ‘as.formula’
    nlsLM: no visible global function definition for ‘getInitial’
    nlsLM: no visible global function definition for ‘model.weights’
    nlsLM: no visible global function definition for ‘nls.control’
    nlsModel : getPars.noVarying: no visible global function definition for
     ‘setNames’
    nlsModel : getRHS.noVarying: no visible global function definition for
     ‘numericDeriv’
    nlsModel : getPars.varying: no visible global function definition for
     ‘setNames’
    print.summary.nls.lm: no visible global function definition for
     ‘printCoefmat’
    summary.nls.lm: no visible global function definition for ‘coef’
    summary.nls.lm: no visible global function definition for ‘deviance’
    summary.nls.lm: no visible global function definition for ‘pt’
    wfct: no visible global function definition for ‘as.formula’
    wfct: no visible global function definition for ‘na.omit’
    wfct : <anonymous>: no visible global function definition for ‘var’
    wfct: no visible global function definition for ‘residuals’
    Undefined global functions or variables:
     as.formula coef deviance getInitial model.weights na.omit nls.control
     numericDeriv printCoefmat pt qt resid residuals setNames var vcov
    Consider adding
     importFrom("stats", "as.formula", "coef", "deviance", "getInitial",
     "model.weights", "na.omit", "nls.control", "numericDeriv",
     "printCoefmat", "pt", "qt", "resid", "residuals",
     "setNames", "var", "vcov")
    to your NAMESPACE.
Flavors: r-devel-linux-x86_64-debian-clang, r-devel-linux-x86_64-debian-gcc, r-devel-linux-x86_64-fedora-clang, r-devel-linux-x86_64-fedora-gcc, r-devel-windows-ix86+x86_64