CRAN Package Check Results for Package minqa

Last updated on 2016-07-25 11:50:54.

Flavor Version Tinstall Tcheck Ttotal Status Flags
r-devel-linux-x86_64-debian-clang 1.2.4 12.45 16.35 28.79 OK
r-devel-linux-x86_64-debian-gcc 1.2.4 12.39 15.75 28.15 OK
r-devel-linux-x86_64-fedora-clang 1.2.4 41.69 OK
r-devel-linux-x86_64-fedora-gcc 1.2.4 40.35 OK
r-devel-osx-x86_64-clang 1.2.4 34.50 OK
r-devel-windows-ix86+x86_64 1.2.4 45.00 48.00 93.00 OK
r-patched-linux-x86_64 1.2.4 11.28 14.58 25.86 OK
r-patched-solaris-sparc 1.2.4 246.50 NOTE
r-patched-solaris-x86 1.2.4 48.80 OK
r-release-linux-x86_64 1.2.4 11.53 16.61 28.14 OK
r-release-osx-x86_64-mavericks 1.2.4 OK
r-release-windows-ix86+x86_64 1.2.4 37.00 53.00 90.00 OK
r-oldrel-windows-ix86+x86_64 1.2.4 52.00 60.00 112.00 OK

Check Details

Version: 1.2.4
Check: installed package size
Result: NOTE
     installed size is 5.1Mb
     sub-directories of 1Mb or more:
     libs 5.0Mb
Flavor: r-patched-solaris-sparc