CRAN Package Check Results for Package mirt

Last updated on 2018-05-20 16:50:00 CEST.

Flavor Version Tinstall Tcheck Ttotal Status Flags
r-devel-linux-x86_64-debian-clang 1.27.1 103.31 166.38 269.69 OK
r-devel-linux-x86_64-debian-gcc 1.27.1 89.97 127.61 217.58 OK
r-devel-linux-x86_64-fedora-clang 1.28 195.05 NOTE
r-devel-linux-x86_64-fedora-gcc 1.28 183.70 NOTE
r-devel-windows-ix86+x86_64 1.27.1 218.00 200.00 418.00 OK
r-patched-linux-x86_64 1.27.1 111.87 155.78 267.65 OK
r-patched-solaris-x86 1.28 336.80 OK
r-release-linux-x86_64 1.27.1 114.46 153.93 268.39 OK
r-release-windows-ix86+x86_64 1.27.1 182.00 182.00 364.00 OK
r-release-osx-x86_64 1.28 NOTE
r-oldrel-windows-ix86+x86_64 1.28 222.00 258.00 480.00 OK
r-oldrel-osx-x86_64 1.27.1 NOTE

Check Details

Version: 1.28
Check: installed package size
Result: NOTE
     installed size is 7.4Mb
     sub-directories of 1Mb or more:
     R 1.3Mb
     libs 5.4Mb
Flavors: r-devel-linux-x86_64-fedora-clang, r-devel-linux-x86_64-fedora-gcc, r-release-osx-x86_64

Version: 1.27.1
Check: installed package size
Result: NOTE
     installed size is 6.5Mb
     sub-directories of 1Mb or more:
     R 1.2Mb
     libs 4.7Mb
Flavor: r-oldrel-osx-x86_64