CRAN Package Check Results for Package mirt

Last updated on 2020-08-05 10:06:06 CEST.

Flavor Version Tinstall Tcheck Ttotal Status Flags
r-devel-linux-x86_64-debian-clang 1.32.1 155.29 200.19 355.48 OK
r-devel-linux-x86_64-debian-gcc 1.32.1 118.69 149.80 268.49 OK
r-devel-linux-x86_64-fedora-clang 1.32.1 440.84 NOTE
r-devel-linux-x86_64-fedora-gcc 1.32.1 430.11 OK
r-devel-windows-ix86+x86_64 1.32.1 308.00 265.00 573.00 NOTE
r-patched-linux-x86_64 1.32.1 126.31 200.95 327.26 OK
r-patched-solaris-x86 1.32.1 408.30 OK
r-release-linux-x86_64 1.32.1 128.29 202.06 330.35 OK
r-release-macos-x86_64 1.32.1 NOTE
r-release-windows-ix86+x86_64 1.32.1 307.00 315.00 622.00 NOTE
r-oldrel-macos-x86_64 1.32.1 NOTE
r-oldrel-windows-ix86+x86_64 1.32.1 193.00 300.00 493.00 OK

Check Details

Version: 1.32.1
Check: installed package size
Result: NOTE
     installed size is 10.2Mb
     sub-directories of 1Mb or more:
     R 1.4Mb
     libs 8.2Mb
Flavors: r-devel-linux-x86_64-fedora-clang, r-devel-windows-ix86+x86_64, r-release-macos-x86_64, r-release-windows-ix86+x86_64, r-oldrel-macos-x86_64