Last updated on 2023-03-28 22:56:43 CEST.
Flavor | Version | Tinstall | Tcheck | Ttotal | Status | Flags |
---|---|---|---|---|---|---|
r-devel-linux-x86_64-debian-clang | 1.38.1 | 154.88 | 263.40 | 418.28 | OK | |
r-devel-linux-x86_64-debian-gcc | 1.38.1 | 127.47 | 194.03 | 321.50 | OK | |
r-devel-linux-x86_64-fedora-clang | 1.38.1 | 541.75 | OK | |||
r-devel-linux-x86_64-fedora-gcc | 1.38.1 | 547.89 | OK | |||
r-patched-linux-x86_64 | 1.38.1 | 138.93 | 247.14 | 386.07 | OK | |
r-release-linux-x86_64 | 1.38.1 | 124.54 | 235.99 | 360.53 | OK | |
r-release-macos-arm64 | 1.38.1 | 96.00 | NOTE | |||
r-release-macos-x86_64 | 1.38.1 | 151.00 | NOTE | |||
r-release-windows-x86_64 | 1.38.1 | 185.00 | 308.00 | 493.00 | OK | |
r-oldrel-macos-arm64 | 1.38.1 | 89.00 | NOTE | |||
r-oldrel-macos-x86_64 | 1.38.1 | 154.00 | NOTE | |||
r-oldrel-windows-ix86+x86_64 | 1.38.1 | 308.00 | 355.00 | 663.00 | NOTE |
Version: 1.38.1
Check: installed package size
Result: NOTE
installed size is 9.2Mb
sub-directories of 1Mb or more:
R 2.0Mb
libs 6.5Mb
Flavors: r-release-macos-arm64, r-release-macos-x86_64, r-oldrel-macos-arm64, r-oldrel-macos-x86_64, r-oldrel-windows-ix86+x86_64