Last updated on 2025-01-19 17:49:11 CET.
Flavor | Version | Tinstall | Tcheck | Ttotal | Status | Flags |
---|---|---|---|---|---|---|
r-devel-linux-x86_64-debian-clang | 1.43 | 123.29 | 235.79 | 359.08 | OK | |
r-devel-linux-x86_64-debian-gcc | 1.43 | 85.25 | 144.13 | 229.38 | OK | |
r-devel-linux-x86_64-fedora-clang | 1.43 | 603.65 | OK | |||
r-devel-linux-x86_64-fedora-gcc | 1.43 | 603.97 | OK | |||
r-devel-windows-x86_64 | 1.43 | 114.00 | 244.00 | 358.00 | OK | |
r-patched-linux-x86_64 | 1.43 | 128.22 | 217.62 | 345.84 | OK | |
r-release-linux-x86_64 | 1.43 | 125.25 | 216.70 | 341.95 | OK | |
r-release-macos-arm64 | 1.43 | 260.00 | NOTE | |||
r-release-macos-x86_64 | 1.43 | 338.00 | NOTE | |||
r-release-windows-x86_64 | 1.43 | 112.00 | 245.00 | 357.00 | OK | |
r-oldrel-macos-arm64 | 1.43 | 269.00 | NOTE | |||
r-oldrel-macos-x86_64 | 1.43 | 328.00 | NOTE | |||
r-oldrel-windows-x86_64 | 1.43 | 136.00 | 318.00 | 454.00 | OK |
Version: 1.43
Check: installed package size
Result: NOTE
installed size is 10.2Mb
sub-directories of 1Mb or more:
R 2.0Mb
libs 7.5Mb
Flavors: r-release-macos-arm64, r-release-macos-x86_64, r-oldrel-macos-arm64, r-oldrel-macos-x86_64