CRAN Package Check Results for Package mirt

Last updated on 2016-06-26 06:47:06.

Flavor Version Tinstall Tcheck Ttotal Status Flags
r-devel-linux-x86_64-debian-gcc 1.18 54.28 86.73 141.01 OK
r-devel-linux-x86_64-fedora-clang 1.18 256.17 OK
r-devel-linux-x86_64-fedora-gcc 1.18 234.08 OK
r-devel-osx-x86_64-clang 1.18 195.00 OK
r-devel-windows-ix86+x86_64 1.17.1 159.00 183.00 342.00 OK
r-patched-linux-x86_64 1.18 45.41 86.49 131.90 OK
r-patched-solaris-sparc 1.18 1389.30 NOTE
r-patched-solaris-x86 1.18 266.80 NOTE
r-release-linux-x86_64 1.17.1 46.21 84.78 130.99 OK
r-release-osx-x86_64-mavericks 1.18 OK
r-release-windows-ix86+x86_64 1.18 101.00 136.00 237.00 OK
r-oldrel-windows-ix86+x86_64 1.17.1 158.00 204.00 362.00 OK

Check Details

Version: 1.18
Check: installed package size
Result: NOTE
     installed size is 7.2Mb
     sub-directories of 1Mb or more:
     R 1.1Mb
     libs 5.5Mb
Flavors: r-patched-solaris-sparc, r-patched-solaris-x86