CRAN Package Check Results for Package mirt

Last updated on 2014-10-02 03:47:49.

Flavor Version Tinstall Tcheck Ttotal Status Flags
r-devel-linux-x86_64-debian-clang 1.5 25.34 48.99 74.32 NOTE
r-devel-linux-x86_64-debian-gcc 1.5 35.35 49.80 85.15 NOTE
r-devel-linux-x86_64-fedora-clang 1.5 161.17 NOTE
r-devel-linux-x86_64-fedora-gcc 1.5 152.47 NOTE
r-devel-osx-x86_64-clang 1.5 118.42 NOTE
r-devel-windows-ix86+x86_64 1.5 76.00 78.00 154.00 NOTE
r-patched-linux-x86_64 1.5 34.21 53.61 87.82 NOTE
r-patched-solaris-sparc 1.5 901.80 NOTE
r-patched-solaris-x86 1.5 204.20 NOTE
r-release-linux-ix86 1.5 39.39 65.93 105.32 NOTE
r-release-linux-x86_64 1.5 32.70 52.48 85.18 NOTE
r-release-osx-x86_64-mavericks 1.5 OK
r-release-osx-x86_64-snowleopard 1.5 OK
r-release-windows-ix86+x86_64 1.5 82.00 94.00 176.00 OK
r-oldrel-windows-ix86+x86_64 1.5 85.00 92.00 177.00 OK

Check Details

Version: 1.5
Check: package dependencies
Result: NOTE
    Package suggested but not available for checking: ‘plink’
Flavors: r-devel-linux-x86_64-debian-clang, r-devel-linux-x86_64-debian-gcc, r-devel-linux-x86_64-fedora-clang, r-devel-linux-x86_64-fedora-gcc, r-devel-osx-x86_64-clang, r-patched-linux-x86_64, r-patched-solaris-sparc, r-patched-solaris-x86, r-release-linux-ix86, r-release-linux-x86_64

Version: 1.5
Check: R code for possible problems
Result: NOTE
    itemplot: no visible global function definition for ‘runApp’
    itemplot.main: no visible global function definition for ‘doubleYScale’
    mirtCluster: no visible global function definition for ‘stopCluster’
    mirtCluster: no visible global function definition for ‘detectCores’
    mirtCluster: no visible global function definition for ‘makeCluster’
    read.mirt: no visible global function definition for ‘as.poly.mod’
    shinyItemplot: no visible global function definition for
     ‘pageWithSidebar’
    shinyItemplot: no visible global function definition for ‘headerPanel’
    shinyItemplot: no visible global function definition for ‘sidebarPanel’
    shinyItemplot: no visible global function definition for ‘h5’
    shinyItemplot: no visible global function definition for ‘selectInput’
    shinyItemplot: no visible global function definition for ‘numericInput’
    shinyItemplot: no visible global function definition for
     ‘checkboxInput’
    shinyItemplot: no visible global function definition for
     ‘conditionalPanel’
    shinyItemplot: no visible global function definition for ‘sliderInput’
    shinyItemplot: no visible global function definition for ‘mainPanel’
    shinyItemplot: no visible global function definition for
     ‘verbatimTextOutput’
    shinyItemplot: no visible global function definition for ‘plotOutput’
    shinyItemplot : <anonymous>: no visible global function definition for
     ‘renderPlot’
    shinyItemplot : <anonymous>: no visible global function definition for
     ‘renderPrint’
Flavors: r-devel-linux-x86_64-debian-clang, r-devel-linux-x86_64-debian-gcc, r-devel-linux-x86_64-fedora-clang, r-devel-linux-x86_64-fedora-gcc, r-devel-osx-x86_64-clang, r-devel-windows-ix86+x86_64

Version: 1.5
Check: R code for possible problems
Result: NOTE
    read.mirt: no visible global function definition for ‘as.poly.mod’
Flavors: r-patched-linux-x86_64, r-patched-solaris-sparc, r-patched-solaris-x86, r-release-linux-ix86, r-release-linux-x86_64