Last updated on 2022-07-03 19:50:01 CEST.
Flavor | Version | Tinstall | Tcheck | Ttotal | Status | Flags |
---|---|---|---|---|---|---|
r-devel-linux-x86_64-debian-clang | 1.36.1 | 161.37 | 238.08 | 399.45 | OK | |
r-devel-linux-x86_64-debian-gcc | 1.36.1 | 121.31 | 173.68 | 294.99 | OK | |
r-devel-linux-x86_64-fedora-clang | 1.36.1 | 513.88 | NOTE | |||
r-devel-linux-x86_64-fedora-gcc | 1.36.1 | 513.23 | OK | |||
r-devel-windows-x86_64 | 1.36.1 | 145.00 | 282.00 | 427.00 | OK | |
r-patched-linux-x86_64 | 1.36.1 | 129.14 | 226.91 | 356.05 | OK | |
r-release-linux-x86_64 | 1.36.1 | 131.48 | 224.75 | 356.23 | OK | |
r-release-macos-arm64 | 1.36.1 | 111.00 | NOTE | |||
r-release-macos-x86_64 | 1.36.1 | 146.00 | NOTE | |||
r-release-windows-x86_64 | 1.36.1 | 153.00 | 278.00 | 431.00 | OK | |
r-oldrel-macos-arm64 | 1.36.1 | 99.00 | NOTE | |||
r-oldrel-macos-x86_64 | 1.36.1 | 151.00 | NOTE | |||
r-oldrel-windows-ix86+x86_64 | 1.36.1 | 310.00 | 346.00 | 656.00 | NOTE |
Version: 1.36.1
Check: installed package size
Result: NOTE
installed size is 7.1Mb
sub-directories of 1Mb or more:
R 1.5Mb
libs 5.0Mb
Flavors: r-devel-linux-x86_64-fedora-clang, r-release-macos-arm64, r-release-macos-x86_64, r-oldrel-macos-arm64, r-oldrel-macos-x86_64, r-oldrel-windows-ix86+x86_64