CRAN Package Check Results for Package mirt

Last updated on 2015-01-28 12:48:04.

Flavor Version Tinstall Tcheck Ttotal Status Flags
r-devel-linux-x86_64-debian-clang 1.8 26.20 52.60 78.80 OK
r-devel-linux-x86_64-debian-gcc 1.8 38.10 50.20 88.30 OK
r-devel-linux-x86_64-fedora-clang 1.8 169.79 OK
r-devel-linux-x86_64-fedora-gcc 1.8 120.60 OK
r-devel-osx-x86_64-clang 1.8 151.19 NOTE
r-devel-windows-ix86+x86_64 1.8 109.00 86.00 195.00 OK
r-patched-linux-x86_64 1.8 33.39 55.17 88.56 OK
r-patched-solaris-sparc 1.8 955.90 OK
r-patched-solaris-x86 1.8 180.50 OK
r-release-linux-ix86 1.7 39.17 65.83 105.00 OK
r-release-linux-x86_64 1.8 33.47 55.97 89.44 OK
r-release-osx-x86_64-mavericks 1.8 OK
r-release-osx-x86_64-snowleopard 1.8 OK
r-release-windows-ix86+x86_64 1.8 88.00 101.00 189.00 OK
r-oldrel-windows-ix86+x86_64 1.8 84.00 110.00 194.00 OK

Check Details

Version: 1.8
Check: package dependencies
Result: NOTE
    Package suggested but not available for checking: ‘mirtCAT’
Flavor: r-devel-osx-x86_64-clang