CRAN Package Check Results for Package mirt

Last updated on 2016-07-24 03:51:11.

Flavor Version Tinstall Tcheck Ttotal Status Flags
r-devel-linux-x86_64-debian-clang 1.18 61.62 97.40 159.02 OK
r-devel-linux-x86_64-debian-gcc 1.18 59.94 100.69 160.63 OK
r-devel-linux-x86_64-fedora-clang 1.18 264.51 OK
r-devel-linux-x86_64-fedora-gcc 1.18 239.76 OK
r-devel-osx-x86_64-clang 1.18 199.56 OK
r-devel-windows-ix86+x86_64 1.18 127.00 162.00 289.00 OK
r-patched-linux-x86_64 1.18 52.27 89.88 142.14 OK
r-patched-solaris-sparc 1.18 1389.30 NOTE
r-patched-solaris-x86 1.18 266.20 OK
r-release-linux-x86_64 1.18 50.06 93.49 143.54 OK
r-release-osx-x86_64-mavericks 1.18 OK
r-release-windows-ix86+x86_64 1.18 126.00 151.00 277.00 OK
r-oldrel-windows-ix86+x86_64 1.18 144.00 206.00 350.00 OK

Check Details

Version: 1.18
Check: installed package size
Result: NOTE
     installed size is 7.2Mb
     sub-directories of 1Mb or more:
     R 1.1Mb
     libs 5.5Mb
Flavor: r-patched-solaris-sparc