CRAN Package Check Results for Package mirt

Last updated on 2019-11-21 06:48:00 CET.

Flavor Version Tinstall Tcheck Ttotal Status Flags
r-devel-linux-x86_64-debian-clang 1.31 126.84 181.96 308.80 OK
r-devel-linux-x86_64-debian-gcc 1.31 110.70 144.29 254.99 OK
r-devel-linux-x86_64-fedora-clang 1.31 393.96 NOTE
r-devel-linux-x86_64-fedora-gcc 1.31 397.67 OK
r-devel-windows-ix86+x86_64 1.31 283.00 305.00 588.00 OK
r-devel-windows-ix86+x86_64-gcc8 1.31 274.00 245.00 519.00 OK
r-patched-linux-x86_64 1.31 111.77 176.32 288.09 OK
r-patched-solaris-x86 1.31 413.00 OK
r-release-linux-x86_64 1.31 112.60 176.93 289.53 OK
r-release-windows-ix86+x86_64 1.31 266.00 307.00 573.00 OK
r-release-osx-x86_64 1.31 NOTE
r-oldrel-windows-ix86+x86_64 1.31 240.00 195.00 435.00 OK
r-oldrel-osx-x86_64 1.31 NOTE

Check Details

Version: 1.31
Check: installed package size
Result: NOTE
     installed size is 8.9Mb
     sub-directories of 1Mb or more:
     R 1.4Mb
     libs 6.9Mb
Flavors: r-devel-linux-x86_64-fedora-clang, r-release-osx-x86_64, r-oldrel-osx-x86_64