Last updated on 2023-09-25 15:00:11 CEST.
Flavor | Version | Tinstall | Tcheck | Ttotal | Status | Flags |
---|---|---|---|---|---|---|
r-devel-linux-x86_64-debian-clang | 1.40 | 154.67 | 272.97 | 427.64 | OK | |
r-devel-linux-x86_64-debian-gcc | 1.40 | 116.86 | 195.99 | 312.85 | OK | |
r-devel-linux-x86_64-fedora-clang | 1.40 | 547.34 | OK | |||
r-devel-linux-x86_64-fedora-gcc | 1.40 | 568.06 | OK | |||
r-devel-windows-x86_64 | 1.40 | 113.00 | 246.00 | 359.00 | OK | |
r-patched-linux-x86_64 | 1.40 | 160.33 | 262.17 | 422.50 | OK | |
r-release-linux-x86_64 | 1.40 | 152.31 | 260.72 | 413.03 | OK | |
r-release-macos-arm64 | 1.40 | 122.00 | NOTE | |||
r-release-macos-x86_64 | 1.40 | 240.00 | NOTE | |||
r-release-windows-x86_64 | 1.40 | 153.00 | 296.00 | 449.00 | OK | |
r-oldrel-macos-arm64 | 1.40 | 105.00 | NOTE | |||
r-oldrel-macos-x86_64 | 1.40 | 170.00 | NOTE | |||
r-oldrel-windows-x86_64 | 1.40 | 146.00 | 262.00 | 408.00 | OK |
Version: 1.40
Check: installed package size
Result: NOTE
installed size is 8.9Mb
sub-directories of 1Mb or more:
R 2.0Mb
libs 6.3Mb
Flavors: r-release-macos-arm64, r-release-macos-x86_64, r-oldrel-macos-arm64, r-oldrel-macos-x86_64