CRAN Package Check Results for Package mirt

Last updated on 2016-12-09 07:48:37.

Flavor Version Tinstall Tcheck Ttotal Status Flags
r-devel-linux-x86_64-debian-clang 1.21 51.38 92.07 143.46 OK
r-devel-linux-x86_64-debian-gcc 1.21 54.60 88.70 143.30 OK
r-devel-linux-x86_64-fedora-clang 1.21 288.33 OK --no-stop-on-test-error
r-devel-linux-x86_64-fedora-gcc 1.21 287.41 NOTE --no-stop-on-test-error
r-devel-macos-x86_64-clang 1.21 213.64 OK --no-stop-on-test-error
r-devel-windows-ix86+x86_64 1.21 120.00 145.00 265.00 OK
r-patched-linux-x86_64 1.21 44.40 83.70 128.10 OK
r-patched-solaris-sparc 1.21 1385.30 OK
r-patched-solaris-x86 1.21 268.80 OK
r-release-linux-x86_64 1.21 45.91 84.58 130.50 OK
r-release-osx-x86_64-mavericks 1.21 OK
r-release-windows-ix86+x86_64 1.21 125.00 151.00 276.00 OK
r-oldrel-windows-ix86+x86_64 1.21 149.00 155.00 304.00 OK

Check Details

Version: 1.21
Flags: --no-stop-on-test-error
Check: installed package size
Result: NOTE
     installed size is 5.6Mb
     sub-directories of 1Mb or more:
     R 1.4Mb
     libs 3.7Mb
Flavor: r-devel-linux-x86_64-fedora-gcc