CRAN Package Check Results for Package mirtjml

Last updated on 2022-12-09 01:50:34 CET.

Flavor Version Tinstall Tcheck Ttotal Status Flags
r-devel-linux-x86_64-debian-clang 1.4.0 59.62 34.61 94.23 NOTE
r-devel-linux-x86_64-debian-gcc 1.4.0 51.30 26.62 77.92 NOTE
r-devel-linux-x86_64-fedora-clang 1.4.0 157.25 NOTE
r-devel-linux-x86_64-fedora-gcc 1.4.0 140.82 NOTE
r-devel-windows-x86_64 1.4.0 68.00 90.00 158.00 NOTE
r-patched-linux-x86_64 1.4.0 61.70 31.65 93.35 OK
r-release-linux-x86_64 1.4.0 55.81 33.17 88.98 OK
r-release-macos-arm64 1.4.0 36.00 OK
r-release-macos-x86_64 1.4.0 48.00 OK
r-release-windows-x86_64 1.4.0 68.00 87.00 155.00 OK
r-oldrel-macos-arm64 1.4.0 40.00 OK
r-oldrel-macos-x86_64 1.4.0 68.00 OK
r-oldrel-windows-ix86+x86_64 1.4.0 171.00 98.00 269.00 OK

Check Details

Version: 1.4.0
Check: package subdirectories
Result: NOTE
    Problems with news in 'NEWS.md':
    No news entries found.
Flavors: r-devel-linux-x86_64-debian-clang, r-devel-linux-x86_64-debian-gcc, r-devel-linux-x86_64-fedora-clang, r-devel-linux-x86_64-fedora-gcc, r-devel-windows-x86_64