CRAN Package Check Results for Package misc3d

Last updated on 2014-07-24 11:53:25.

Flavor Version Tinstall Tcheck Ttotal Status Flags
r-devel-linux-x86_64-debian-clang 0.8-4 0.77 23.18 23.94 NOTE
r-devel-linux-x86_64-debian-gcc 0.8-4 1.03 23.15 24.18 NOTE
r-devel-linux-x86_64-fedora-clang 0.8-4 47.37 NOTE
r-devel-linux-x86_64-fedora-gcc 0.8-4 44.15 NOTE
r-devel-osx-x86_64-clang 0.8-4 44.18 NOTE
r-devel-windows-ix86+x86_64 0.8-4 3.00 36.00 39.00 NOTE
r-patched-linux-x86_64 0.8-4 0.75 23.03 23.78 NOTE
r-patched-solaris-sparc 0.8-4 178.10 NOTE --no-examples
r-patched-solaris-x86 0.8-4 65.70 NOTE
r-release-linux-ix86 0.8-4 1.09 34.58 35.67 NOTE
r-release-linux-x86_64 0.8-4 0.78 23.84 24.62 NOTE
r-release-osx-x86_64-mavericks 0.8-4 NOTE
r-release-windows-ix86+x86_64 0.8-4 3.00 37.00 40.00 NOTE
r-oldrel-windows-ix86+x86_64 0.8-4 3.00 45.00 48.00 NOTE

Check Details

Version: 0.8-4
Check: dependencies in R code
Result: NOTE
    There are ::: calls to the package's namespace in its code. A package
     almost never needs to use ::: for its own objects:
     ‘canonicalizeAndMergeScene’ ‘colorScene’ ‘t2ve’ ‘vertexNormals’
     ‘vertexTriangles’
    See the information on DESCRIPTION files in the chapter ‘Creating R
    packages’ of the ‘Writing R Extensions’ manual.
Flavors: r-devel-linux-x86_64-debian-clang, r-devel-linux-x86_64-debian-gcc, r-devel-linux-x86_64-fedora-clang, r-devel-linux-x86_64-fedora-gcc, r-devel-osx-x86_64-clang, r-devel-windows-ix86+x86_64, r-patched-linux-x86_64, r-patched-solaris-x86, r-release-linux-ix86, r-release-linux-x86_64, r-release-osx-x86_64-mavericks, r-release-windows-ix86+x86_64, r-oldrel-windows-ix86+x86_64

Version: 0.8-4
Flags: --no-examples
Check: dependencies in R code
Result: NOTE
    There are ::: calls to the package's namespace in its code. A package
     almost never needs to use ::: for its own objects:
     ‘canonicalizeAndMergeScene’ ‘colorScene’ ‘t2ve’ ‘vertexNormals’
     ‘vertexTriangles’
    See the information on DESCRIPTION files in the chapter ‘Creating R
    packages’ of the ‘Writing R Extensions’ manual.
Flavor: r-patched-solaris-sparc