CRAN Package Check Results for Package misc3d

Last updated on 2015-05-22 13:46:55.

Flavor Version Tinstall Tcheck Ttotal Status Flags
r-devel-linux-x86_64-debian-clang 0.8-4 0.75 22.13 22.88 NOTE
r-devel-linux-x86_64-debian-gcc 0.8-4 0.73 21.84 22.56 NOTE
r-devel-linux-x86_64-fedora-gcc 0.8-4 41.10 NOTE
r-devel-osx-x86_64-clang 0.8-4 43.22 NOTE
r-devel-windows-ix86+x86_64 0.8-4 4.00 37.00 41.00 NOTE
r-patched-linux-x86_64 0.8-4 0.86 22.51 23.37 NOTE
r-patched-solaris-sparc 0.8-4 199.40 NOTE --no-examples
r-patched-solaris-x86 0.8-4 59.50 NOTE
r-release-linux-x86_64 0.8-4 0.73 22.44 23.17 NOTE
r-release-osx-x86_64-mavericks 0.8-4 NOTE
r-release-osx-x86_64-snowleopard 0.8-4 ERROR
r-release-windows-ix86+x86_64 0.8-4 3.00 39.00 42.00 NOTE
r-oldrel-windows-ix86+x86_64 0.8-4 3.00 47.00 50.00 NOTE

Check Details

Version: 0.8-4
Check: dependencies in R code
Result: NOTE
    'library' or 'require' calls in package code:
     ‘rgl’ ‘tkrplot’
     Please use :: or requireNamespace() instead.
     See section 'Suggested packages' in the 'Writing R Extensions' manual.
    There are ::: calls to the package's namespace in its code. A package
     almost never needs to use ::: for its own objects:
     ‘canonicalizeAndMergeScene’ ‘colorScene’ ‘t2ve’ ‘vertexNormals’
     ‘vertexTriangles’
Flavors: r-devel-linux-x86_64-debian-clang, r-devel-linux-x86_64-debian-gcc, r-devel-linux-x86_64-fedora-gcc, r-devel-osx-x86_64-clang, r-devel-windows-ix86+x86_64, r-patched-linux-x86_64, r-patched-solaris-x86, r-release-linux-x86_64, r-release-osx-x86_64-mavericks, r-release-osx-x86_64-snowleopard, r-release-windows-ix86+x86_64, r-oldrel-windows-ix86+x86_64

Version: 0.8-4
Check: R code for possible problems
Result: NOTE
    drawScene.rgl: no visible global function definition for ‘rgl.cur’
    drawScene.rgl: no visible global function definition for ‘open3d’
    drawScene.rgl: no visible global function definition for ‘clear3d’
    drawScene.rgl: no visible global function definition for ‘triangles3d’
    image3d: no visible global function definition for ‘clear3d’
    image3d: no visible global function definition for ‘sprites3d’
    image3d: no visible global function definition for ‘points3d’
    slices3d : mkimg: no visible global function definition for ‘tkrplot’
    slices3d : mkscale : f: no visible global function definition for
     ‘tclvalue’
    slices3d : mkscale : f: no visible global function definition for
     ‘tkrreplot’
    slices3d : mkscale : f: no visible global function definition for
     ‘tkconfigure’
    slices3d : mkscale: no visible global function definition for ‘tkframe’
    slices3d : mkscale: no visible global function definition for ‘tkscale’
    slices3d : mkscale: no visible global function definition for ‘tklabel’
    slices3d : mkscale: no visible global function definition for ‘tkgrid’
    slices3d : move: no visible global function definition for ‘tkbind’
    slices3d : move : <anonymous>: no visible global function definition
     for ‘tkwinfo’
    slices3d : move : <anonymous>: no visible global function definition
     for ‘tkrreplot’
    slices3d : move : <anonymous>: no visible global function definition
     for ‘tclvalue<-’
    slices3d: no visible global function definition for ‘tktoplevel’
    slices3d: no visible global function definition for ‘tktitle<-’
    slices3d: no visible binding for global variable ‘tclVar’
    slices3d: no visible global function definition for ‘tkgrid’
Flavors: r-devel-linux-x86_64-debian-clang, r-devel-linux-x86_64-debian-gcc, r-devel-linux-x86_64-fedora-gcc, r-devel-osx-x86_64-clang, r-devel-windows-ix86+x86_64, r-patched-linux-x86_64, r-patched-solaris-x86, r-release-linux-x86_64, r-release-osx-x86_64-mavericks, r-release-osx-x86_64-snowleopard, r-release-windows-ix86+x86_64, r-oldrel-windows-ix86+x86_64

Version: 0.8-4
Flags: --no-examples
Check: dependencies in R code
Result: NOTE
    'library' or 'require' calls in package code:
     ‘rgl’ ‘tkrplot’
     Please use :: or requireNamespace() instead.
     See section 'Suggested packages' in the 'Writing R Extensions' manual.
    There are ::: calls to the package's namespace in its code. A package
     almost never needs to use ::: for its own objects:
     ‘canonicalizeAndMergeScene’ ‘colorScene’ ‘t2ve’ ‘vertexNormals’
     ‘vertexTriangles’
Flavor: r-patched-solaris-sparc

Version: 0.8-4
Flags: --no-examples
Check: R code for possible problems
Result: NOTE
    drawScene.rgl: no visible global function definition for ‘rgl.cur’
    drawScene.rgl: no visible global function definition for ‘open3d’
    drawScene.rgl: no visible global function definition for ‘clear3d’
    drawScene.rgl: no visible global function definition for ‘triangles3d’
    image3d: no visible global function definition for ‘clear3d’
    image3d: no visible global function definition for ‘sprites3d’
    image3d: no visible global function definition for ‘points3d’
    slices3d : mkimg: no visible global function definition for ‘tkrplot’
    slices3d : mkscale : f: no visible global function definition for
     ‘tclvalue’
    slices3d : mkscale : f: no visible global function definition for
     ‘tkrreplot’
    slices3d : mkscale : f: no visible global function definition for
     ‘tkconfigure’
    slices3d : mkscale: no visible global function definition for ‘tkframe’
    slices3d : mkscale: no visible global function definition for ‘tkscale’
    slices3d : mkscale: no visible global function definition for ‘tklabel’
    slices3d : mkscale: no visible global function definition for ‘tkgrid’
    slices3d : move: no visible global function definition for ‘tkbind’
    slices3d : move : <anonymous>: no visible global function definition
     for ‘tkwinfo’
    slices3d : move : <anonymous>: no visible global function definition
     for ‘tkrreplot’
    slices3d : move : <anonymous>: no visible global function definition
     for ‘tclvalue<-’
    slices3d: no visible global function definition for ‘tktoplevel’
    slices3d: no visible global function definition for ‘tktitle<-’
    slices3d: no visible binding for global variable ‘tclVar’
    slices3d: no visible global function definition for ‘tkgrid’
Flavor: r-patched-solaris-sparc

Version: 0.8-4
Check: examples
Result: ERROR
    Running examples in ‘misc3d-Ex.R’ failed
    The error most likely occurred in:
    
    > ### Name: contour3d
    > ### Title: Draw an Isosurface, a Three Dimension Contour Plot
    > ### Aliases: contour3d
    > ### Keywords: hplot
    >
    > ### ** Examples
    >
    > #Example 1: Draw a ball
    > f <- function(x, y, z)x^2+y^2+z^2
    > x <- seq(-2,2,len=20)
    > contour3d(f,4,x,x,x)
    Fri Mar 20 16:38:01 hagal.research.att.com R[29616] <Error>: unknown error code: invalid pixel format
    Fri Mar 20 16:38:01 hagal.research.att.com R[29616] <Error>: kCGErrorFailure: Set a breakpoint @ CGErrorBreakpoint() to catch errors as they are logged.
    X Error of failed request: GLXBadContext
     Major opcode of failed request: 0 ()
     Serial number of failed request: 27
     Current serial number in output stream: 27
Flavor: r-release-osx-x86_64-snowleopard