CRAN Package Check Results for Package misc3d

Last updated on 2015-03-02 03:52:01.

Flavor Version Tinstall Tcheck Ttotal Status Flags
r-devel-linux-x86_64-debian-clang 0.8-4 0.80 22.01 22.81 NOTE
r-devel-linux-x86_64-debian-gcc 0.8-4 0.73 21.60 22.34 NOTE
r-devel-linux-x86_64-fedora-clang 0.8-4 43.20 NOTE
r-devel-linux-x86_64-fedora-gcc 0.8-4 41.74 NOTE
r-devel-osx-x86_64-clang 0.8-4 43.97 NOTE
r-devel-windows-ix86+x86_64 0.8-4 4.00 43.00 47.00 NOTE
r-patched-linux-x86_64 0.8-4 0.80 24.16 24.96 NOTE
r-patched-solaris-sparc 0.8-4 208.50 NOTE --no-examples
r-patched-solaris-x86 0.8-4 65.60 NOTE
r-release-linux-ix86 0.8-4 1.09 34.24 35.34 NOTE
r-release-linux-x86_64 0.8-4 0.79 23.71 24.50 NOTE
r-release-osx-x86_64-mavericks 0.8-4 NOTE
r-release-windows-ix86+x86_64 0.8-4 3.00 41.00 44.00 NOTE
r-oldrel-windows-ix86+x86_64 0.8-4 3.00 49.00 52.00 NOTE

Check Details

Version: 0.8-4
Check: dependencies in R code
Result: NOTE
    'library' or 'require' calls in package code:
     ‘rgl’ ‘tkrplot’
     Please use :: or requireNamespace() instead.
     See section 'Suggested packages' in the 'Writing R Extensions' manual.
    There are ::: calls to the package's namespace in its code. A package
     almost never needs to use ::: for its own objects:
     ‘canonicalizeAndMergeScene’ ‘colorScene’ ‘t2ve’ ‘vertexNormals’
     ‘vertexTriangles’
Flavors: r-devel-linux-x86_64-debian-clang, r-devel-linux-x86_64-debian-gcc, r-devel-linux-x86_64-fedora-clang, r-devel-linux-x86_64-fedora-gcc, r-devel-osx-x86_64-clang, r-devel-windows-ix86+x86_64, r-patched-linux-x86_64, r-patched-solaris-x86

Version: 0.8-4
Check: R code for possible problems
Result: NOTE
    drawScene.rgl: no visible global function definition for ‘rgl.cur’
    drawScene.rgl: no visible global function definition for ‘open3d’
    drawScene.rgl: no visible global function definition for ‘clear3d’
    drawScene.rgl: no visible global function definition for ‘triangles3d’
    image3d: no visible global function definition for ‘clear3d’
    image3d: no visible global function definition for ‘sprites3d’
    image3d: no visible global function definition for ‘points3d’
    slices3d : mkimg: no visible global function definition for ‘tkrplot’
    slices3d : mkscale : f: no visible global function definition for
     ‘tclvalue’
    slices3d : mkscale : f: no visible global function definition for
     ‘tkrreplot’
    slices3d : mkscale : f: no visible global function definition for
     ‘tkconfigure’
    slices3d : mkscale: no visible global function definition for ‘tkframe’
    slices3d : mkscale: no visible global function definition for ‘tkscale’
    slices3d : mkscale: no visible global function definition for ‘tklabel’
    slices3d : mkscale: no visible global function definition for ‘tkgrid’
    slices3d : move: no visible global function definition for ‘tkbind’
    slices3d : move : <anonymous>: no visible global function definition
     for ‘tkwinfo’
    slices3d : move : <anonymous>: no visible global function definition
     for ‘tkrreplot’
    slices3d : move : <anonymous>: no visible global function definition
     for ‘tclvalue<-’
    slices3d: no visible global function definition for ‘tktoplevel’
    slices3d: no visible global function definition for ‘tktitle<-’
    slices3d: no visible binding for global variable ‘tclVar’
    slices3d: no visible global function definition for ‘tkgrid’
Flavors: r-devel-linux-x86_64-debian-clang, r-devel-linux-x86_64-debian-gcc, r-devel-linux-x86_64-fedora-clang, r-devel-linux-x86_64-fedora-gcc, r-devel-osx-x86_64-clang, r-devel-windows-ix86+x86_64, r-patched-linux-x86_64, r-patched-solaris-x86, r-release-linux-ix86, r-release-linux-x86_64, r-release-osx-x86_64-mavericks, r-release-windows-ix86+x86_64

Version: 0.8-4
Flags: --no-examples
Check: dependencies in R code
Result: NOTE
    'library' or 'require' calls in package code:
     ‘rgl’ ‘tkrplot’
     Please use :: or requireNamespace() instead.
     See section 'Suggested packages' in the 'Writing R Extensions' manual.
    There are ::: calls to the package's namespace in its code. A package
     almost never needs to use ::: for its own objects:
     ‘canonicalizeAndMergeScene’ ‘colorScene’ ‘t2ve’ ‘vertexNormals’
     ‘vertexTriangles’
Flavor: r-patched-solaris-sparc

Version: 0.8-4
Flags: --no-examples
Check: R code for possible problems
Result: NOTE
    drawScene.rgl: no visible global function definition for ‘rgl.cur’
    drawScene.rgl: no visible global function definition for ‘open3d’
    drawScene.rgl: no visible global function definition for ‘clear3d’
    drawScene.rgl: no visible global function definition for ‘triangles3d’
    image3d: no visible global function definition for ‘clear3d’
    image3d: no visible global function definition for ‘sprites3d’
    image3d: no visible global function definition for ‘points3d’
    slices3d : mkimg: no visible global function definition for ‘tkrplot’
    slices3d : mkscale : f: no visible global function definition for
     ‘tclvalue’
    slices3d : mkscale : f: no visible global function definition for
     ‘tkrreplot’
    slices3d : mkscale : f: no visible global function definition for
     ‘tkconfigure’
    slices3d : mkscale: no visible global function definition for ‘tkframe’
    slices3d : mkscale: no visible global function definition for ‘tkscale’
    slices3d : mkscale: no visible global function definition for ‘tklabel’
    slices3d : mkscale: no visible global function definition for ‘tkgrid’
    slices3d : move: no visible global function definition for ‘tkbind’
    slices3d : move : <anonymous>: no visible global function definition
     for ‘tkwinfo’
    slices3d : move : <anonymous>: no visible global function definition
     for ‘tkrreplot’
    slices3d : move : <anonymous>: no visible global function definition
     for ‘tclvalue<-’
    slices3d: no visible global function definition for ‘tktoplevel’
    slices3d: no visible global function definition for ‘tktitle<-’
    slices3d: no visible binding for global variable ‘tclVar’
    slices3d: no visible global function definition for ‘tkgrid’
Flavor: r-patched-solaris-sparc

Version: 0.8-4
Check: dependencies in R code
Result: NOTE
    There are ::: calls to the package's namespace in its code. A package
     almost never needs to use ::: for its own objects:
     ‘canonicalizeAndMergeScene’ ‘colorScene’ ‘t2ve’ ‘vertexNormals’
     ‘vertexTriangles’
    See the information on DESCRIPTION files in the chapter ‘Creating R
    packages’ of the ‘Writing R Extensions’ manual.
Flavors: r-release-linux-ix86, r-release-linux-x86_64, r-release-osx-x86_64-mavericks, r-release-windows-ix86+x86_64, r-oldrel-windows-ix86+x86_64