CRAN Package Check Results for Package miscF

Last updated on 2016-08-26 01:50:53.

Flavor Version Tinstall Tcheck Ttotal Status Flags
r-devel-linux-x86_64-debian-clang 0.1-3 11.83 41.10 52.93 OK
r-devel-linux-x86_64-debian-gcc 0.1-3 16.75 51.38 68.13 OK
r-devel-linux-x86_64-fedora-clang 0.1-3 104.28 OK
r-devel-linux-x86_64-fedora-gcc 0.1-3 102.24 OK
r-devel-osx-x86_64-clang 0.1-3 1.50 ERROR
r-devel-windows-ix86+x86_64 0.1-3 55.00 83.00 138.00 OK
r-patched-linux-x86_64 0.1-3 10.53 39.02 49.56 OK
r-patched-solaris-sparc 0.1-3 12.90 ERROR
r-patched-solaris-x86 0.1-3 2.50 ERROR
r-release-linux-x86_64 0.1-3 10.87 40.05 50.92 OK
r-release-osx-x86_64-mavericks 0.1-3 ERROR
r-release-windows-ix86+x86_64 0.1-3 39.00 85.00 124.00 OK
r-oldrel-windows-ix86+x86_64 0.1-3 40.00 89.00 129.00 OK

Check Details

Version: 0.1-3
Check: package dependencies
Result: ERROR
    Package required but not available: ‘BRugs’
    
    See section ‘The DESCRIPTION file’ in the ‘Writing R Extensions’
    manual.
Flavors: r-devel-osx-x86_64-clang, r-patched-solaris-sparc, r-patched-solaris-x86

Version: 0.1-3
Check: package dependencies
Result: ERROR
    Package required but not available: ‘BRugs’
    
    Package suggested but not available for checking: ‘mixAK’
    
    See section ‘The DESCRIPTION file’ in the ‘Writing R Extensions’
    manual.
Flavor: r-release-osx-x86_64-mavericks