CRAN Package Check Results for Package miscF

Last updated on 2015-08-05 03:48:10.

Flavor Version Tinstall Tcheck Ttotal Status Flags
r-devel-linux-x86_64-debian-clang 0.1-2 7.76 16.17 23.93 NOTE
r-devel-linux-x86_64-debian-gcc 0.1-2 8.21 16.66 24.87 NOTE
r-devel-linux-x86_64-fedora-clang 0.1-2 49.67 NOTE
r-devel-linux-x86_64-fedora-gcc 0.1-2 45.19 NOTE
r-devel-osx-x86_64-clang 0.1-2 43.46 NOTE
r-devel-windows-ix86+x86_64 0.1-2 41.00 43.00 84.00 NOTE
r-patched-linux-x86_64 0.1-2 8.18 16.34 24.52 NOTE
r-patched-solaris-sparc 0.1-2 299.30 NOTE
r-patched-solaris-x86 0.1-2 63.00 NOTE
r-release-linux-x86_64 0.1-2 8.60 16.98 25.58 NOTE
r-release-osx-x86_64-mavericks 0.1-2 NOTE
r-release-windows-ix86+x86_64 0.1-2 42.00 71.00 113.00 NOTE
r-oldrel-windows-ix86+x86_64 0.1-2 45.00 75.00 120.00 NOTE

Check Details

Version: 0.1-2
Check: dependencies in R code
Result: NOTE
    Packages in Depends field not imported from:
     ‘MCMCpack’ ‘Rcpp’ ‘RcppArmadillo’ ‘mvtnorm’
     These packages need to be imported from (in the NAMESPACE file)
     for when this namespace is loaded but not attached.
Flavors: r-devel-linux-x86_64-debian-clang, r-devel-linux-x86_64-debian-gcc, r-devel-linux-x86_64-fedora-clang, r-devel-linux-x86_64-fedora-gcc, r-devel-osx-x86_64-clang, r-devel-windows-ix86+x86_64, r-patched-linux-x86_64, r-patched-solaris-sparc, r-patched-solaris-x86, r-release-linux-x86_64, r-release-osx-x86_64-mavericks, r-release-windows-ix86+x86_64, r-oldrel-windows-ix86+x86_64

Version: 0.1-2
Check: R code for possible problems
Result: NOTE
    birth: no visible global function definition for ‘rbeta’
    birth: no visible global function definition for ‘runif’
    birth: no visible global function definition for ‘rnorm’
    birth: no visible global function definition for ‘rgamma’
    birthKnot: no visible global function definition for ‘runif’
    combine: no visible global function definition for ‘runif’
    curve.polynomial.rjmcmc: no visible global function definition for
     ‘runif’
    curve.polynomial.rjmcmc: no visible global function definition for
     ‘dpois’
    curve.polynomial.rjmcmc: no visible global function definition for
     ‘rgamma’
    death: no visible global function definition for ‘runif’
    deathKnot: no visible global function definition for ‘runif’
    decideScBd: no visible global function definition for ‘runif’
    fitLM: no visible global function definition for ‘lm’
    getAbd: no visible global function definition for ‘dbeta’
    getAsc: no visible global function definition for ‘dnorm’
    getAsc: no visible global function definition for ‘dbeta’
    getP: no visible global function definition for ‘dnorm’
    moveKnot: no visible global function definition for ‘runif’
    mvt.ecme: no visible global function definition for ‘uniroot’
    mvt.mcmc: no visible global function definition for ‘rgamma’
    rMultinom: no visible global function definition for ‘runif’
    simBvnJeffreys: no visible global function definition for ‘rnorm’
    simBvnJeffreys: no visible global function definition for ‘rchisq’
    simMvnConjugate: no visible global function definition for ‘riwish’
    simMvnConjugate: no visible global function definition for ‘mvrnorm’
    simMvnJeffreys: no visible global function definition for ‘riwish’
    simMvnJeffreys: no visible global function definition for ‘mvrnorm’
    spatial.lme.mcmc : <anonymous>: no visible global function definition
     for ‘var’
    spatial.lme.mcmc : <anonymous> : <anonymous>: no visible global
     function definition for ‘var’
    spatial.lme.mcmc: no visible global function definition for ‘var’
    spatial.lme.mcmc: no visible global function definition for ‘rgamma’
    spatial.lme.mcmc: no visible global function definition for ‘mvrnorm’
    spatial.lme.mcmc: no visible global function definition for ‘rwish’
    split: no visible global function definition for ‘rbeta’
    split: no visible global function definition for ‘runif’
    uvnm.rjmcmc: no visible global function definition for ‘median’
    uvnm.rjmcmc: no visible global function definition for ‘rgamma’
    uvnm.rjmcmc: no visible global function definition for ‘rdirichlet’
    uvnm.rjmcmc: no visible global function definition for ‘rnorm’
    uvnm.rjmcmc : <anonymous>: no visible global function definition for
     ‘dnorm’
    Undefined global functions or variables:
     dbeta dnorm dpois lm median mvrnorm rbeta rchisq rdirichlet rgamma
     riwish rnorm runif rwish uniroot var
    Consider adding
     importFrom("stats", "dbeta", "dnorm", "dpois", "lm", "median", "rbeta",
     "rchisq", "rgamma", "rnorm", "runif", "uniroot", "var")
    to your NAMESPACE.
Flavors: r-devel-linux-x86_64-debian-clang, r-devel-linux-x86_64-debian-gcc, r-devel-linux-x86_64-fedora-clang, r-devel-linux-x86_64-fedora-gcc, r-devel-windows-ix86+x86_64

Version: 0.1-2
Check: R code for possible problems
Result: NOTE
    simMvnConjugate: no visible global function definition for ‘riwish’
    simMvnConjugate: no visible global function definition for ‘mvrnorm’
    simMvnJeffreys: no visible global function definition for ‘riwish’
    simMvnJeffreys: no visible global function definition for ‘mvrnorm’
    spatial.lme.mcmc: no visible global function definition for ‘mvrnorm’
    spatial.lme.mcmc: no visible global function definition for ‘rwish’
    uvnm.rjmcmc: no visible global function definition for ‘rdirichlet’
    Undefined global functions or variables:
     mvrnorm rdirichlet riwish rwish
Flavor: r-devel-osx-x86_64-clang

Version: 0.1-2
Check: R code for possible problems
Result: NOTE
    simMvnConjugate: no visible global function definition for ‘riwish’
    simMvnConjugate: no visible global function definition for ‘mvrnorm’
    simMvnJeffreys: no visible global function definition for ‘riwish’
    simMvnJeffreys: no visible global function definition for ‘mvrnorm’
    spatial.lme.mcmc: no visible global function definition for ‘mvrnorm’
    spatial.lme.mcmc: no visible global function definition for ‘rwish’
    uvnm.rjmcmc: no visible global function definition for ‘rdirichlet’
Flavors: r-patched-linux-x86_64, r-patched-solaris-sparc, r-patched-solaris-x86, r-release-linux-x86_64, r-release-osx-x86_64-mavericks, r-release-windows-ix86+x86_64, r-oldrel-windows-ix86+x86_64

Version: 0.1-2
Check: package dependencies
Result: NOTE
    Package suggested but not available for checking: ‘mixAK’
Flavor: r-release-osx-x86_64-mavericks

Version: 0.1-2
Check: Rd cross-references
Result: NOTE
    Package unavailable to check Rd xrefs: ‘mixAK’
Flavor: r-release-osx-x86_64-mavericks