CRAN Package Check Results for Package miscF

Last updated on 2017-02-25 03:48:23.

Flavor Version Tinstall Tcheck Ttotal Status Flags
r-devel-linux-x86_64-debian-clang 0.1-3 11.95 41.17 53.12 NOTE
r-devel-linux-x86_64-debian-gcc 0.1-3 12.41 40.70 53.10 NOTE
r-devel-linux-x86_64-fedora-clang 0.1-3 132.43 NOTE --no-stop-on-test-error
r-devel-linux-x86_64-fedora-gcc 0.1-3 115.98 NOTE --no-stop-on-test-error
r-devel-windows-ix86+x86_64 0.1-3 58.00 151.00 209.00 OK
r-patched-linux-x86_64 0.1-3 10.31 38.17 48.48 OK
r-release-linux-x86_64 0.1-3 10.32 37.72 48.04 OK
r-release-osx-x86_64-mavericks 0.1-3 ERROR
r-release-windows-ix86+x86_64 0.1-3 60.00 119.00 179.00 OK
r-oldrel-windows-ix86+x86_64 0.1-3 46.00 5.00 51.00 ERROR

Check Details

Version: 0.1-3
Check: compiled code
Result: NOTE
    File ‘miscF/libs/miscF.so’:
     Found no calls to: ‘R_registerRoutines’, ‘R_useDynamicSymbols’
    
    It is good practice to register native routines and to disable symbol
    search.
    
    See ‘Writing portable packages’ in the ‘Writing R Extensions’ manual.
Flavors: r-devel-linux-x86_64-debian-clang, r-devel-linux-x86_64-debian-gcc

Version: 0.1-3
Flags: --no-stop-on-test-error
Check: compiled code
Result: NOTE
    File ‘miscF/libs/miscF.so’:
     Found no calls to: ‘R_registerRoutines’, ‘R_useDynamicSymbols’
    
    It is good practice to register native routines and to disable symbol
    search.
    
    See ‘Writing portable packages’ in the ‘Writing R Extensions’ manual.
Flavors: r-devel-linux-x86_64-fedora-clang, r-devel-linux-x86_64-fedora-gcc

Version: 0.1-3
Check: package dependencies
Result: ERROR
    Package required but not available: ‘BRugs’
    
    Package suggested but not available for checking: ‘mixAK’
    
    See section ‘The DESCRIPTION file’ in the ‘Writing R Extensions’
    manual.
Flavor: r-release-osx-x86_64-mavericks

Version: 0.1-3
Check: whether package can be installed
Result: ERROR
    Installation failed.
Flavor: r-oldrel-windows-ix86+x86_64