CRAN Package Check Results for Package miscF

Last updated on 2019-08-22 00:51:17 CEST.

Flavor Version Tinstall Tcheck Ttotal Status Flags
r-devel-linux-x86_64-debian-clang 0.1-4 11.26 64.85 76.11 OK
r-devel-linux-x86_64-debian-gcc 0.1-4 9.61 51.90 61.51 OK
r-devel-linux-x86_64-fedora-clang 0.1-4 91.02 OK
r-devel-linux-x86_64-fedora-gcc 0.1-4 93.96 OK
r-devel-windows-ix86+x86_64 0.1-4 41.00 138.00 179.00 OK
r-patched-linux-x86_64 0.1-4 9.23 64.39 73.62 OK
r-patched-solaris-x86 0.1-4 146.30 NOTE
r-release-linux-x86_64 0.1-4 10.00 63.98 73.98 OK
r-release-windows-ix86+x86_64 0.1-4 45.00 136.00 181.00 OK
r-release-osx-x86_64 0.1-4 NOTE
r-oldrel-windows-ix86+x86_64 0.1-4 29.00 125.00 154.00 OK
r-oldrel-osx-x86_64 0.1-4 NOTE

Check Details

Version: 0.1-4
Check: package dependencies
Result: NOTE
    Package suggested but not available for checking: ‘BRugs’
Flavor: r-patched-solaris-x86

Version: 0.1-4
Check: package dependencies
Result: NOTE
    Packages suggested but not available for checking: 'mixAK', 'BRugs'
Flavor: r-release-osx-x86_64

Version: 0.1-4
Check: Rd cross-references
Result: NOTE
    Package unavailable to check Rd xrefs: ‘mixAK’
Flavors: r-release-osx-x86_64, r-oldrel-osx-x86_64

Version: 0.1-4
Check: package dependencies
Result: NOTE
    Packages suggested but not available for checking: ‘mixAK’ ‘BRugs’
Flavor: r-oldrel-osx-x86_64