CRAN Package Check Results for Package miscF

Last updated on 2019-05-23 08:51:07 CEST.

Flavor Version Tinstall Tcheck Ttotal Status Flags
r-devel-linux-x86_64-debian-clang 0.1-4 11.36 65.05 76.41 OK
r-devel-linux-x86_64-debian-gcc 0.1-4 9.09 51.70 60.79 OK
r-devel-linux-x86_64-fedora-clang 0.1-4 90.20 OK
r-devel-linux-x86_64-fedora-gcc 0.1-4 89.38 OK
r-devel-windows-ix86+x86_64 0.1-4 25.00 128.00 153.00 OK
r-patched-linux-x86_64 0.1-4 9.71 64.52 74.23 OK
r-patched-solaris-x86 0.1-4 147.50 NOTE
r-release-linux-x86_64 0.1-4 10.73 64.90 75.63 OK
r-release-windows-ix86+x86_64 0.1-4 41.00 105.00 146.00 OK
r-release-osx-x86_64 0.1-4 NOTE
r-oldrel-windows-ix86+x86_64 0.1-4 21.00 93.00 114.00 OK
r-oldrel-osx-x86_64 0.1-4 NOTE

Check Details

Version: 0.1-4
Check: package dependencies
Result: NOTE
    Package suggested but not available for checking: ‘BRugs’
Flavor: r-patched-solaris-x86

Version: 0.1-4
Check: package dependencies
Result: NOTE
    Packages suggested but not available for checking: 'mixAK', 'BRugs'
Flavor: r-release-osx-x86_64

Version: 0.1-4
Check: Rd cross-references
Result: NOTE
    Package unavailable to check Rd xrefs: ‘mixAK’
Flavors: r-release-osx-x86_64, r-oldrel-osx-x86_64

Version: 0.1-4
Check: package dependencies
Result: NOTE
    Packages suggested but not available for checking: ‘mixAK’ ‘BRugs’
Flavor: r-oldrel-osx-x86_64