CRAN Package Check Results for Package miscF

Last updated on 2018-06-21 11:50:15 CEST.

Flavor Version Tinstall Tcheck Ttotal Status Flags
r-devel-linux-x86_64-debian-clang 0.1-4 9.70 65.34 75.04 OK
r-devel-linux-x86_64-debian-gcc 0.1-4 8.07 60.54 68.61 OK
r-devel-linux-x86_64-fedora-clang 0.1-4 96.32 OK
r-devel-linux-x86_64-fedora-gcc 0.1-4 91.41 OK
r-devel-windows-ix86+x86_64 0.1-4 34.00 147.00 181.00 OK
r-patched-linux-x86_64 0.1-4 7.10 62.18 69.28 OK
r-patched-solaris-x86 0.1-4 129.20 NOTE
r-release-linux-x86_64 0.1-4 6.68 61.25 67.93 OK
r-release-windows-ix86+x86_64 0.1-4 20.00 97.00 117.00 OK
r-release-osx-x86_64 0.1-4 NOTE
r-oldrel-windows-ix86+x86_64 0.1-4 20.00 88.00 108.00 OK
r-oldrel-osx-x86_64 0.1-4 NOTE

Check Details

Version: 0.1-4
Check: package dependencies
Result: NOTE
    Package suggested but not available for checking: ‘BRugs’
Flavor: r-patched-solaris-x86

Version: 0.1-4
Check: package dependencies
Result: NOTE
    Packages suggested but not available for checking: ‘mixAK’ ‘BRugs’
Flavors: r-release-osx-x86_64, r-oldrel-osx-x86_64

Version: 0.1-4
Check: Rd cross-references
Result: NOTE
    Package unavailable to check Rd xrefs: ‘mixAK’
Flavors: r-release-osx-x86_64, r-oldrel-osx-x86_64