CRAN Package Check Results for Package miscF

Last updated on 2017-09-23 05:48:15.

Flavor Version Tinstall Tcheck Ttotal Status Flags
r-devel-linux-x86_64-debian-clang 0.1-3 12.31 41.90 54.21 NOTE
r-devel-linux-x86_64-debian-gcc 0.1-3 12.70 42.12 54.82 NOTE
r-devel-linux-x86_64-fedora-clang 0.1-3 121.41 NOTE
r-devel-linux-x86_64-fedora-gcc 0.1-3 119.74 NOTE
r-devel-windows-ix86+x86_64 0.1-3 42.00 99.00 141.00 OK
r-patched-linux-x86_64 0.1-3 12.95 41.86 54.82 NOTE
r-release-linux-x86_64 0.1-3 13.11 42.26 55.37 NOTE
r-release-windows-ix86+x86_64 0.1-3 42.00 102.00 144.00 OK
r-release-osx-x86_64 0.1-3 ERROR
r-oldrel-windows-ix86+x86_64 0.1-3 37.00 88.00 125.00 OK
r-oldrel-osx-x86_64 0.1-3 ERROR

Check Details

Version: 0.1-3
Check: compiled code
Result: NOTE
    File ‘miscF/libs/miscF.so’:
     Found no calls to: ‘R_registerRoutines’, ‘R_useDynamicSymbols’
    
    It is good practice to register native routines and to disable symbol
    search.
    
    See ‘Writing portable packages’ in the ‘Writing R Extensions’ manual.
Flavors: r-devel-linux-x86_64-debian-clang, r-devel-linux-x86_64-debian-gcc, r-devel-linux-x86_64-fedora-clang, r-devel-linux-x86_64-fedora-gcc, r-patched-linux-x86_64, r-release-linux-x86_64

Version: 0.1-3
Check: package dependencies
Result: ERROR
    Package required but not available: ‘BRugs’
    
    Package suggested but not available for checking: ‘mixAK’
    
    See section ‘The DESCRIPTION file’ in the ‘Writing R Extensions’
    manual.
Flavors: r-release-osx-x86_64, r-oldrel-osx-x86_64