CRAN Package Check Results for Package miscF

Last updated on 2015-02-28 19:51:11.

Flavor Version Tinstall Tcheck Ttotal Status Flags
r-devel-linux-x86_64-debian-clang 0.1-2 7.31 17.01 24.32 NOTE
r-devel-linux-x86_64-debian-gcc 0.1-2 8.27 16.43 24.70 NOTE
r-devel-linux-x86_64-fedora-clang 0.1-2 50.78 NOTE
r-devel-linux-x86_64-fedora-gcc 0.1-2 46.58 NOTE
r-devel-osx-x86_64-clang 0.1-2 47.14 NOTE
r-devel-windows-ix86+x86_64 0.1-2 39.00 40.00 79.00 NOTE
r-patched-linux-x86_64 0.1-2 8.60 22.75 31.35 NOTE
r-patched-solaris-sparc 0.1-2 380.40 NOTE
r-patched-solaris-x86 0.1-2 80.30 NOTE
r-release-linux-ix86 0.1-2 13.85 29.24 43.09 NOTE
r-release-linux-x86_64 0.1-2 8.67 21.91 30.58 NOTE
r-release-osx-x86_64-mavericks 0.1-2 NOTE
r-release-osx-x86_64-snowleopard 0.1-2 NOTE
r-release-windows-ix86+x86_64 0.1-2 30.00 54.00 84.00 NOTE
r-oldrel-windows-ix86+x86_64 0.1-2 30.00 57.00 87.00 NOTE

Check Details

Version: 0.1-2
Check: dependencies in R code
Result: NOTE
    Packages in Depends field not imported from:
     ‘MCMCpack’ ‘Rcpp’ ‘RcppArmadillo’ ‘mvtnorm’
     These packages need to be imported from (in the NAMESPACE file)
     for when this namespace is loaded but not attached.
Flavors: r-devel-linux-x86_64-debian-clang, r-devel-linux-x86_64-debian-gcc, r-devel-linux-x86_64-fedora-clang, r-devel-linux-x86_64-fedora-gcc, r-devel-osx-x86_64-clang, r-devel-windows-ix86+x86_64, r-patched-linux-x86_64, r-patched-solaris-x86

Version: 0.1-2
Check: R code for possible problems
Result: NOTE
    simMvnConjugate: no visible global function definition for ‘riwish’
    simMvnConjugate: no visible global function definition for ‘mvrnorm’
    simMvnJeffreys: no visible global function definition for ‘riwish’
    simMvnJeffreys: no visible global function definition for ‘mvrnorm’
    spatial.lme.mcmc: no visible global function definition for ‘mvrnorm’
    spatial.lme.mcmc: no visible global function definition for ‘rwish’
    uvnm.rjmcmc: no visible global function definition for ‘rdirichlet’
Flavors: r-devel-linux-x86_64-debian-clang, r-devel-linux-x86_64-debian-gcc, r-devel-linux-x86_64-fedora-clang, r-devel-linux-x86_64-fedora-gcc, r-devel-osx-x86_64-clang, r-devel-windows-ix86+x86_64, r-patched-linux-x86_64, r-patched-solaris-sparc, r-patched-solaris-x86, r-release-linux-ix86, r-release-linux-x86_64, r-release-osx-x86_64-mavericks, r-release-windows-ix86+x86_64

Version: 0.1-2
Check: dependencies in R code
Result: NOTE
    Packages in Depends field not imported from:
     ‘MCMCpack’ ‘Rcpp’ ‘RcppArmadillo’ ‘mvtnorm’
     These packages need to be imported from (in the NAMESPACE file)
     for when this namespace is loaded but not attached.
    See the information on DESCRIPTION files in the chapter ‘Creating R
    packages’ of the ‘Writing R Extensions’ manual.
Flavors: r-patched-solaris-sparc, r-release-linux-ix86, r-release-linux-x86_64, r-release-osx-x86_64-mavericks, r-release-windows-ix86+x86_64, r-oldrel-windows-ix86+x86_64

Version: 0.1-2
Check: package dependencies
Result: NOTE
    Package suggested but not available for checking: ‘mixAK’
Flavors: r-release-osx-x86_64-mavericks, r-release-osx-x86_64-snowleopard

Version: 0.1-2
Check: Rd cross-references
Result: NOTE
    Package unavailable to check Rd xrefs: ‘mixAK’
Flavors: r-release-osx-x86_64-mavericks, r-release-osx-x86_64-snowleopard