CRAN Package Check Results for Package miscF

Last updated on 2014-04-16 15:49:30.

Flavor Version Tinstall Tcheck Ttotal Status Flags
r-devel-linux-x86_64-debian-clang 0.1-2 7.91 24.50 32.41 NOTE
r-devel-linux-x86_64-debian-gcc 0.1-2 8.69 24.95 33.64 NOTE
r-devel-linux-x86_64-fedora-clang 0.1-2 66.82 NOTE
r-devel-linux-x86_64-fedora-gcc 0.1-2 63.50 NOTE
r-devel-macosx-x86_64-clang 0.1-2 61.56 NOTE
r-devel-macosx-x86_64-gcc 0.1-2 NOTE
r-devel-windows-ix86+x86_64 0.1-2 34.00 50.00 84.00 NOTE
r-patched-linux-x86_64 0.1-2 8.60 24.84 33.44 NOTE
r-patched-solaris-sparc 0.1-2 368.00 NOTE
r-patched-solaris-x86 0.1-2 82.70 NOTE
r-release-linux-ix86 0.1-2 19.00 44.00 63.00 NOTE
r-release-linux-x86_64 0.1-2 8.56 24.68 33.24 NOTE
r-release-macosx-x86_64 0.1-2 NOTE
r-release-windows-ix86+x86_64 0.1-2 30.00 52.00 82.00 NOTE
r-oldrel-windows-ix86+x86_64 0.1-2 31.00 59.00 90.00 NOTE

Check Details

Version: 0.1-2
Check: dependencies in R code
Result: NOTE
    Packages in Depends field not imported from:
     ‘MCMCpack’ ‘Rcpp’ ‘RcppArmadillo’ ‘mvtnorm’
     These packages need to be imported from (in the NAMESPACE file)
     for when this namespace is loaded but not attached.
    See the information on DESCRIPTION files in the chapter ‘Creating R
    packages’ of the ‘Writing R Extensions’ manual.
Flavors: r-devel-linux-x86_64-debian-clang, r-devel-linux-x86_64-debian-gcc, r-devel-linux-x86_64-fedora-clang, r-devel-linux-x86_64-fedora-gcc, r-devel-macosx-x86_64-clang, r-devel-macosx-x86_64-gcc, r-devel-windows-ix86+x86_64, r-patched-linux-x86_64, r-patched-solaris-sparc, r-patched-solaris-x86, r-release-linux-ix86, r-release-linux-x86_64, r-release-windows-ix86+x86_64, r-oldrel-windows-ix86+x86_64

Version: 0.1-2
Check: package dependencies
Result: NOTE
    Package suggested but not available for checking: ‘mixAK’
Flavors: r-devel-macosx-x86_64-gcc, r-release-macosx-x86_64

Version: 0.1-2
Check: Rd cross-references
Result: NOTE
    Packages unavailable to check Rd xrefs: ‘pspline’, ‘lme4’, ‘mixAK’
Flavor: r-devel-macosx-x86_64-gcc

Version: 0.1-2
Check: Rd cross-references
Result: NOTE
    Package unavailable to check Rd xrefs: 'mixAK'
Flavor: r-release-macosx-x86_64