CRAN Package Check Results for Package miscF

Last updated on 2017-07-26 12:48:31.

Flavor Version Tinstall Tcheck Ttotal Status Flags
r-devel-linux-x86_64-debian-clang 0.1-3 13.62 48.10 61.72 NOTE
r-devel-linux-x86_64-debian-gcc 0.1-3 13.24 46.39 59.63 NOTE
r-devel-linux-x86_64-fedora-clang 0.1-3 119.62 NOTE
r-devel-linux-x86_64-fedora-gcc 0.1-3 117.93 NOTE
r-devel-windows-ix86+x86_64 0.1-3 55.00 138.00 193.00 OK
r-patched-linux-x86_64 0.1-3 15.36 47.87 63.23 NOTE
r-release-linux-x86_64 0.1-3 13.70 47.18 60.88 NOTE
r-release-windows-ix86+x86_64 0.1-3 46.00 130.00 176.00 OK
r-release-osx-x86_64 0.1-3 ERROR
r-oldrel-windows-ix86+x86_64 0.1-3 42.00 94.00 136.00 OK
r-oldrel-osx-x86_64 0.1-3 ERROR

Check Details

Version: 0.1-3
Check: compiled code
Result: NOTE
    File ‘miscF/libs/miscF.so’:
     Found no calls to: ‘R_registerRoutines’, ‘R_useDynamicSymbols’
    
    It is good practice to register native routines and to disable symbol
    search.
    
    See ‘Writing portable packages’ in the ‘Writing R Extensions’ manual.
Flavors: r-devel-linux-x86_64-debian-clang, r-devel-linux-x86_64-debian-gcc, r-devel-linux-x86_64-fedora-clang, r-devel-linux-x86_64-fedora-gcc, r-patched-linux-x86_64, r-release-linux-x86_64

Version: 0.1-3
Check: package dependencies
Result: ERROR
    Package required but not available: ‘BRugs’
    
    Package suggested but not available for checking: ‘mixAK’
    
    See section ‘The DESCRIPTION file’ in the ‘Writing R Extensions’
    manual.
Flavors: r-release-osx-x86_64, r-oldrel-osx-x86_64