CRAN Package Check Results for Package miscF

Last updated on 2017-01-22 09:48:17.

Flavor Version Tinstall Tcheck Ttotal Status Flags
r-devel-linux-x86_64-debian-clang 0.1-3 11.64 40.17 51.80 OK
r-devel-linux-x86_64-debian-gcc 0.1-3 12.87 40.25 53.12 OK
r-devel-linux-x86_64-fedora-clang 0.1-3 102.63 OK --no-stop-on-test-error
r-devel-linux-x86_64-fedora-gcc 0.1-3 101.63 OK --no-stop-on-test-error
r-devel-windows-ix86+x86_64 0.1-3 61.00 119.00 180.00 OK
r-patched-linux-x86_64 0.1-3 11.10 37.03 48.14 OK
r-release-linux-x86_64 0.1-3 10.47 36.44 46.91 OK
r-release-osx-x86_64-mavericks 0.1-3 ERROR
r-release-windows-ix86+x86_64 0.1-3 78.00 114.00 192.00 OK
r-oldrel-windows-ix86+x86_64 0.1-3 64.00 3.00 67.00 OK

Check Details

Version: 0.1-3
Check: package dependencies
Result: ERROR
    Package required but not available: ‘BRugs’
    
    Package suggested but not available for checking: ‘mixAK’
    
    See section ‘The DESCRIPTION file’ in the ‘Writing R Extensions’
    manual.
Flavor: r-release-osx-x86_64-mavericks