CRAN Package Check Results for Package miscF

Last updated on 2015-03-28 09:48:21.

Flavor Version Tinstall Tcheck Ttotal Status Flags
r-devel-linux-x86_64-debian-clang 0.1-2 8.00 17.63 25.63 NOTE
r-devel-linux-x86_64-debian-gcc 0.1-2 8.20 17.30 25.50 NOTE
r-devel-linux-x86_64-fedora-clang 0.1-2 51.91 NOTE
r-devel-linux-x86_64-fedora-gcc 0.1-2 46.02 NOTE
r-devel-osx-x86_64-clang 0.1-2 50.59 NOTE
r-prerel-windows-ix86+x86_64 0.1-2 35.00 41.00 76.00 NOTE
r-prerel-linux-x86_64 0.1-2 8.17 16.87 25.04 NOTE
r-prerel-solaris-sparc 0.1-2 311.90 NOTE
r-prerel-solaris-x86 0.1-2 64.30 NOTE
r-release-linux-x86_64 0.1-2 8.83 21.19 30.02 NOTE
r-release-osx-x86_64-mavericks 0.1-2 NOTE
r-release-osx-x86_64-snowleopard 0.1-2 NOTE
r-release-windows-ix86+x86_64 0.1-2 35.00 52.00 87.00 NOTE
r-oldrel-windows-ix86+x86_64 0.1-2 32.00 81.00 113.00 NOTE

Check Details

Version: 0.1-2
Check: dependencies in R code
Result: NOTE
    Packages in Depends field not imported from:
     ‘MCMCpack’ ‘Rcpp’ ‘RcppArmadillo’ ‘mvtnorm’
     These packages need to be imported from (in the NAMESPACE file)
     for when this namespace is loaded but not attached.
Flavors: r-devel-linux-x86_64-debian-clang, r-devel-linux-x86_64-debian-gcc, r-devel-linux-x86_64-fedora-clang, r-devel-linux-x86_64-fedora-gcc, r-devel-osx-x86_64-clang, r-prerel-windows-ix86+x86_64, r-prerel-linux-x86_64, r-prerel-solaris-sparc, r-prerel-solaris-x86, r-release-linux-x86_64, r-release-windows-ix86+x86_64

Version: 0.1-2
Check: R code for possible problems
Result: NOTE
    simMvnConjugate: no visible global function definition for ‘riwish’
    simMvnConjugate: no visible global function definition for ‘mvrnorm’
    simMvnJeffreys: no visible global function definition for ‘riwish’
    simMvnJeffreys: no visible global function definition for ‘mvrnorm’
    spatial.lme.mcmc: no visible global function definition for ‘mvrnorm’
    spatial.lme.mcmc: no visible global function definition for ‘rwish’
    uvnm.rjmcmc: no visible global function definition for ‘rdirichlet’
Flavors: r-devel-linux-x86_64-debian-clang, r-devel-linux-x86_64-debian-gcc, r-devel-linux-x86_64-fedora-clang, r-devel-linux-x86_64-fedora-gcc, r-devel-osx-x86_64-clang, r-prerel-windows-ix86+x86_64, r-prerel-linux-x86_64, r-prerel-solaris-sparc, r-prerel-solaris-x86, r-release-linux-x86_64, r-release-osx-x86_64-mavericks, r-release-windows-ix86+x86_64

Version: 0.1-2
Check: package dependencies
Result: NOTE
    Package suggested but not available for checking: ‘mixAK’
Flavors: r-release-osx-x86_64-mavericks, r-release-osx-x86_64-snowleopard

Version: 0.1-2
Check: dependencies in R code
Result: NOTE
    Packages in Depends field not imported from:
     ‘MCMCpack’ ‘Rcpp’ ‘RcppArmadillo’ ‘mvtnorm’
     These packages need to be imported from (in the NAMESPACE file)
     for when this namespace is loaded but not attached.
    See the information on DESCRIPTION files in the chapter ‘Creating R
    packages’ of the ‘Writing R Extensions’ manual.
Flavors: r-release-osx-x86_64-mavericks, r-oldrel-windows-ix86+x86_64

Version: 0.1-2
Check: Rd cross-references
Result: NOTE
    Package unavailable to check Rd xrefs: ‘mixAK’
Flavors: r-release-osx-x86_64-mavericks, r-release-osx-x86_64-snowleopard