CRAN Package Check Results for Package miscF

Last updated on 2014-07-23 04:48:27.

Flavor Version Tinstall Tcheck Ttotal Status Flags
r-devel-linux-x86_64-debian-clang 0.1-2 7.23 22.99 30.22 NOTE
r-devel-linux-x86_64-debian-gcc 0.1-2 8.37 22.92 31.29 NOTE
r-devel-linux-x86_64-fedora-clang 0.1-2 66.94 NOTE
r-devel-linux-x86_64-fedora-gcc 0.1-2 63.06 NOTE
r-devel-osx-x86_64-clang 0.1-2 58.18 NOTE
r-devel-windows-ix86+x86_64 0.1-2 29.00 53.00 82.00 NOTE
r-patched-linux-x86_64 0.1-2 8.27 23.12 31.39 NOTE
r-patched-solaris-sparc 0.1-2 368.00 NOTE
r-patched-solaris-x86 0.1-2 83.50 NOTE
r-release-linux-ix86 0.1-2 10.59 31.68 42.27 NOTE
r-release-linux-x86_64 0.1-2 8.44 23.58 32.02 NOTE
r-release-osx-x86_64-mavericks 0.1-2 NOTE
r-release-osx-x86_64-snowleopard 0.1-2 NOTE
r-release-windows-ix86+x86_64 0.1-2 34.00 55.00 89.00 NOTE
r-oldrel-windows-ix86+x86_64 0.1-2 32.00 54.00 86.00 NOTE

Check Details

Version: 0.1-2
Check: dependencies in R code
Result: NOTE
    Packages in Depends field not imported from:
     ‘MCMCpack’ ‘Rcpp’ ‘RcppArmadillo’ ‘mvtnorm’
     These packages need to be imported from (in the NAMESPACE file)
     for when this namespace is loaded but not attached.
    See the information on DESCRIPTION files in the chapter ‘Creating R
    packages’ of the ‘Writing R Extensions’ manual.
Flavors: r-devel-linux-x86_64-debian-clang, r-devel-linux-x86_64-debian-gcc, r-devel-linux-x86_64-fedora-clang, r-devel-linux-x86_64-fedora-gcc, r-devel-osx-x86_64-clang, r-devel-windows-ix86+x86_64, r-patched-linux-x86_64, r-patched-solaris-sparc, r-patched-solaris-x86, r-release-linux-ix86, r-release-linux-x86_64, r-release-osx-x86_64-mavericks, r-release-windows-ix86+x86_64, r-oldrel-windows-ix86+x86_64

Version: 0.1-2
Check: package dependencies
Result: NOTE
    Package suggested but not available for checking: ‘mixAK’
Flavors: r-release-osx-x86_64-mavericks, r-release-osx-x86_64-snowleopard

Version: 0.1-2
Check: Rd cross-references
Result: NOTE
    Package unavailable to check Rd xrefs: ‘mixAK’
Flavors: r-release-osx-x86_64-mavericks, r-release-osx-x86_64-snowleopard