CRAN Package Check Results for Package miscF

Last updated on 2016-07-27 17:50:07.

Flavor Version Tinstall Tcheck Ttotal Status Flags
r-devel-linux-x86_64-debian-clang 0.1-3 16.37 46.16 62.53 OK
r-devel-linux-x86_64-debian-gcc 0.1-3 15.26 47.15 62.42 OK
r-devel-linux-x86_64-fedora-clang 0.1-3 102.77 OK
r-devel-linux-x86_64-fedora-gcc 0.1-3 97.59 OK
r-devel-osx-x86_64-clang 0.1-3 1.49 ERROR
r-devel-windows-ix86+x86_64 0.1-3 54.00 126.00 180.00 OK
r-patched-linux-x86_64 0.1-3 11.79 46.92 58.71 OK
r-patched-solaris-sparc 0.1-3 12.90 ERROR
r-patched-solaris-x86 0.1-3 2.70 ERROR
r-release-linux-x86_64 0.1-3 12.38 47.48 59.86 OK
r-release-osx-x86_64-mavericks 0.1-3 ERROR
r-release-windows-ix86+x86_64 0.1-3 51.00 120.00 171.00 OK
r-oldrel-windows-ix86+x86_64 0.1-3 57.00 134.00 191.00 OK

Check Details

Version: 0.1-3
Check: package dependencies
Result: ERROR
    Package required but not available: ‘BRugs’
    
    See section ‘The DESCRIPTION file’ in the ‘Writing R Extensions’
    manual.
Flavors: r-devel-osx-x86_64-clang, r-patched-solaris-sparc, r-patched-solaris-x86

Version: 0.1-3
Check: package dependencies
Result: ERROR
    Package required but not available: ‘BRugs’
    
    Package suggested but not available for checking: ‘mixAK’
    
    See section ‘The DESCRIPTION file’ in the ‘Writing R Extensions’
    manual.
Flavor: r-release-osx-x86_64-mavericks