CRAN Package Check Results for Package miscF

Last updated on 2014-12-20 01:49:21.

Flavor Version Tinstall Tcheck Ttotal Status Flags
r-devel-linux-x86_64-debian-clang 0.1-2 7.38 21.85 29.24 NOTE
r-devel-linux-x86_64-debian-gcc 0.1-2 8.15 20.77 28.92 NOTE
r-devel-linux-x86_64-fedora-clang 0.1-2 63.07 NOTE
r-devel-linux-x86_64-fedora-gcc 0.1-2 58.04 NOTE
r-devel-osx-x86_64-clang 0.1-2 54.88 NOTE
r-devel-windows-ix86+x86_64 0.1-2 34.00 46.00 80.00 NOTE
r-patched-linux-x86_64 0.1-2 8.30 21.41 29.71 NOTE
r-patched-solaris-sparc 0.1-2 352.50 NOTE
r-patched-solaris-x86 0.1-2 77.60 NOTE
r-release-linux-ix86 0.1-2 10.22 28.02 38.24 NOTE
r-release-linux-x86_64 0.1-2 8.21 23.24 31.46 NOTE
r-release-osx-x86_64-mavericks 0.1-2 NOTE
r-release-osx-x86_64-snowleopard 0.1-2 NOTE
r-release-windows-ix86+x86_64 0.1-2 35.00 52.00 87.00 NOTE
r-oldrel-windows-ix86+x86_64 0.1-2 35.00 56.00 91.00 NOTE

Check Details

Version: 0.1-2
Check: dependencies in R code
Result: NOTE
    Packages in Depends field not imported from:
     ‘MCMCpack’ ‘Rcpp’ ‘RcppArmadillo’ ‘mvtnorm’
     These packages need to be imported from (in the NAMESPACE file)
     for when this namespace is loaded but not attached.
    See the information on DESCRIPTION files in the chapter ‘Creating R
    packages’ of the ‘Writing R Extensions’ manual.
Flavors: r-devel-linux-x86_64-debian-clang, r-devel-linux-x86_64-debian-gcc, r-devel-linux-x86_64-fedora-clang, r-devel-linux-x86_64-fedora-gcc, r-devel-osx-x86_64-clang, r-devel-windows-ix86+x86_64, r-patched-linux-x86_64, r-patched-solaris-sparc, r-patched-solaris-x86, r-release-linux-ix86, r-release-linux-x86_64, r-release-osx-x86_64-mavericks, r-release-windows-ix86+x86_64, r-oldrel-windows-ix86+x86_64

Version: 0.1-2
Check: R code for possible problems
Result: NOTE
    simMvnConjugate: no visible global function definition for ‘riwish’
    simMvnConjugate: no visible global function definition for ‘mvrnorm’
    simMvnJeffreys: no visible global function definition for ‘riwish’
    simMvnJeffreys: no visible global function definition for ‘mvrnorm’
    spatial.lme.mcmc: no visible global function definition for ‘mvrnorm’
    spatial.lme.mcmc: no visible global function definition for ‘rwish’
    uvnm.rjmcmc: no visible global function definition for ‘rdirichlet’
Flavors: r-devel-linux-x86_64-debian-clang, r-devel-linux-x86_64-debian-gcc, r-devel-linux-x86_64-fedora-clang, r-devel-linux-x86_64-fedora-gcc, r-devel-osx-x86_64-clang, r-devel-windows-ix86+x86_64, r-patched-linux-x86_64, r-patched-solaris-sparc, r-patched-solaris-x86, r-release-linux-ix86, r-release-linux-x86_64, r-release-windows-ix86+x86_64

Version: 0.1-2
Check: package dependencies
Result: NOTE
    Package suggested but not available for checking: ‘mixAK’
Flavors: r-release-osx-x86_64-mavericks, r-release-osx-x86_64-snowleopard

Version: 0.1-2
Check: Rd cross-references
Result: NOTE
    Package unavailable to check Rd xrefs: ‘mixAK’
Flavors: r-release-osx-x86_64-mavericks, r-release-osx-x86_64-snowleopard