CRAN Package Check Results for Package miscF

Last updated on 2016-12-08 12:48:11.

Flavor Version Tinstall Tcheck Ttotal Status Flags
r-devel-linux-x86_64-debian-clang 0.1-3 11.63 40.87 52.50 OK
r-devel-linux-x86_64-debian-gcc 0.1-3 12.27 40.38 52.65 OK
r-devel-linux-x86_64-fedora-clang 0.1-3 118.12 OK --no-stop-on-test-error
r-devel-linux-x86_64-fedora-gcc 0.1-3 118.36 OK --no-stop-on-test-error
r-devel-windows-ix86+x86_64 0.1-3 40.00 142.00 182.00 OK
r-patched-linux-x86_64 0.1-3 10.17 36.81 46.99 OK
r-release-linux-x86_64 0.1-3 10.23 36.25 46.48 OK
r-release-osx-x86_64-mavericks 0.1-3 ERROR
r-release-windows-ix86+x86_64 0.1-3 36.00 119.00 155.00 OK
r-oldrel-windows-ix86+x86_64 0.1-3 55.00 91.00 146.00 OK

Check Details

Version: 0.1-3
Check: package dependencies
Result: ERROR
    Package required but not available: ‘BRugs’
    
    Package suggested but not available for checking: ‘mixAK’
    
    See section ‘The DESCRIPTION file’ in the ‘Writing R Extensions’
    manual.
Flavor: r-release-osx-x86_64-mavericks