CRAN Package Check Results for Package miscF

Last updated on 2018-04-27 04:50:51 CEST.

Flavor Version Tinstall Tcheck Ttotal Status Flags
r-devel-linux-x86_64-debian-clang 0.1-4 7.69 54.96 62.65 OK
r-devel-linux-x86_64-debian-gcc 0.1-4 7.07 51.95 59.02 OK
r-devel-linux-x86_64-fedora-clang 0.1-4 85.04 OK
r-devel-linux-x86_64-fedora-gcc 0.1-4 82.66 OK
r-devel-windows-ix86+x86_64 0.1-4 29.00 122.00 151.00 OK
r-patched-linux-x86_64 0.1-4 8.54 60.47 69.01 OK
r-patched-solaris-x86 0.1-4 130.80 NOTE
r-release-linux-x86_64 0.1-4 6.42 60.63 67.05 OK
r-release-windows-ix86+x86_64 0.1-4 29.00 122.00 151.00 OK
r-release-osx-x86_64 0.1-4 NOTE
r-oldrel-windows-ix86+x86_64 0.1-4 23.00 129.00 152.00 OK
r-oldrel-osx-x86_64 0.1-4 NOTE

Check Details

Version: 0.1-4
Check: package dependencies
Result: NOTE
    Package suggested but not available for checking: ‘BRugs’
Flavor: r-patched-solaris-x86

Version: 0.1-4
Check: package dependencies
Result: NOTE
    Packages suggested but not available for checking: ‘mixAK’ ‘BRugs’
Flavors: r-release-osx-x86_64, r-oldrel-osx-x86_64

Version: 0.1-4
Check: Rd cross-references
Result: NOTE
    Package unavailable to check Rd xrefs: ‘mixAK’
Flavors: r-release-osx-x86_64, r-oldrel-osx-x86_64