CRAN Package Check Results for Package miscF

Last updated on 2017-11-22 22:57:29 CET.

Flavor Version Tinstall Tcheck Ttotal Status Flags
r-devel-linux-x86_64-debian-clang 0.1-3 12.02 38.02 50.04 NOTE
r-devel-linux-x86_64-debian-gcc 0.1-3 13.19 90.93 104.12 NOTE
r-devel-linux-x86_64-fedora-clang 0.1-3 92.84 NOTE
r-devel-linux-x86_64-fedora-gcc 0.1-3 144.70 NOTE
r-devel-windows-ix86+x86_64 0.1-3 47.00 96.00 143.00 OK
r-patched-linux-x86_64 0.1-3 13.08 41.98 55.06 NOTE
r-release-linux-x86_64 0.1-3 12.82 41.89 54.72 NOTE
r-release-windows-ix86+x86_64 0.1-3 45.00 96.00 141.00 OK
r-release-osx-x86_64 0.1-3 ERROR
r-oldrel-windows-ix86+x86_64 0.1-3 42.00 106.00 148.00 OK
r-oldrel-osx-x86_64 0.1-3 ERROR

Check Details

Version: 0.1-3
Check: compiled code
Result: NOTE
    File ‘miscF/libs/miscF.so’:
     Found no calls to: ‘R_registerRoutines’, ‘R_useDynamicSymbols’
    
    It is good practice to register native routines and to disable symbol
    search.
    
    See ‘Writing portable packages’ in the ‘Writing R Extensions’ manual.
Flavors: r-devel-linux-x86_64-debian-clang, r-devel-linux-x86_64-debian-gcc, r-devel-linux-x86_64-fedora-clang, r-devel-linux-x86_64-fedora-gcc, r-patched-linux-x86_64, r-release-linux-x86_64

Version: 0.1-3
Check: package dependencies
Result: ERROR
    Package required but not available: ‘BRugs’
    
    Package suggested but not available for checking: ‘mixAK’
    
    See section ‘The DESCRIPTION file’ in the ‘Writing R Extensions’
    manual.
Flavors: r-release-osx-x86_64, r-oldrel-osx-x86_64