CRAN Package Check Results for Package miscF

Last updated on 2018-02-20 15:48:44 CET.

Flavor Version Tinstall Tcheck Ttotal Status Flags
r-devel-linux-x86_64-debian-clang 0.1-4 8.32 62.01 70.33 OK
r-devel-linux-x86_64-debian-gcc 0.1-4 6.91 51.88 58.79 OK
r-devel-linux-x86_64-fedora-clang 0.1-4 45.86 OK
r-devel-linux-x86_64-fedora-gcc 0.1-4 82.31 OK
r-devel-windows-ix86+x86_64 0.1-4 26.00 95.00 121.00 OK
r-patched-linux-x86_64 0.1-4 6.56 60.67 67.23 OK
r-patched-solaris-x86 0.1-4 115.10 NOTE
r-release-linux-x86_64 0.1-4 6.18 60.92 67.10 OK
r-release-windows-ix86+x86_64 0.1-4 31.00 117.00 148.00 OK
r-release-osx-x86_64 0.1-4 NOTE
r-oldrel-windows-ix86+x86_64 0.1-4 21.00 102.00 123.00 OK
r-oldrel-osx-x86_64 0.1-3 ERROR

Check Details

Version: 0.1-4
Check: package dependencies
Result: NOTE
    Package suggested but not available for checking: ‘BRugs’
Flavor: r-patched-solaris-x86

Version: 0.1-4
Check: package dependencies
Result: NOTE
    Packages suggested but not available for checking: ‘mixAK’ ‘BRugs’
Flavor: r-release-osx-x86_64

Version: 0.1-4
Check: Rd cross-references
Result: NOTE
    Package unavailable to check Rd xrefs: ‘mixAK’
Flavor: r-release-osx-x86_64

Version: 0.1-3
Check: package dependencies
Result: ERROR
    Package required but not available: ‘BRugs’
    
    Package suggested but not available for checking: ‘mixAK’
    
    See section ‘The DESCRIPTION file’ in the ‘Writing R Extensions’
    manual.
Flavor: r-oldrel-osx-x86_64