CRAN Package Check Results for Package miscF

Last updated on 2015-01-27 16:48:28.

Flavor Version Tinstall Tcheck Ttotal Status Flags
r-devel-linux-x86_64-debian-clang 0.1-2 7.43 18.60 26.03 NOTE
r-devel-linux-x86_64-debian-gcc 0.1-2 8.18 16.95 25.14 NOTE
r-devel-linux-x86_64-fedora-clang 0.1-2 62.21 NOTE
r-devel-linux-x86_64-fedora-gcc 0.1-2 66.06 NOTE
r-devel-osx-x86_64-clang 0.1-2 61.93 NOTE
r-devel-windows-ix86+x86_64 0.1-2 26.00 41.00 67.00 NOTE
r-patched-linux-x86_64 0.1-2 8.56 21.79 30.35 NOTE
r-patched-solaris-sparc 0.1-2 380.40 NOTE
r-patched-solaris-x86 0.1-2 78.10 NOTE
r-release-linux-ix86 0.1-2 10.12 28.36 38.48 NOTE
r-release-linux-x86_64 0.1-2 8.38 22.40 30.78 NOTE
r-release-osx-x86_64-mavericks 0.1-2 NOTE
r-release-osx-x86_64-snowleopard 0.1-2 NOTE
r-release-windows-ix86+x86_64 0.1-2 38.00 52.00 90.00 NOTE
r-oldrel-windows-ix86+x86_64 0.1-2 45.00 82.00 127.00 NOTE

Check Details

Version: 0.1-2
Check: dependencies in R code
Result: NOTE
    Packages in Depends field not imported from:
     ‘MCMCpack’ ‘Rcpp’ ‘RcppArmadillo’ ‘mvtnorm’
     These packages need to be imported from (in the NAMESPACE file)
     for when this namespace is loaded but not attached.
Flavors: r-devel-linux-x86_64-debian-clang, r-devel-linux-x86_64-debian-gcc, r-devel-linux-x86_64-fedora-clang, r-devel-linux-x86_64-fedora-gcc, r-devel-osx-x86_64-clang, r-devel-windows-ix86+x86_64

Version: 0.1-2
Check: R code for possible problems
Result: NOTE
    simMvnConjugate: no visible global function definition for ‘riwish’
    simMvnConjugate: no visible global function definition for ‘mvrnorm’
    simMvnJeffreys: no visible global function definition for ‘riwish’
    simMvnJeffreys: no visible global function definition for ‘mvrnorm’
    spatial.lme.mcmc: no visible global function definition for ‘mvrnorm’
    spatial.lme.mcmc: no visible global function definition for ‘rwish’
    uvnm.rjmcmc: no visible global function definition for ‘rdirichlet’
Flavors: r-devel-linux-x86_64-debian-clang, r-devel-linux-x86_64-debian-gcc, r-devel-linux-x86_64-fedora-clang, r-devel-linux-x86_64-fedora-gcc, r-devel-osx-x86_64-clang, r-devel-windows-ix86+x86_64, r-patched-linux-x86_64, r-patched-solaris-sparc, r-patched-solaris-x86, r-release-linux-ix86, r-release-linux-x86_64, r-release-osx-x86_64-mavericks, r-release-windows-ix86+x86_64

Version: 0.1-2
Check: dependencies in R code
Result: NOTE
    Packages in Depends field not imported from:
     ‘MCMCpack’ ‘Rcpp’ ‘RcppArmadillo’ ‘mvtnorm’
     These packages need to be imported from (in the NAMESPACE file)
     for when this namespace is loaded but not attached.
    See the information on DESCRIPTION files in the chapter ‘Creating R
    packages’ of the ‘Writing R Extensions’ manual.
Flavors: r-patched-linux-x86_64, r-patched-solaris-sparc, r-patched-solaris-x86, r-release-linux-ix86, r-release-linux-x86_64, r-release-osx-x86_64-mavericks, r-release-windows-ix86+x86_64, r-oldrel-windows-ix86+x86_64

Version: 0.1-2
Check: package dependencies
Result: NOTE
    Package suggested but not available for checking: ‘mixAK’
Flavors: r-release-osx-x86_64-mavericks, r-release-osx-x86_64-snowleopard

Version: 0.1-2
Check: Rd cross-references
Result: NOTE
    Package unavailable to check Rd xrefs: ‘mixAK’
Flavors: r-release-osx-x86_64-mavericks, r-release-osx-x86_64-snowleopard