CRAN Package Check Results for Package miscF

Last updated on 2017-05-27 01:46:56.

Flavor Version Tinstall Tcheck Ttotal Status Flags
r-devel-linux-x86_64-debian-clang 0.1-3 13.58 41.75 55.34 NOTE
r-devel-linux-x86_64-debian-gcc 0.1-3 13.21 42.21 55.42 NOTE
r-devel-linux-x86_64-fedora-clang 0.1-3 116.03 NOTE
r-devel-linux-x86_64-fedora-gcc 0.1-3 112.99 NOTE
r-devel-windows-ix86+x86_64 0.1-3 44.00 132.00 176.00 OK
r-patched-linux-x86_64 0.1-3 12.75 41.23 53.98 NOTE
r-release-linux-x86_64 0.1-3 11.33 40.39 51.73 NOTE
r-release-windows-ix86+x86_64 0.1-3 41.00 95.00 136.00 OK
r-release-osx-x86_64 0.1-3 ERROR
r-oldrel-windows-ix86+x86_64 0.1-3 49.00 94.00 143.00 OK
r-oldrel-osx-x86_64 0.1-3 ERROR

Check Details

Version: 0.1-3
Check: compiled code
Result: NOTE
    File ‘miscF/libs/miscF.so’:
     Found no calls to: ‘R_registerRoutines’, ‘R_useDynamicSymbols’
    
    It is good practice to register native routines and to disable symbol
    search.
    
    See ‘Writing portable packages’ in the ‘Writing R Extensions’ manual.
Flavors: r-devel-linux-x86_64-debian-clang, r-devel-linux-x86_64-debian-gcc, r-devel-linux-x86_64-fedora-clang, r-devel-linux-x86_64-fedora-gcc, r-patched-linux-x86_64, r-release-linux-x86_64

Version: 0.1-3
Check: package dependencies
Result: ERROR
    Package required but not available: ‘BRugs’
    
    Package suggested but not available for checking: ‘mixAK’
    
    See section ‘The DESCRIPTION file’ in the ‘Writing R Extensions’
    manual.
Flavors: r-release-osx-x86_64, r-oldrel-osx-x86_64