CRAN Package Check Results for Package miscF

Last updated on 2016-09-29 12:47:56.

Flavor Version Tinstall Tcheck Ttotal Status Flags
r-devel-linux-x86_64-debian-clang 0.1-3 11.98 37.58 49.56 OK
r-devel-linux-x86_64-debian-gcc 0.1-3 12.68 36.45 49.13 OK
r-devel-linux-x86_64-fedora-clang 0.1-3 102.19 OK
r-devel-linux-x86_64-fedora-gcc 0.1-3 96.10 OK
r-devel-macos-x86_64-clang 0.1-3 1.56 ERROR
r-devel-windows-ix86+x86_64 0.1-3 59.00 108.00 167.00 OK
r-patched-linux-x86_64 0.1-3 10.22 37.06 47.28 OK
r-patched-solaris-sparc 0.1-3 12.90 ERROR
r-patched-solaris-x86 0.1-3 2.70 ERROR
r-release-linux-x86_64 0.1-3 10.80 38.23 49.03 OK
r-release-osx-x86_64-mavericks 0.1-3 ERROR
r-release-windows-ix86+x86_64 0.1-3 59.00 75.00 134.00 OK
r-oldrel-windows-ix86+x86_64 0.1-3 62.00 122.00 184.00 OK

Check Details

Version: 0.1-3
Check: package dependencies
Result: ERROR
    Package required but not available: ‘BRugs’
    
    See section ‘The DESCRIPTION file’ in the ‘Writing R Extensions’
    manual.
Flavors: r-devel-macos-x86_64-clang, r-patched-solaris-sparc, r-patched-solaris-x86

Version: 0.1-3
Check: package dependencies
Result: ERROR
    Package required but not available: ‘BRugs’
    
    Package suggested but not available for checking: ‘mixAK’
    
    See section ‘The DESCRIPTION file’ in the ‘Writing R Extensions’
    manual.
Flavor: r-release-osx-x86_64-mavericks