CRAN Package Check Results for Package miscFuncs

Last updated on 2015-03-31 13:48:18.

Flavor Version Tinstall Tcheck Ttotal Status Flags
r-devel-linux-x86_64-debian-clang 1.2-7 0.93 15.55 16.48 NOTE
r-devel-linux-x86_64-debian-gcc 1.2-7 0.93 15.52 16.45 NOTE
r-devel-linux-x86_64-fedora-clang 1.2-7 33.10 NOTE
r-devel-linux-x86_64-fedora-gcc 1.2-7 30.49 NOTE
r-devel-osx-x86_64-clang 1.2-7 38.25 NOTE
r-prerel-windows-ix86+x86_64 1.2-7 5.00 26.00 31.00 NOTE
r-prerel-linux-x86_64 1.2-7 0.90 14.96 15.87 NOTE
r-prerel-solaris-sparc 1.2-7 211.50 NOTE
r-prerel-solaris-x86 1.2-7 42.60 NOTE
r-release-linux-x86_64 1.2-7 1.11 18.13 19.24 OK
r-release-osx-x86_64-mavericks 1.2-7 OK
r-release-osx-x86_64-snowleopard 1.2-7 OK
r-release-windows-ix86+x86_64 1.2-7 5.00 31.00 36.00 OK
r-oldrel-windows-ix86+x86_64 1.2-7 4.00 30.00 34.00 OK

Check Details

Version: 1.2-7
Check: DESCRIPTION meta-information
Result: NOTE
    Malformed Description field: should contain one or more complete sentences.
Flavors: r-devel-linux-x86_64-debian-clang, r-devel-linux-x86_64-debian-gcc, r-devel-linux-x86_64-fedora-clang, r-devel-linux-x86_64-fedora-gcc, r-devel-osx-x86_64-clang, r-prerel-windows-ix86+x86_64, r-prerel-linux-x86_64, r-prerel-solaris-sparc, r-prerel-solaris-x86