CRAN Package Check Results for Package miscFuncs

Last updated on 2014-04-24 17:49:47.

Flavor Version Tinstall Tcheck Ttotal Status Flags
r-devel-linux-x86_64-debian-clang 1.2-4 1.30 18.48 19.78 NOTE
r-devel-linux-x86_64-debian-gcc 1.2-4 1.35 18.34 19.69 NOTE
r-devel-linux-x86_64-fedora-clang 1.2-4 39.06 NOTE
r-devel-linux-x86_64-fedora-gcc 1.2-4 37.80 NOTE
r-devel-osx-x86_64-clang 1.2-4 38.09 NOTE
r-devel-osx-x86_64-gcc 1.2-4 NOTE
r-devel-windows-ix86+x86_64 1.2-4 4.00 32.00 36.00 NOTE
r-patched-linux-x86_64 1.2-4 1.34 18.24 19.59 NOTE
r-patched-solaris-sparc 1.2-4 216.40 NOTE
r-patched-solaris-x86 1.2-4 52.40 NOTE
r-release-linux-ix86 1.2-4 2.00 37.00 39.00 NOTE
r-release-linux-x86_64 1.2-4 1.27 18.24 19.50 NOTE
r-release-osx-x86_64-mavericks 1.2-4 NOTE
r-release-osx-x86_64-snowleopard 1.2-4 OK
r-release-windows-ix86+x86_64 1.2-4 7.00 31.00 38.00 NOTE
r-oldrel-windows-ix86+x86_64 1.2-4 6.00 31.00 37.00 NOTE

Check Details

Version: 1.2-4
Check: dependencies in R code
Result: NOTE
    Packages in Depends field not imported from:
     ‘mvtnorm’ ‘roxygen2’
     These packages need to be imported from (in the NAMESPACE file)
     for when this namespace is loaded but not attached.
    See the information on DESCRIPTION files in the chapter ‘Creating R
    packages’ of the ‘Writing R Extensions’ manual.
Flavors: r-devel-linux-x86_64-debian-clang, r-devel-linux-x86_64-debian-gcc, r-devel-linux-x86_64-fedora-clang, r-devel-linux-x86_64-fedora-gcc, r-devel-osx-x86_64-clang, r-devel-osx-x86_64-gcc, r-devel-windows-ix86+x86_64, r-patched-linux-x86_64, r-patched-solaris-sparc, r-patched-solaris-x86, r-release-linux-ix86, r-release-linux-x86_64, r-release-osx-x86_64-mavericks, r-release-windows-ix86+x86_64, r-oldrel-windows-ix86+x86_64