CRAN Package Check Results for Package miscFuncs

Last updated on 2015-04-25 19:47:23.

Flavor Version Tinstall Tcheck Ttotal Status Flags
r-devel-linux-x86_64-debian-clang 1.2-7 0.98 15.20 16.19 NOTE
r-devel-linux-x86_64-debian-gcc 1.2-7 0.89 14.80 15.69 NOTE
r-devel-linux-x86_64-fedora-clang 1.2-7 32.30 NOTE
r-devel-linux-x86_64-fedora-gcc 1.2-7 30.04 NOTE
r-devel-osx-x86_64-clang 1.2-7 34.88 NOTE
r-devel-windows-ix86+x86_64 1.2-7 3.00 25.00 28.00 NOTE
r-patched-linux-x86_64 1.2-7 0.96 14.86 15.82 NOTE
r-patched-solaris-sparc 1.2-7 211.50 NOTE
r-patched-solaris-x86 1.2-7 43.30 NOTE
r-release-linux-x86_64 1.2-7 1.19 15.19 16.38 NOTE
r-release-osx-x86_64-mavericks 1.2-7 NOTE
r-release-osx-x86_64-snowleopard 1.2-7 NOTE
r-release-windows-ix86+x86_64 1.2-7 3.00 24.00 27.00 NOTE
r-oldrel-windows-ix86+x86_64 1.2-7 4.00 33.00 37.00 OK

Check Details

Version: 1.2-7
Check: DESCRIPTION meta-information
Result: NOTE
    Malformed Description field: should contain one or more complete sentences.
Flavors: r-devel-windows-ix86+x86_64, r-release-windows-ix86+x86_64