CRAN Package Check Results for Package miscFuncs

Last updated on 2015-09-03 14:48:25.

Flavor Version Tinstall Tcheck Ttotal Status Flags
r-devel-linux-x86_64-debian-clang 1.2-7 0.86 15.35 16.21 NOTE
r-devel-linux-x86_64-debian-gcc 1.2-7 0.83 14.72 15.56 NOTE
r-devel-linux-x86_64-fedora-clang 1.2-7 30.49 NOTE
r-devel-linux-x86_64-fedora-gcc 1.2-7 30.90 NOTE
r-devel-osx-x86_64-clang 1.2-7 30.51 NOTE
r-devel-windows-ix86+x86_64 1.2-7 7.00 41.00 48.00 NOTE
r-patched-linux-x86_64 1.2-7 0.94 15.44 16.38 NOTE
r-patched-solaris-sparc 1.2-7 204.20 NOTE
r-patched-solaris-x86 1.2-7 47.10 NOTE
r-release-linux-x86_64 1.2-7 0.98 15.94 16.92 NOTE
r-release-osx-x86_64-mavericks 1.2-7 NOTE
r-release-windows-ix86+x86_64 1.2-7 5.00 45.00 50.00 NOTE
r-oldrel-windows-ix86+x86_64 1.2-7 8.00 40.00 48.00 OK

Check Details

Version: 1.2-7
Check: DESCRIPTION meta-information
Result: NOTE
    Malformed Description field: should contain one or more complete sentences.
Flavors: r-devel-linux-x86_64-debian-clang, r-devel-linux-x86_64-debian-gcc, r-devel-linux-x86_64-fedora-clang, r-devel-linux-x86_64-fedora-gcc, r-devel-osx-x86_64-clang, r-devel-windows-ix86+x86_64, r-patched-linux-x86_64, r-patched-solaris-sparc, r-patched-solaris-x86, r-release-linux-x86_64, r-release-osx-x86_64-mavericks, r-release-windows-ix86+x86_64

Version: 1.2-7
Check: R code for possible problems
Result: NOTE
    KFadvance: no visible global function definition for ‘dnorm’
    KFadvanceAR2: no visible global function definition for ‘dnorm’
    twotwoinfo: no visible global function definition for ‘qnorm’
    Undefined global functions or variables:
     dnorm qnorm
    Consider adding
     importFrom("stats", "dnorm", "qnorm")
    to your NAMESPACE.
Flavors: r-devel-linux-x86_64-debian-clang, r-devel-linux-x86_64-debian-gcc, r-devel-linux-x86_64-fedora-clang, r-devel-linux-x86_64-fedora-gcc, r-devel-windows-ix86+x86_64