CRAN Package Check Results for Package miscFuncs

Last updated on 2016-06-26 06:47:06.

Flavor Version Tinstall Tcheck Ttotal Status Flags
r-devel-linux-x86_64-debian-gcc 1.2-7 0.99 16.73 17.72 NOTE
r-devel-linux-x86_64-fedora-clang 1.2-7 29.38 NOTE
r-devel-linux-x86_64-fedora-gcc 1.2-7 26.59 NOTE
r-devel-osx-x86_64-clang 1.2-7 25.58 NOTE
r-devel-windows-ix86+x86_64 1.2-7 6.00 41.00 47.00 NOTE
r-patched-linux-x86_64 1.2-7 0.98 16.45 17.43 NOTE
r-patched-solaris-sparc 1.2-7 187.30 NOTE
r-patched-solaris-x86 1.2-7 43.20 NOTE
r-release-linux-x86_64 1.2-7 0.94 16.83 17.77 NOTE
r-release-osx-x86_64-mavericks 1.2-7 NOTE
r-release-windows-ix86+x86_64 1.2-7 5.00 37.00 42.00 NOTE
r-oldrel-windows-ix86+x86_64 1.2-7 6.00 48.00 54.00 NOTE

Check Details

Version: 1.2-7
Check: DESCRIPTION meta-information
Result: NOTE
    Malformed Description field: should contain one or more complete sentences.
Flavors: r-devel-linux-x86_64-debian-gcc, r-devel-linux-x86_64-fedora-clang, r-devel-linux-x86_64-fedora-gcc, r-devel-osx-x86_64-clang, r-devel-windows-ix86+x86_64, r-patched-linux-x86_64, r-patched-solaris-sparc, r-patched-solaris-x86, r-release-linux-x86_64, r-release-osx-x86_64-mavericks, r-release-windows-ix86+x86_64, r-oldrel-windows-ix86+x86_64

Version: 1.2-7
Check: R code for possible problems
Result: NOTE
    KFadvance: no visible global function definition for ‘dnorm’
    KFadvanceAR2: no visible global function definition for ‘dnorm’
    twotwoinfo: no visible global function definition for ‘qnorm’
    Undefined global functions or variables:
     dnorm qnorm
    Consider adding
     importFrom("stats", "dnorm", "qnorm")
    to your NAMESPACE file.
Flavors: r-devel-linux-x86_64-debian-gcc, r-devel-linux-x86_64-fedora-clang, r-devel-linux-x86_64-fedora-gcc, r-devel-osx-x86_64-clang, r-devel-windows-ix86+x86_64, r-patched-linux-x86_64, r-patched-solaris-sparc, r-patched-solaris-x86, r-release-linux-x86_64, r-release-osx-x86_64-mavericks, r-release-windows-ix86+x86_64