CRAN Package Check Results for Package miscFuncs

Last updated on 2015-05-25 03:47:43.

Flavor Version Tinstall Tcheck Ttotal Status Flags
r-devel-linux-x86_64-debian-clang 1.2-7 1.10 15.98 17.08 NOTE
r-devel-linux-x86_64-debian-gcc 1.2-7 0.97 15.41 16.38 NOTE
r-devel-linux-x86_64-fedora-clang 1.2-7 32.26 NOTE
r-devel-linux-x86_64-fedora-gcc 1.2-7 30.53 NOTE
r-devel-osx-x86_64-clang 1.2-7 35.92 NOTE
r-devel-windows-ix86+x86_64 1.2-7 4.00 30.00 34.00 NOTE
r-patched-linux-x86_64 1.2-7 1.19 15.14 16.33 NOTE
r-patched-solaris-sparc 1.2-7 204.70 NOTE
r-patched-solaris-x86 1.2-7 46.40 NOTE
r-release-linux-x86_64 1.2-7 0.98 16.11 17.09 NOTE
r-release-osx-x86_64-mavericks 1.2-7 NOTE
r-release-osx-x86_64-snowleopard 1.2-7 NOTE
r-release-windows-ix86+x86_64 1.2-7 5.00 27.00 32.00 NOTE
r-oldrel-windows-ix86+x86_64 1.2-7 6.00 32.00 38.00 OK

Check Details

Version: 1.2-7
Check: DESCRIPTION meta-information
Result: NOTE
    Malformed Description field: should contain one or more complete sentences.
Flavors: r-devel-linux-x86_64-debian-clang, r-devel-linux-x86_64-debian-gcc, r-devel-linux-x86_64-fedora-clang, r-devel-linux-x86_64-fedora-gcc, r-devel-osx-x86_64-clang, r-devel-windows-ix86+x86_64, r-patched-linux-x86_64, r-patched-solaris-sparc, r-patched-solaris-x86, r-release-linux-x86_64, r-release-osx-x86_64-mavericks, r-release-osx-x86_64-snowleopard, r-release-windows-ix86+x86_64