CRAN Package Check Results for Package miscFuncs

Last updated on 2016-04-28 21:47:35.

Flavor Version Tinstall Tcheck Ttotal Status Flags
r-devel-linux-x86_64-debian-gcc 1.2-7 0.93 15.90 16.83 NOTE
r-devel-linux-x86_64-fedora-clang 1.2-7 28.67 NOTE
r-devel-linux-x86_64-fedora-gcc 1.2-7 27.70 NOTE
r-devel-osx-x86_64-clang 1.2-7 33.09 NOTE
r-devel-windows-ix86+x86_64 1.2-7 7.00 52.00 59.00 NOTE
r-patched-linux-x86_64 1.2-7 0.92 15.74 16.65 NOTE
r-patched-solaris-sparc 1.2-7 184.30 NOTE
r-patched-solaris-x86 1.2-7 43.00 NOTE
r-release-linux-x86_64 1.2-7 1.14 17.08 18.22 NOTE
r-release-osx-x86_64-mavericks 1.2-7 NOTE
r-release-windows-ix86+x86_64 1.2-7 4.00 39.00 43.00 NOTE
r-oldrel-windows-ix86+x86_64 1.2-7 8.00 59.00 67.00 OK

Check Details

Version: 1.2-7
Check: DESCRIPTION meta-information
Result: NOTE
    Malformed Description field: should contain one or more complete sentences.
Flavors: r-devel-linux-x86_64-debian-gcc, r-devel-linux-x86_64-fedora-clang, r-devel-linux-x86_64-fedora-gcc, r-devel-osx-x86_64-clang, r-devel-windows-ix86+x86_64, r-patched-linux-x86_64, r-patched-solaris-sparc, r-patched-solaris-x86, r-release-linux-x86_64, r-release-osx-x86_64-mavericks, r-release-windows-ix86+x86_64

Version: 1.2-7
Check: R code for possible problems
Result: NOTE
    KFadvance: no visible global function definition for ‘dnorm’
    KFadvanceAR2: no visible global function definition for ‘dnorm’
    twotwoinfo: no visible global function definition for ‘qnorm’
    Undefined global functions or variables:
     dnorm qnorm
    Consider adding
     importFrom("stats", "dnorm", "qnorm")
    to your NAMESPACE file.
Flavors: r-devel-linux-x86_64-debian-gcc, r-devel-linux-x86_64-fedora-clang, r-devel-linux-x86_64-fedora-gcc, r-devel-osx-x86_64-clang, r-devel-windows-ix86+x86_64, r-patched-linux-x86_64, r-patched-solaris-sparc, r-patched-solaris-x86