CRAN Package Check Results for Package miscFuncs

Last updated on 2014-07-24 23:48:18.

Flavor Version Tinstall Tcheck Ttotal Status Flags
r-devel-linux-x86_64-debian-clang 1.2-6 1.16 16.74 17.90 OK
r-devel-linux-x86_64-debian-gcc 1.2-6 1.14 16.83 17.97 OK
r-devel-linux-x86_64-fedora-clang 1.2-6 36.56 OK
r-devel-linux-x86_64-fedora-gcc 1.2-6 21.27 OK
r-devel-osx-x86_64-clang 1.2-6 33.18 OK
r-devel-windows-ix86+x86_64 1.2-6 4.00 29.00 33.00 OK
r-patched-linux-x86_64 1.2-6 1.15 16.80 17.95 OK
r-patched-solaris-sparc 1.2-6 219.50 OK
r-patched-solaris-x86 1.2-6 44.60 OK
r-release-linux-ix86 1.2-4 1.53 24.36 25.89 NOTE
r-release-linux-x86_64 1.2-4 1.18 16.75 17.93 NOTE
r-release-osx-x86_64-mavericks 1.2-6 OK
r-release-osx-x86_64-snowleopard 1.2-6 OK
r-release-windows-ix86+x86_64 1.2-6 5.00 31.00 36.00 OK
r-oldrel-windows-ix86+x86_64 1.2-6 4.00 34.00 38.00 OK

Check Details

Version: 1.2-4
Check: dependencies in R code
Result: NOTE
    Packages in Depends field not imported from:
     ‘mvtnorm’ ‘roxygen2’
     These packages need to be imported from (in the NAMESPACE file)
     for when this namespace is loaded but not attached.
    See the information on DESCRIPTION files in the chapter ‘Creating R
    packages’ of the ‘Writing R Extensions’ manual.
Flavors: r-release-linux-ix86, r-release-linux-x86_64