CRAN Package Check Results for Package miscFuncs

Last updated on 2015-07-28 03:48:21.

Flavor Version Tinstall Tcheck Ttotal Status Flags
r-devel-linux-x86_64-debian-clang 1.2-7 1.10 16.20 17.30 NOTE
r-devel-linux-x86_64-debian-gcc 1.2-7 0.91 15.42 16.33 NOTE
r-devel-linux-x86_64-fedora-clang 1.2-7 31.96 NOTE
r-devel-linux-x86_64-fedora-gcc 1.2-7 30.74 NOTE
r-devel-osx-x86_64-clang 1.2-7 29.00 NOTE
r-devel-windows-ix86+x86_64 1.2-7 4.00 28.00 32.00 NOTE
r-patched-linux-x86_64 1.2-7 0.98 15.95 16.93 NOTE
r-patched-solaris-sparc 1.2-7 204.20 NOTE
r-patched-solaris-x86 1.2-7 46.60 NOTE
r-release-linux-x86_64 1.2-7 0.99 15.22 16.22 NOTE
r-release-osx-x86_64-mavericks 1.2-7 NOTE
r-release-windows-ix86+x86_64 1.2-7 5.00 26.00 31.00 NOTE
r-oldrel-windows-ix86+x86_64 1.2-7 9.00 33.00 42.00 OK

Check Details

Version: 1.2-7
Check: DESCRIPTION meta-information
Result: NOTE
    Malformed Description field: should contain one or more complete sentences.
Flavors: r-devel-linux-x86_64-debian-clang, r-devel-linux-x86_64-debian-gcc, r-devel-linux-x86_64-fedora-clang, r-devel-linux-x86_64-fedora-gcc, r-devel-osx-x86_64-clang, r-devel-windows-ix86+x86_64, r-patched-linux-x86_64, r-patched-solaris-sparc, r-patched-solaris-x86, r-release-linux-x86_64, r-release-osx-x86_64-mavericks, r-release-windows-ix86+x86_64

Version: 1.2-7
Check: R code for possible problems
Result: NOTE
    KFadvance: no visible global function definition for ‘dnorm’
    KFadvanceAR2: no visible global function definition for ‘dnorm’
    twotwoinfo: no visible global function definition for ‘qnorm’
    Undefined global functions or variables:
     dnorm qnorm
    Consider adding
     importFrom("stats", "dnorm", "qnorm")
    to your NAMESPACE.
Flavors: r-devel-linux-x86_64-debian-clang, r-devel-linux-x86_64-debian-gcc, r-devel-linux-x86_64-fedora-clang, r-devel-linux-x86_64-fedora-gcc, r-devel-windows-ix86+x86_64