CRAN Package Check Results for Package miscTools

Last updated on 2014-09-18 11:48:44.

Flavor Version Tinstall Tcheck Ttotal Status Flags
r-devel-linux-x86_64-debian-clang 0.6-16 0.82 11.33 12.15 NOTE
r-devel-linux-x86_64-debian-gcc 0.6-16 0.86 11.75 12.62 NOTE
r-devel-linux-x86_64-fedora-clang 0.6-16 23.88 NOTE
r-devel-linux-x86_64-fedora-gcc 0.6-16 22.13 NOTE
r-devel-osx-x86_64-clang 0.6-16 26.56 OK
r-devel-windows-ix86+x86_64 0.6-16 3.00 20.00 23.00 OK
r-patched-linux-x86_64 0.6-16 0.66 11.69 12.36 NOTE
r-patched-solaris-sparc 0.6-16 156.10 OK
r-patched-solaris-x86 0.6-16 34.90 OK
r-release-linux-ix86 0.6-16 0.96 18.58 19.54 OK
r-release-linux-x86_64 0.6-16 0.68 11.75 12.43 NOTE
r-release-osx-x86_64-mavericks 0.6-16 OK
r-release-windows-ix86+x86_64 0.6-16 3.00 19.00 22.00 OK
r-oldrel-windows-ix86+x86_64 0.6-16 3.00 20.00 23.00 OK

Check Details

Version: 0.6-16
Check: top-level files
Result: NOTE
    Non-standard file/directory found at top level:
     ‘miscTools.Rproj’
Flavors: r-devel-linux-x86_64-debian-clang, r-devel-linux-x86_64-debian-gcc, r-devel-linux-x86_64-fedora-clang, r-devel-linux-x86_64-fedora-gcc, r-patched-linux-x86_64, r-release-linux-x86_64