CRAN Package Check Results for Package miscTools

Last updated on 2014-07-22 17:48:33.

Flavor Version Tinstall Tcheck Ttotal Status Flags
r-devel-linux-x86_64-debian-clang 0.6-16 0.66 11.07 11.74 OK
r-devel-linux-x86_64-debian-gcc 0.6-16 0.65 10.97 11.62 OK
r-devel-linux-x86_64-fedora-clang 0.6-16 25.44 NOTE
r-devel-linux-x86_64-fedora-gcc 0.6-16 23.13 NOTE
r-devel-osx-x86_64-clang 0.6-16 27.14 OK
r-devel-windows-ix86+x86_64 0.6-16 2.00 19.00 21.00 OK
r-patched-linux-x86_64 0.6-16 0.67 11.42 12.08 OK
r-patched-solaris-sparc 0.6-16 143.40 OK
r-patched-solaris-x86 0.6-16 35.90 OK
r-release-linux-ix86 0.6-16 0.96 18.61 19.58 OK
r-release-linux-x86_64 0.6-16 0.70 11.56 12.27 OK
r-release-osx-x86_64-mavericks 0.6-16 OK
r-release-windows-ix86+x86_64 0.6-16 2.00 20.00 22.00 OK
r-oldrel-windows-ix86+x86_64 0.6-16 2.00 20.00 22.00 OK

Check Details

Version: 0.6-16
Check: top-level files
Result: NOTE
    Non-standard file/directory found at top level:
     ‘miscTools.Rproj’
Flavors: r-devel-linux-x86_64-fedora-clang, r-devel-linux-x86_64-fedora-gcc