CRAN Package Check Results for Package miscTools

Last updated on 2015-03-06 23:48:22.

Flavor Version Tinstall Tcheck Ttotal Status Flags
r-devel-linux-x86_64-debian-clang 0.6-16 0.68 11.54 12.22 NOTE
r-devel-linux-x86_64-debian-gcc 0.6-16 0.84 11.38 12.22 NOTE
r-devel-linux-x86_64-fedora-clang 0.6-16 24.21 NOTE
r-devel-linux-x86_64-fedora-gcc 0.6-16 22.26 NOTE
r-devel-osx-x86_64-clang 0.6-16 29.86 NOTE
r-devel-windows-ix86+x86_64 0.6-16 3.00 19.00 22.00 NOTE
r-patched-linux-x86_64 0.6-16 0.84 12.58 13.42 NOTE
r-patched-solaris-sparc 0.6-16 170.40 OK
r-patched-solaris-x86 0.6-16 39.50 OK
r-release-linux-ix86 0.6-16 0.98 19.44 20.42 NOTE
r-release-linux-x86_64 0.6-16 0.68 12.75 13.43 NOTE
r-release-osx-x86_64-mavericks 0.6-16 OK
r-release-windows-ix86+x86_64 0.6-16 3.00 21.00 24.00 OK
r-oldrel-windows-ix86+x86_64 0.6-16 3.00 31.00 34.00 OK

Check Details

Version: 0.6-16
Check: DESCRIPTION meta-information
Result: NOTE
    Malformed Description field: should contain one or more complete sentences.
Flavors: r-devel-linux-x86_64-debian-clang, r-devel-linux-x86_64-debian-gcc, r-devel-linux-x86_64-fedora-clang, r-devel-linux-x86_64-fedora-gcc, r-devel-osx-x86_64-clang, r-devel-windows-ix86+x86_64

Version: 0.6-16
Check: top-level files
Result: NOTE
    Non-standard file/directory found at top level:
     ‘miscTools.Rproj’
Flavors: r-devel-linux-x86_64-debian-clang, r-devel-linux-x86_64-debian-gcc, r-devel-linux-x86_64-fedora-clang, r-devel-linux-x86_64-fedora-gcc, r-patched-linux-x86_64, r-release-linux-ix86, r-release-linux-x86_64