CRAN Package Check Results for Package miscTools

Last updated on 2014-11-23 17:49:32.

Flavor Version Tinstall Tcheck Ttotal Status Flags
r-devel-linux-x86_64-debian-clang 0.6-16 0.82 12.22 13.05 NOTE
r-devel-linux-x86_64-debian-gcc 0.6-16 0.67 12.04 12.71 NOTE
r-devel-linux-x86_64-fedora-clang 0.6-16 28.23 NOTE
r-devel-linux-x86_64-fedora-gcc 0.6-16 24.79 NOTE
r-devel-osx-x86_64-clang 0.6-16 30.79 OK
r-devel-windows-ix86+x86_64 0.6-16 2.00 20.00 22.00 OK
r-patched-linux-x86_64 0.6-16 0.72 12.91 13.63 NOTE
r-patched-solaris-sparc 0.6-16 156.10 OK
r-patched-solaris-x86 0.6-16 37.90 OK
r-release-linux-ix86 0.6-16 0.99 19.13 20.12 OK
r-release-linux-x86_64 0.6-16 0.69 12.23 12.92 NOTE
r-release-osx-x86_64-mavericks 0.6-16 OK
r-release-windows-ix86+x86_64 0.6-16 2.00 21.00 23.00 OK
r-oldrel-windows-ix86+x86_64 0.6-16 2.00 24.00 26.00 OK

Check Details

Version: 0.6-16
Check: top-level files
Result: NOTE
    Non-standard file/directory found at top level:
     ‘miscTools.Rproj’
Flavors: r-devel-linux-x86_64-debian-clang, r-devel-linux-x86_64-debian-gcc, r-devel-linux-x86_64-fedora-clang, r-devel-linux-x86_64-fedora-gcc, r-patched-linux-x86_64, r-release-linux-x86_64