CRAN Package Check Results for Package miscTools

Last updated on 2014-04-23 20:47:16.

Flavor Version Tinstall Tcheck Ttotal Status Flags
r-devel-linux-x86_64-debian-clang 0.6-16 0.76 11.93 12.69 OK
r-devel-linux-x86_64-debian-gcc 0.6-16 0.75 12.12 12.87 OK
r-devel-linux-x86_64-fedora-clang 0.6-16 24.21 NOTE
r-devel-linux-x86_64-fedora-gcc 0.6-16 23.53 NOTE
r-devel-osx-x86_64-clang 0.6-16 24.75 OK
r-devel-osx-x86_64-gcc 0.6-16 ERROR
r-devel-windows-ix86+x86_64 0.6-16 2.00 20.00 22.00 OK
r-patched-linux-x86_64 0.6-16 0.81 12.20 13.00 OK
r-patched-solaris-sparc 0.6-16 143.40 OK
r-patched-solaris-x86 0.6-16 35.70 OK
r-release-linux-ix86 0.6-16 1.00 26.00 27.00 OK
r-release-linux-x86_64 0.6-16 0.70 11.80 12.50 OK
r-release-osx-x86_64-mavericks 0.6-16 WARN
r-release-windows-ix86+x86_64 0.6-16 2.00 19.00 21.00 OK
r-oldrel-windows-ix86+x86_64 0.6-16 3.00 20.00 23.00 OK

Check Details

Version: 0.6-16
Check: top-level files
Result: NOTE
    Non-standard file/directory found at top level:
     ‘miscTools.Rproj’
Flavors: r-devel-linux-x86_64-fedora-clang, r-devel-linux-x86_64-fedora-gcc

Version: 0.6-16
Check: package dependencies
Result: NOTE
    Package suggested but not available for checking: ‘Ecdat’
Flavor: r-devel-osx-x86_64-gcc

Version: 0.6-16
Check: Rd cross-references
Result: NOTE
    Package unavailable to check Rd xrefs: ‘maxLik’
Flavors: r-devel-osx-x86_64-gcc, r-release-osx-x86_64-mavericks

Version: 0.6-16
Check: examples
Result: ERROR
    Running examples in ‘miscTools-Ex.R’ failed
    The error most likely occurred in:
    
    > ### Name: colMedians
    > ### Title: Medians of Columns
    > ### Aliases: colMedians
    > ### Keywords: array
    >
    > ### ** Examples
    >
    > data( "Electricity", package = "Ecdat" )
    Error in find.package(package, lib.loc, verbose = verbose) :
     there is no package called ‘Ecdat’
    Calls: data -> find.package
    Execution halted
Flavor: r-devel-osx-x86_64-gcc

Version: 0.6-16
Check: PDF version of manual
Result: WARNING
    LaTeX errors when creating PDF version.
    This typically indicates Rd problems.
    LaTeX errors found:
    ! LaTeX Error: File `upquote.sty' not found.
    
    Type X to quit or <RETURN> to proceed,
    or enter new name. (Default extension: sty)
    
    434ae57/Rd2.tex:8: ==> Fatal error occurred, no output PDF file produced!
Flavor: r-release-osx-x86_64-mavericks