CRAN Package Check Results for Package miscTools

Last updated on 2015-02-01 11:47:16.

Flavor Version Tinstall Tcheck Ttotal Status Flags
r-devel-linux-x86_64-debian-clang 0.6-16 0.85 11.62 12.47 NOTE
r-devel-linux-x86_64-debian-gcc 0.6-16 0.65 11.58 12.23 NOTE
r-devel-linux-x86_64-fedora-clang 0.6-16 27.18 NOTE
r-devel-linux-x86_64-fedora-gcc 0.6-16 23.13 NOTE
r-devel-osx-x86_64-clang 0.6-16 36.15 OK
r-devel-windows-ix86+x86_64 0.6-16 5.00 21.00 26.00 OK
r-patched-linux-x86_64 0.6-16 0.84 12.97 13.81 NOTE
r-patched-solaris-sparc 0.6-16 160.60 OK
r-patched-solaris-x86 0.6-16 37.90 OK
r-release-linux-ix86 0.6-16 0.96 19.71 20.67 NOTE
r-release-linux-x86_64 0.6-16 0.70 12.67 13.37 NOTE
r-release-osx-x86_64-mavericks 0.6-16 OK
r-release-windows-ix86+x86_64 0.6-16 3.00 22.00 25.00 OK
r-oldrel-windows-ix86+x86_64 0.6-16 3.00 25.00 28.00 OK

Check Details

Version: 0.6-16
Check: top-level files
Result: NOTE
    Non-standard file/directory found at top level:
     ‘miscTools.Rproj’
Flavors: r-devel-linux-x86_64-debian-clang, r-devel-linux-x86_64-debian-gcc, r-devel-linux-x86_64-fedora-clang, r-devel-linux-x86_64-fedora-gcc, r-patched-linux-x86_64, r-release-linux-ix86, r-release-linux-x86_64