CRAN Package Check Results for Package miscTools

Last updated on 2014-08-01 14:47:27.

Flavor Version Tinstall Tcheck Ttotal Status Flags
r-devel-linux-x86_64-debian-clang 0.6-16 0.69 11.32 12.01 OK
r-devel-linux-x86_64-debian-gcc 0.6-16 0.77 11.33 12.10 OK
r-devel-linux-x86_64-fedora-clang 0.6-16 24.01 NOTE
r-devel-linux-x86_64-fedora-gcc 0.6-16 22.66 NOTE
r-devel-osx-x86_64-clang 0.6-16 27.01 OK
r-devel-windows-ix86+x86_64 0.6-16 2.00 19.00 21.00 OK
r-patched-linux-x86_64 0.6-16 0.66 11.29 11.95 OK
r-patched-solaris-sparc 0.6-16 156.10 OK
r-patched-solaris-x86 0.6-16 35.40 OK
r-release-linux-ix86 0.6-16 0.96 18.33 19.29 OK
r-release-linux-x86_64 0.6-16 0.90 11.73 12.63 OK
r-release-osx-x86_64-mavericks 0.6-16 OK
r-release-windows-ix86+x86_64 0.6-16 2.00 27.00 29.00 OK
r-oldrel-windows-ix86+x86_64 0.6-16 5.00 28.00 33.00 OK

Check Details

Version: 0.6-16
Check: top-level files
Result: NOTE
    Non-standard file/directory found at top level:
     miscTools.Rproj
Flavors: r-devel-linux-x86_64-fedora-clang, r-devel-linux-x86_64-fedora-gcc