CRAN Package Check Results for Package miscTools

Last updated on 2014-12-20 01:49:21.

Flavor Version Tinstall Tcheck Ttotal Status Flags
r-devel-linux-x86_64-debian-clang 0.6-16 0.72 12.76 13.48 NOTE
r-devel-linux-x86_64-debian-gcc 0.6-16 0.67 12.77 13.44 NOTE
r-devel-linux-x86_64-fedora-clang 0.6-16 27.09 NOTE
r-devel-linux-x86_64-fedora-gcc 0.6-16 24.91 NOTE
r-devel-osx-x86_64-clang 0.6-16 30.28 OK
r-devel-windows-ix86+x86_64 0.6-16 3.00 21.00 24.00 OK
r-patched-linux-x86_64 0.6-16 0.74 12.36 13.10 NOTE
r-patched-solaris-sparc 0.6-16 156.10 OK
r-patched-solaris-x86 0.6-16 37.70 OK
r-release-linux-ix86 0.6-16 0.96 18.84 19.80 OK
r-release-linux-x86_64 0.6-16 0.94 12.72 13.66 NOTE
r-release-osx-x86_64-mavericks 0.6-16 OK
r-release-windows-ix86+x86_64 0.6-16 3.00 22.00 25.00 OK
r-oldrel-windows-ix86+x86_64 0.6-16 3.00 26.00 29.00 OK

Check Details

Version: 0.6-16
Check: top-level files
Result: NOTE
    Non-standard file/directory found at top level:
     ‘miscTools.Rproj’
Flavors: r-devel-linux-x86_64-debian-clang, r-devel-linux-x86_64-debian-gcc, r-devel-linux-x86_64-fedora-clang, r-devel-linux-x86_64-fedora-gcc, r-patched-linux-x86_64, r-release-linux-x86_64