CRAN Package Check Results for Package miscTools

Last updated on 2015-08-02 17:47:51.

Flavor Version Tinstall Tcheck Ttotal Status Flags
r-devel-linux-x86_64-debian-clang 0.6-16 0.64 11.63 12.27 NOTE
r-devel-linux-x86_64-debian-gcc 0.6-16 0.62 11.13 11.76 NOTE
r-devel-linux-x86_64-fedora-clang 0.6-16 22.89 NOTE
r-devel-linux-x86_64-fedora-gcc 0.6-16 22.58 NOTE
r-devel-osx-x86_64-clang 0.6-16 24.77 NOTE
r-devel-windows-ix86+x86_64 0.6-16 3.00 23.00 26.00 NOTE
r-patched-linux-x86_64 0.6-16 0.72 11.70 12.42 NOTE
r-patched-solaris-sparc 0.6-16 155.50 NOTE
r-patched-solaris-x86 0.6-16 35.30 NOTE
r-release-linux-x86_64 0.6-16 0.64 11.42 12.06 NOTE
r-release-osx-x86_64-mavericks 0.6-16 NOTE
r-release-windows-ix86+x86_64 0.6-16 3.00 38.00 41.00 NOTE
r-oldrel-windows-ix86+x86_64 0.6-16 4.00 23.00 27.00 OK

Check Details

Version: 0.6-16
Check: DESCRIPTION meta-information
Result: NOTE
    Malformed Description field: should contain one or more complete sentences.
Flavors: r-devel-linux-x86_64-debian-clang, r-devel-linux-x86_64-debian-gcc, r-devel-linux-x86_64-fedora-clang, r-devel-linux-x86_64-fedora-gcc, r-devel-osx-x86_64-clang, r-devel-windows-ix86+x86_64, r-patched-linux-x86_64, r-patched-solaris-sparc, r-patched-solaris-x86, r-release-linux-x86_64, r-release-osx-x86_64-mavericks, r-release-windows-ix86+x86_64

Version: 0.6-16
Check: top-level files
Result: NOTE
    Non-standard file/directory found at top level:
     ‘miscTools.Rproj’
Flavors: r-devel-linux-x86_64-debian-clang, r-devel-linux-x86_64-debian-gcc, r-devel-linux-x86_64-fedora-clang, r-devel-linux-x86_64-fedora-gcc, r-patched-linux-x86_64, r-release-linux-x86_64

Version: 0.6-16
Check: R code for possible problems
Result: NOTE
    coefTable: no visible global function definition for ‘pt’
    colMedians: no visible global function definition for ‘median’
    compPlot: no visible binding for global variable ‘plot.default’
    compPlot: no visible global function definition for ‘abline’
    ddnorm: no visible global function definition for ‘dnorm’
    nParam.lm: no visible global function definition for ‘coefficients’
    stdEr.default: no visible global function definition for ‘vcov’
    stdEr.default: no visible global function definition for ‘coef’
    stdEr.lm: no visible global function definition for ‘vcov’
    Undefined global functions or variables:
     abline coef coefficients dnorm median plot.default pt vcov
    Consider adding
     importFrom("graphics", "abline", "plot.default")
     importFrom("stats", "coef", "coefficients", "dnorm", "median", "pt",
     "vcov")
    to your NAMESPACE.
Flavors: r-devel-linux-x86_64-debian-clang, r-devel-linux-x86_64-debian-gcc, r-devel-linux-x86_64-fedora-clang, r-devel-linux-x86_64-fedora-gcc, r-devel-windows-ix86+x86_64