CRAN Package Check Results for Package miscTools

Last updated on 2015-04-28 07:47:20.

Flavor Version Tinstall Tcheck Ttotal Status Flags
r-devel-linux-x86_64-debian-clang 0.6-16 0.83 11.60 12.43 NOTE
r-devel-linux-x86_64-debian-gcc 0.6-16 0.67 12.29 12.96 NOTE
r-devel-linux-x86_64-fedora-clang 0.6-16 24.61 NOTE
r-devel-linux-x86_64-fedora-gcc 0.6-16 22.12 NOTE
r-devel-osx-x86_64-clang 0.6-16 29.21 NOTE
r-devel-windows-ix86+x86_64 0.6-16 3.00 20.00 23.00 NOTE
r-patched-linux-x86_64 0.6-16 0.68 11.76 12.44 NOTE
r-patched-solaris-sparc 0.6-16 167.50 NOTE
r-patched-solaris-x86 0.6-16 35.20 NOTE
r-release-linux-x86_64 0.6-16 0.66 11.61 12.27 NOTE
r-release-osx-x86_64-mavericks 0.6-16 NOTE
r-release-osx-x86_64-snowleopard 0.6-16 ERROR
r-release-windows-ix86+x86_64 0.6-16 5.00 29.00 34.00 NOTE
r-oldrel-windows-ix86+x86_64 0.6-16 2.00 22.00 24.00 OK

Check Details

Version: 0.6-16
Check: DESCRIPTION meta-information
Result: NOTE
    Malformed Description field: should contain one or more complete sentences.
Flavors: r-devel-linux-x86_64-debian-clang, r-devel-linux-x86_64-debian-gcc, r-devel-linux-x86_64-fedora-clang, r-devel-linux-x86_64-fedora-gcc, r-devel-osx-x86_64-clang, r-devel-windows-ix86+x86_64, r-patched-solaris-sparc, r-patched-solaris-x86, r-release-linux-x86_64, r-release-osx-x86_64-mavericks, r-release-osx-x86_64-snowleopard, r-release-windows-ix86+x86_64

Version: 0.6-16
Check: top-level files
Result: NOTE
    Non-standard file/directory found at top level:
     ‘miscTools.Rproj’
Flavors: r-devel-linux-x86_64-debian-clang, r-devel-linux-x86_64-debian-gcc, r-devel-linux-x86_64-fedora-clang, r-devel-linux-x86_64-fedora-gcc, r-release-linux-x86_64

Version: 0.6-16
Check: package dependencies
Result: NOTE
    Package suggested but not available for checking: ‘Ecdat’
Flavor: r-release-osx-x86_64-snowleopard

Version: 0.6-16
Check: Rd cross-references
Result: NOTE
    Package unavailable to check Rd xrefs: ‘maxLik’
Flavor: r-release-osx-x86_64-snowleopard

Version: 0.6-16
Check: examples
Result: ERROR
    Running examples in ‘miscTools-Ex.R’ failed
    The error most likely occurred in:
    
    > ### Name: colMedians
    > ### Title: Medians of Columns
    > ### Aliases: colMedians
    > ### Keywords: array
    >
    > ### ** Examples
    >
    > data( "Electricity", package = "Ecdat" )
    Error in find.package(package, lib.loc, verbose = verbose) :
     there is no package called ‘Ecdat’
    Calls: data -> find.package
    Execution halted
Flavor: r-release-osx-x86_64-snowleopard

Version: 0.6-16
Check: tests
Result: ERROR
    Running the tests in ‘tests/colMediansTest.R’ failed.
    Last 13 lines of output:
     >
     > all.equal( cm1, rowMedians( t( m ) ) )
     [1] TRUE
     > all.equal( rm1, colMedians( t( m ) ) )
     [1] TRUE
     >
     >
     > ## data.frame
     > data( "Electricity", package = "Ecdat" )
     Error in find.package(package, lib.loc, verbose = verbose) :
     there is no package called 'Ecdat'
     Calls: data -> find.package
     Execution halted
Flavor: r-release-osx-x86_64-snowleopard