CRAN Package Check Results for Package misreport

Last updated on 2022-01-26 13:56:25 CET.

Flavor Version Tinstall Tcheck Ttotal Status Flags
r-devel-linux-x86_64-debian-clang 0.1.1 4.60 40.53 45.13 OK --no-vignettes
r-devel-linux-x86_64-debian-gcc 0.1.1 3.04 31.50 34.54 OK --no-vignettes
r-devel-linux-x86_64-fedora-clang 0.1.1 1016.44 NOTE
r-devel-linux-x86_64-fedora-gcc 0.1.1 1005.22 OK
r-devel-windows-x86_64-new-UL 0.1.1 28.00 55.00 83.00 OK --no-vignettes
r-devel-windows-x86_64-new-TK 0.1.1 NOTE --no-vignettes
r-patched-linux-x86_64 0.1.1 3.54 39.42 42.96 OK --no-vignettes
r-release-linux-x86_64 0.1.1 3.77 39.00 42.77 OK --no-vignettes
r-release-macos-arm64 0.1.1 OK
r-release-macos-x86_64 0.1.1 OK
r-release-windows-ix86+x86_64 0.1.1 8.00 35.00 43.00 OK --no-vignettes
r-oldrel-macos-x86_64 0.1.1 OK
r-oldrel-windows-ix86+x86_64 0.1.1 8.00 48.00 56.00 OK --no-vignettes

Check Details

Version: 0.1.1
Check: Rd cross-references
Result: NOTE
    Undeclared package ‘list’ in Rd xrefs
Flavor: r-devel-linux-x86_64-fedora-clang

Version: 0.1.1
Flags: --no-vignettes
Check: Rd cross-references
Result: NOTE
    Package unavailable to check Rd xrefs: 'list'
Flavor: r-devel-windows-x86_64-new-TK