CRAN Package Check Results for Package missForest

Last updated on 2015-05-24 14:47:01.

Flavor Version Tinstall Tcheck Ttotal Status Flags
r-devel-linux-x86_64-debian-clang 1.4 0.64 11.35 12.00 NOTE
r-devel-linux-x86_64-debian-gcc 1.4 0.67 11.44 12.10 NOTE
r-devel-linux-x86_64-fedora-clang 1.4 23.11 NOTE
r-devel-linux-x86_64-fedora-gcc 1.4 22.11 NOTE
r-devel-osx-x86_64-clang 1.4 26.96 NOTE
r-devel-windows-ix86+x86_64 1.4 3.00 21.00 24.00 NOTE
r-patched-linux-x86_64 1.4 0.71 11.07 11.78 NOTE
r-patched-solaris-sparc 1.4 145.60 NOTE
r-patched-solaris-x86 1.4 33.60 NOTE
r-release-linux-x86_64 1.4 0.78 11.59 12.37 NOTE
r-release-osx-x86_64-mavericks 1.4 NOTE
r-release-osx-x86_64-snowleopard 1.4 NOTE
r-release-windows-ix86+x86_64 1.4 4.00 22.00 26.00 NOTE
r-oldrel-windows-ix86+x86_64 1.4 4.00 41.00 45.00 NOTE

Check Details

Version: 1.4
Check: R code for possible problems
Result: NOTE
    missForest: no visible global function definition for ‘idiv’
Flavors: r-devel-linux-x86_64-debian-clang, r-devel-linux-x86_64-debian-gcc, r-devel-linux-x86_64-fedora-clang, r-devel-linux-x86_64-fedora-gcc, r-devel-osx-x86_64-clang, r-devel-windows-ix86+x86_64, r-patched-linux-x86_64, r-patched-solaris-sparc, r-patched-solaris-x86, r-release-linux-x86_64, r-release-osx-x86_64-mavericks, r-release-osx-x86_64-snowleopard, r-release-windows-ix86+x86_64, r-oldrel-windows-ix86+x86_64