CRAN Package Check Results for Package missForest

Last updated on 2015-03-31 03:48:35.

Flavor Version Tinstall Tcheck Ttotal Status Flags
r-devel-linux-x86_64-debian-clang 1.4 0.65 11.42 12.06 NOTE
r-devel-linux-x86_64-debian-gcc 1.4 0.70 11.05 11.75 NOTE
r-devel-linux-x86_64-fedora-clang 1.4 23.68 NOTE
r-devel-linux-x86_64-fedora-gcc 1.4 22.55 NOTE
r-devel-osx-x86_64-clang 1.4 29.16 NOTE
r-prerel-windows-ix86+x86_64 1.4 3.00 19.00 22.00 NOTE
r-prerel-linux-x86_64 1.4 0.63 11.32 11.95 NOTE
r-prerel-solaris-sparc 1.4 158.00 NOTE
r-prerel-solaris-x86 1.4 33.20 NOTE
r-release-linux-x86_64 1.4 0.84 13.86 14.70 NOTE
r-release-osx-x86_64-mavericks 1.4 NOTE
r-release-osx-x86_64-snowleopard 1.4 OK
r-release-windows-ix86+x86_64 1.4 5.00 27.00 32.00 NOTE
r-oldrel-windows-ix86+x86_64 1.4 4.00 34.00 38.00 OK

Check Details

Version: 1.4
Check: R code for possible problems
Result: NOTE
    missForest: no visible global function definition for ‘idiv’
Flavors: r-devel-linux-x86_64-debian-clang, r-devel-linux-x86_64-debian-gcc, r-devel-linux-x86_64-fedora-clang, r-devel-linux-x86_64-fedora-gcc, r-devel-osx-x86_64-clang, r-prerel-windows-ix86+x86_64, r-prerel-linux-x86_64, r-prerel-solaris-sparc, r-prerel-solaris-x86, r-release-linux-x86_64, r-release-osx-x86_64-mavericks, r-release-windows-ix86+x86_64