CRAN Package Check Results for Package missForest

Last updated on 2015-07-29 23:47:15.

Flavor Version Tinstall Tcheck Ttotal Status Flags
r-devel-linux-x86_64-debian-clang 1.4 0.80 11.30 12.10 NOTE
r-devel-linux-x86_64-debian-gcc 1.4 0.59 10.80 11.39 NOTE
r-devel-linux-x86_64-fedora-clang 1.4 22.56 NOTE
r-devel-linux-x86_64-fedora-gcc 1.4 21.58 NOTE
r-devel-osx-x86_64-clang 1.4 21.46 NOTE
r-devel-windows-ix86+x86_64 1.4 4.00 33.00 37.00 NOTE
r-patched-linux-x86_64 1.4 0.75 11.72 12.47 NOTE
r-patched-solaris-sparc 1.4 154.40 NOTE
r-patched-solaris-x86 1.4 33.20 NOTE
r-release-linux-x86_64 1.4 0.75 11.27 12.02 NOTE
r-release-osx-x86_64-mavericks 1.4 NOTE
r-release-windows-ix86+x86_64 1.4 4.00 32.00 36.00 NOTE
r-oldrel-windows-ix86+x86_64 1.4 7.00 27.00 34.00 NOTE

Check Details

Version: 1.4
Check: R code for possible problems
Result: NOTE
    missForest: no visible global function definition for ‘predict’
    missForest: no visible global function definition for ‘idiv’
    missForest: no visible global function definition for ‘var’
    nrmse: no visible global function definition for ‘var’
    Undefined global functions or variables:
     idiv predict var
    Consider adding
     importFrom("stats", "predict", "var")
    to your NAMESPACE.
Flavors: r-devel-linux-x86_64-debian-clang, r-devel-linux-x86_64-debian-gcc, r-devel-linux-x86_64-fedora-clang, r-devel-linux-x86_64-fedora-gcc, r-devel-windows-ix86+x86_64

Version: 1.4
Check: R code for possible problems
Result: NOTE
    missForest: no visible global function definition for ‘idiv’
    Undefined global functions or variables:
     idiv
Flavor: r-devel-osx-x86_64-clang

Version: 1.4
Check: R code for possible problems
Result: NOTE
    missForest: no visible global function definition for ‘idiv’
Flavors: r-patched-linux-x86_64, r-patched-solaris-sparc, r-patched-solaris-x86, r-release-linux-x86_64, r-release-osx-x86_64-mavericks, r-release-windows-ix86+x86_64, r-oldrel-windows-ix86+x86_64