CRAN Package Check Results for Package missForest

Last updated on 2016-06-29 05:48:40.

Flavor Version Tinstall Tcheck Ttotal Status Flags
r-devel-linux-x86_64-debian-gcc 1.4 0.74 12.43 13.17 NOTE
r-devel-linux-x86_64-fedora-clang 1.4 20.58 NOTE
r-devel-linux-x86_64-fedora-gcc 1.4 18.61 NOTE
r-devel-osx-x86_64-clang 1.4 18.97 NOTE
r-devel-windows-ix86+x86_64 1.4 3.00 44.00 47.00 NOTE
r-patched-linux-x86_64 1.4 0.67 11.90 12.57 NOTE
r-patched-solaris-sparc 1.4 138.00 NOTE
r-patched-solaris-x86 1.4 31.00 NOTE
r-release-linux-x86_64 1.4 0.67 11.04 11.71 NOTE
r-release-osx-x86_64-mavericks 1.4 NOTE
r-release-windows-ix86+x86_64 1.4 4.00 46.00 50.00 NOTE
r-oldrel-windows-ix86+x86_64 1.4 5.00 25.00 30.00 NOTE

Check Details

Version: 1.4
Check: R code for possible problems
Result: NOTE
    missForest: no visible global function definition for ‘predict’
    missForest: no visible global function definition for ‘idiv’
    missForest: no visible global function definition for ‘var’
    nrmse: no visible global function definition for ‘var’
    Undefined global functions or variables:
     idiv predict var
    Consider adding
     importFrom("stats", "predict", "var")
    to your NAMESPACE file.
Flavors: r-devel-linux-x86_64-debian-gcc, r-devel-linux-x86_64-fedora-clang, r-devel-linux-x86_64-fedora-gcc, r-devel-osx-x86_64-clang, r-devel-windows-ix86+x86_64, r-patched-linux-x86_64, r-patched-solaris-sparc, r-patched-solaris-x86, r-release-linux-x86_64, r-release-osx-x86_64-mavericks, r-release-windows-ix86+x86_64

Version: 1.4
Check: R code for possible problems
Result: NOTE
    missForest: no visible global function definition for 'idiv'
Flavor: r-oldrel-windows-ix86+x86_64