CRAN Package Check Results for Package missForest

Last updated on 2015-04-27 15:46:37.

Flavor Version Tinstall Tcheck Ttotal Status Flags
r-devel-linux-x86_64-debian-clang 1.4 0.71 12.11 12.82 NOTE
r-devel-linux-x86_64-debian-gcc 1.4 0.66 11.31 11.97 NOTE
r-devel-linux-x86_64-fedora-clang 1.4 23.47 NOTE
r-devel-linux-x86_64-fedora-gcc 1.4 22.28 NOTE
r-devel-osx-x86_64-clang 1.4 26.40 NOTE
r-devel-windows-ix86+x86_64 1.4 3.00 33.00 36.00 NOTE
r-patched-linux-x86_64 1.4 0.73 11.26 11.99 NOTE
r-patched-solaris-sparc 1.4 158.00 NOTE
r-patched-solaris-x86 1.4 33.20 NOTE
r-release-linux-x86_64 1.4 0.64 11.54 12.18 NOTE
r-release-osx-x86_64-mavericks 1.4 NOTE
r-release-osx-x86_64-snowleopard 1.4 NOTE
r-release-windows-ix86+x86_64 1.4 4.00 27.00 31.00 NOTE
r-oldrel-windows-ix86+x86_64 1.4 3.00 38.00 41.00 NOTE

Check Details

Version: 1.4
Check: R code for possible problems
Result: NOTE
    missForest: no visible global function definition for ‘idiv’
Flavors: r-devel-linux-x86_64-debian-clang, r-devel-linux-x86_64-debian-gcc, r-devel-linux-x86_64-fedora-clang, r-devel-linux-x86_64-fedora-gcc, r-devel-osx-x86_64-clang, r-devel-windows-ix86+x86_64, r-patched-solaris-sparc, r-patched-solaris-x86, r-release-linux-x86_64, r-release-osx-x86_64-mavericks, r-release-osx-x86_64-snowleopard, r-release-windows-ix86+x86_64, r-oldrel-windows-ix86+x86_64