CRAN Package Check Results for Package missForest

Last updated on 2017-12-14 17:48:39 CET.

Flavor Version Tinstall Tcheck Ttotal Status Flags
r-devel-linux-x86_64-debian-clang 1.4 0.75 19.56 20.31 NOTE
r-devel-linux-x86_64-debian-gcc 1.4 0.77 17.92 18.69 NOTE
r-devel-linux-x86_64-fedora-clang 1.4 26.23 NOTE
r-devel-linux-x86_64-fedora-gcc 1.4 25.08 NOTE
r-devel-windows-ix86+x86_64 1.4 4.00 31.00 35.00 NOTE
r-patched-linux-x86_64 1.4 0.78 19.96 20.74 NOTE
r-patched-solaris-x86 1.4 36.00 NOTE
r-release-linux-x86_64 1.4 0.83 19.68 20.51 NOTE
r-release-windows-ix86+x86_64 1.4 3.00 29.00 32.00 NOTE
r-release-osx-x86_64 1.4 NOTE
r-oldrel-windows-ix86+x86_64 1.4 4.00 37.00 41.00 NOTE
r-oldrel-osx-x86_64 1.4 NOTE

Check Details

Version: 1.4
Check: R code for possible problems
Result: NOTE
    missForest: no visible global function definition for ‘predict’
    missForest: no visible global function definition for ‘idiv’
    missForest: no visible global function definition for ‘var’
    nrmse: no visible global function definition for ‘var’
    Undefined global functions or variables:
     idiv predict var
    Consider adding
     importFrom("stats", "predict", "var")
    to your NAMESPACE file.
Flavors: r-devel-linux-x86_64-debian-clang, r-devel-linux-x86_64-debian-gcc, r-devel-linux-x86_64-fedora-clang, r-devel-linux-x86_64-fedora-gcc, r-devel-windows-ix86+x86_64, r-patched-linux-x86_64, r-patched-solaris-x86, r-release-linux-x86_64, r-release-windows-ix86+x86_64, r-release-osx-x86_64, r-oldrel-windows-ix86+x86_64, r-oldrel-osx-x86_64