CRAN Package Check Results for Package missForest

Last updated on 2014-09-01 14:46:32.

Flavor Version Tinstall Tcheck Ttotal Status Flags
r-devel-linux-x86_64-debian-clang 1.4 0.70 12.75 13.46 NOTE
r-devel-linux-x86_64-debian-gcc 1.4 0.69 12.84 13.53 NOTE
r-devel-linux-x86_64-fedora-clang 1.4 27.93 NOTE
r-devel-linux-x86_64-fedora-gcc 1.4 25.91 NOTE
r-devel-osx-x86_64-clang 1.4 29.11 NOTE
r-devel-windows-ix86+x86_64 1.4 4.00 24.00 28.00 NOTE
r-patched-linux-x86_64 1.4 0.82 13.07 13.89 OK
r-patched-solaris-sparc 1.4 182.00 OK
r-patched-solaris-x86 1.4 39.10 OK
r-release-linux-ix86 1.4 1.10 20.46 21.56 OK
r-release-linux-x86_64 1.4 0.95 14.16 15.11 OK
r-release-osx-x86_64-mavericks 1.4 OK
r-release-osx-x86_64-snowleopard 1.4 OK
r-release-windows-ix86+x86_64 1.4 4.00 37.00 41.00 OK
r-oldrel-windows-ix86+x86_64 1.4 4.00 28.00 32.00 OK

Check Details

Version: 1.4
Check: R code for possible problems
Result: NOTE
    missForest: no visible global function definition for ‘idiv’
Flavors: r-devel-linux-x86_64-debian-clang, r-devel-linux-x86_64-debian-gcc, r-devel-linux-x86_64-fedora-clang, r-devel-linux-x86_64-fedora-gcc, r-devel-osx-x86_64-clang, r-devel-windows-ix86+x86_64