CRAN Package Check Results for Package missForest

Last updated on 2014-08-22 03:48:01.

Flavor Version Tinstall Tcheck Ttotal Status Flags
r-devel-linux-x86_64-debian-clang 1.4 0.71 12.89 13.60 OK
r-devel-linux-x86_64-debian-gcc 1.4 0.70 12.73 13.43 OK
r-devel-linux-x86_64-fedora-clang 1.4 26.98 NOTE
r-devel-linux-x86_64-fedora-gcc 1.4 25.96 NOTE
r-devel-osx-x86_64-clang 1.4 29.19 NOTE
r-devel-windows-ix86+x86_64 1.4 3.00 24.00 27.00 OK
r-patched-linux-x86_64 1.4 0.71 13.32 14.03 OK
r-patched-solaris-sparc 1.4 182.00 OK
r-patched-solaris-x86 1.4 39.20 OK
r-release-linux-ix86 1.4 1.10 20.41 21.50 OK
r-release-linux-x86_64 1.4 0.78 13.69 14.47 OK
r-release-osx-x86_64-mavericks 1.4 OK
r-release-osx-x86_64-snowleopard 1.4 OK
r-release-windows-ix86+x86_64 1.4 4.00 26.00 30.00 OK
r-oldrel-windows-ix86+x86_64 1.4 4.00 29.00 33.00 OK

Check Details

Version: 1.4
Check: R code for possible problems
Result: NOTE
    missForest: no visible global function definition for ‘idiv’
Flavors: r-devel-linux-x86_64-fedora-clang, r-devel-linux-x86_64-fedora-gcc, r-devel-osx-x86_64-clang