CRAN Package Check Results for Package missForest

Last updated on 2017-05-24 07:49:54.

Flavor Version Tinstall Tcheck Ttotal Status Flags
r-devel-linux-x86_64-debian-clang 1.4 0.73 13.72 14.45 NOTE
r-devel-linux-x86_64-debian-gcc 1.4 0.80 13.76 14.56 NOTE
r-devel-linux-x86_64-fedora-clang 1.4 25.20 NOTE --no-stop-on-test-error
r-devel-linux-x86_64-fedora-gcc 1.4 23.69 NOTE --no-stop-on-test-error
r-devel-windows-ix86+x86_64 1.4 3.00 43.00 46.00 NOTE
r-patched-linux-x86_64 1.4 0.68 13.89 14.57 NOTE
r-patched-solaris-sparc 1.4 164.20 NOTE
r-patched-solaris-x86 1.4 34.30 NOTE
r-release-linux-x86_64 1.4 0.66 13.83 14.50 NOTE
r-release-windows-ix86+x86_64 1.4 2.00 45.00 47.00 NOTE
r-release-osx-x86_64 1.4 NOTE
r-oldrel-windows-ix86+x86_64 1.4 3.00 59.00 62.00 NOTE
r-oldrel-osx-x86_64 1.4 NOTE

Check Details

Version: 1.4
Check: R code for possible problems
Result: NOTE
    missForest: no visible global function definition for ‘predict’
    missForest: no visible global function definition for ‘idiv’
    missForest: no visible global function definition for ‘var’
    nrmse: no visible global function definition for ‘var’
    Undefined global functions or variables:
     idiv predict var
    Consider adding
     importFrom("stats", "predict", "var")
    to your NAMESPACE file.
Flavors: r-devel-linux-x86_64-debian-clang, r-devel-linux-x86_64-debian-gcc, r-devel-windows-ix86+x86_64, r-patched-linux-x86_64, r-patched-solaris-sparc, r-patched-solaris-x86, r-release-linux-x86_64, r-release-windows-ix86+x86_64, r-release-osx-x86_64, r-oldrel-windows-ix86+x86_64, r-oldrel-osx-x86_64

Version: 1.4
Flags: --no-stop-on-test-error
Check: R code for possible problems
Result: NOTE
    missForest: no visible global function definition for ‘predict’
    missForest: no visible global function definition for ‘idiv’
    missForest: no visible global function definition for ‘var’
    nrmse: no visible global function definition for ‘var’
    Undefined global functions or variables:
     idiv predict var
    Consider adding
     importFrom("stats", "predict", "var")
    to your NAMESPACE file.
Flavors: r-devel-linux-x86_64-fedora-clang, r-devel-linux-x86_64-fedora-gcc