CRAN Package Check Results for Package missForest

Last updated on 2014-11-24 23:47:09.

Flavor Version Tinstall Tcheck Ttotal Status Flags
r-devel-linux-x86_64-debian-clang 1.4 0.74 13.72 14.46 NOTE
r-devel-linux-x86_64-debian-gcc 1.4 0.72 13.72 14.44 NOTE
r-devel-linux-x86_64-fedora-clang 1.4 30.56 NOTE
r-devel-linux-x86_64-fedora-gcc 1.4 28.28 NOTE
r-devel-osx-x86_64-clang 1.4 31.37 NOTE
r-devel-windows-ix86+x86_64 1.4 3.00 23.00 26.00 NOTE
r-patched-linux-x86_64 1.4 0.76 13.78 14.54 NOTE
r-patched-solaris-sparc 1.4 180.60 NOTE
r-patched-solaris-x86 1.4 40.00 NOTE
r-release-linux-ix86 1.4 1.09 19.80 20.89 NOTE
r-release-linux-x86_64 1.4 0.88 13.77 14.64 NOTE
r-release-osx-x86_64-mavericks 1.4 OK
r-release-osx-x86_64-snowleopard 1.4 OK
r-release-windows-ix86+x86_64 1.4 4.00 26.00 30.00 NOTE
r-oldrel-windows-ix86+x86_64 1.4 4.00 29.00 33.00 OK

Check Details

Version: 1.4
Check: R code for possible problems
Result: NOTE
    missForest: no visible global function definition for ‘idiv’
Flavors: r-devel-linux-x86_64-debian-clang, r-devel-linux-x86_64-debian-gcc, r-devel-linux-x86_64-fedora-clang, r-devel-linux-x86_64-fedora-gcc, r-devel-osx-x86_64-clang, r-devel-windows-ix86+x86_64, r-patched-linux-x86_64, r-patched-solaris-sparc, r-patched-solaris-x86, r-release-linux-ix86, r-release-linux-x86_64, r-release-windows-ix86+x86_64