CRAN Package Check Results for Package missForest

Last updated on 2018-05-25 07:51:18 CEST.

Flavor Version Tinstall Tcheck Ttotal Status Flags
r-devel-linux-x86_64-debian-clang 1.4 1.54 20.32 21.86 NOTE
r-devel-linux-x86_64-debian-gcc 1.4 1.16 17.64 18.80 NOTE
r-devel-linux-x86_64-fedora-clang 1.4 28.38 NOTE
r-devel-linux-x86_64-fedora-gcc 1.4 26.82 NOTE
r-devel-windows-ix86+x86_64 1.4 3.00 51.00 54.00 NOTE
r-patched-linux-x86_64 1.4 1.64 21.18 22.82 NOTE
r-patched-solaris-x86 1.4 43.00 NOTE
r-release-linux-x86_64 1.4 1.51 20.91 22.42 NOTE
r-release-windows-ix86+x86_64 1.4 4.00 41.00 45.00 NOTE
r-release-osx-x86_64 1.4 NOTE
r-oldrel-windows-ix86+x86_64 1.4 4.00 32.00 36.00 NOTE
r-oldrel-osx-x86_64 1.4 NOTE

Check Details

Version: 1.4
Check: R code for possible problems
Result: NOTE
    missForest: no visible global function definition for ‘predict’
    missForest: no visible global function definition for ‘idiv’
    missForest: no visible global function definition for ‘var’
    nrmse: no visible global function definition for ‘var’
    Undefined global functions or variables:
     idiv predict var
    Consider adding
     importFrom("stats", "predict", "var")
    to your NAMESPACE file.
Flavors: r-devel-linux-x86_64-debian-clang, r-devel-linux-x86_64-debian-gcc, r-devel-linux-x86_64-fedora-clang, r-devel-linux-x86_64-fedora-gcc, r-devel-windows-ix86+x86_64, r-patched-linux-x86_64, r-patched-solaris-x86, r-release-linux-x86_64, r-release-windows-ix86+x86_64, r-release-osx-x86_64, r-oldrel-windows-ix86+x86_64, r-oldrel-osx-x86_64