CRAN Package Check Results for Package missForest

Last updated on 2017-06-27 04:48:13.

Flavor Version Tinstall Tcheck Ttotal Status Flags
r-devel-linux-x86_64-debian-clang 1.4 0.76 13.78 14.53 NOTE
r-devel-linux-x86_64-debian-gcc 1.4 0.74 14.40 15.13 NOTE
r-devel-linux-x86_64-fedora-clang 1.4 24.97 NOTE
r-devel-linux-x86_64-fedora-gcc 1.4 24.16 NOTE
r-devel-windows-ix86+x86_64 1.4 5.00 34.00 39.00 NOTE
r-patched-linux-x86_64 1.4 0.80 14.33 15.14 NOTE
r-patched-solaris-sparc 1.4 164.20 NOTE
r-patched-solaris-x86 1.4 34.40 NOTE
r-release-linux-x86_64 1.4 0.69 13.80 14.49 NOTE
r-release-windows-ix86+x86_64 1.4 3.00 40.00 43.00 NOTE
r-release-osx-x86_64 1.4 NOTE
r-oldrel-windows-ix86+x86_64 1.4 4.00 40.00 44.00 NOTE
r-oldrel-osx-x86_64 1.4 NOTE

Check Details

Version: 1.4
Check: R code for possible problems
Result: NOTE
    missForest: no visible global function definition for ‘predict’
    missForest: no visible global function definition for ‘idiv’
    missForest: no visible global function definition for ‘var’
    nrmse: no visible global function definition for ‘var’
    Undefined global functions or variables:
     idiv predict var
    Consider adding
     importFrom("stats", "predict", "var")
    to your NAMESPACE file.
Flavors: r-devel-linux-x86_64-debian-clang, r-devel-linux-x86_64-debian-gcc, r-devel-linux-x86_64-fedora-clang, r-devel-linux-x86_64-fedora-gcc, r-devel-windows-ix86+x86_64, r-patched-linux-x86_64, r-patched-solaris-sparc, r-patched-solaris-x86, r-release-linux-x86_64, r-release-windows-ix86+x86_64, r-release-osx-x86_64, r-oldrel-windows-ix86+x86_64, r-oldrel-osx-x86_64