CRAN Package Check Results for Package missForest

Last updated on 2017-10-21 00:51:50.

Flavor Version Tinstall Tcheck Ttotal Status Flags
r-devel-linux-x86_64-debian-clang 1.4 0.69 14.21 14.90 NOTE
r-devel-linux-x86_64-debian-gcc 1.4 0.73 14.30 15.03 NOTE
r-devel-linux-x86_64-fedora-clang 1.4 26.18 NOTE
r-devel-linux-x86_64-fedora-gcc 1.4 25.34 NOTE
r-devel-windows-ix86+x86_64 1.4 3.00 49.00 52.00 NOTE
r-patched-linux-x86_64 1.4 0.66 14.33 14.98 NOTE
r-patched-solaris-x86 1.4 34.50 NOTE
r-release-linux-x86_64 1.4 0.69 14.19 14.88 NOTE
r-release-windows-ix86+x86_64 1.4 4.00 31.00 35.00 NOTE
r-release-osx-x86_64 1.4 NOTE
r-oldrel-windows-ix86+x86_64 1.4 2.00 38.00 40.00 NOTE
r-oldrel-osx-x86_64 1.4 NOTE

Check Details

Version: 1.4
Check: R code for possible problems
Result: NOTE
    missForest: no visible global function definition for ‘predict’
    missForest: no visible global function definition for ‘idiv’
    missForest: no visible global function definition for ‘var’
    nrmse: no visible global function definition for ‘var’
    Undefined global functions or variables:
     idiv predict var
    Consider adding
     importFrom("stats", "predict", "var")
    to your NAMESPACE file.
Flavors: r-devel-linux-x86_64-debian-clang, r-devel-linux-x86_64-debian-gcc, r-devel-linux-x86_64-fedora-clang, r-devel-linux-x86_64-fedora-gcc, r-devel-windows-ix86+x86_64, r-patched-linux-x86_64, r-patched-solaris-x86, r-release-linux-x86_64, r-release-windows-ix86+x86_64, r-release-osx-x86_64, r-oldrel-windows-ix86+x86_64, r-oldrel-osx-x86_64