CRAN Package Check Results for Package missForest

Last updated on 2014-10-31 16:47:44.

Flavor Version Tinstall Tcheck Ttotal Status Flags
r-devel-linux-x86_64-debian-clang 1.4 0.74 13.87 14.62 NOTE
r-devel-linux-x86_64-debian-gcc 1.4 0.72 14.20 14.92 NOTE
r-devel-linux-x86_64-fedora-clang 1.4 29.01 NOTE
r-devel-linux-x86_64-fedora-gcc 1.4 27.44 NOTE
r-devel-osx-x86_64-clang 1.4 30.89 NOTE
r-devel-windows-ix86+x86_64 1.4 4.00 24.00 28.00 NOTE
r-patched-linux-x86_64 1.4 0.80 13.70 14.50 NOTE
r-patched-solaris-sparc 1.4 180.60 NOTE
r-patched-solaris-x86 1.4 39.70 NOTE
r-release-linux-ix86 1.4 1.10 20.57 21.67 OK
r-release-linux-x86_64 1.4 0.75 13.69 14.44 OK
r-release-osx-x86_64-mavericks 1.4 OK
r-release-osx-x86_64-snowleopard 1.4 OK
r-release-windows-ix86+x86_64 1.4 4.00 24.00 28.00 OK
r-oldrel-windows-ix86+x86_64 1.4 5.00 28.00 33.00 OK

Check Details

Version: 1.4
Check: R code for possible problems
Result: NOTE
    missForest: no visible global function definition for ‘idiv’
Flavors: r-devel-linux-x86_64-debian-clang, r-devel-linux-x86_64-debian-gcc, r-devel-linux-x86_64-fedora-clang, r-devel-linux-x86_64-fedora-gcc, r-devel-osx-x86_64-clang, r-devel-windows-ix86+x86_64, r-patched-linux-x86_64, r-patched-solaris-sparc, r-patched-solaris-x86