CRAN Package Check Results for Package missForest

Last updated on 2017-03-29 23:53:15.

Flavor Version Tinstall Tcheck Ttotal Status Flags
r-devel-linux-x86_64-debian-clang 1.4 0.70 14.00 14.70 NOTE
r-devel-linux-x86_64-debian-gcc 1.4 0.70 13.99 14.69 NOTE
r-devel-linux-x86_64-fedora-clang 1.4 24.62 NOTE --no-stop-on-test-error
r-devel-linux-x86_64-fedora-gcc 1.4 23.52 NOTE --no-stop-on-test-error
r-devel-macos-x86_64-clang 1.4 21.97 NOTE --no-stop-on-test-error
r-devel-windows-ix86+x86_64 1.4 3.00 50.00 53.00 NOTE
r-patched-linux-x86_64 1.4 0.66 14.21 14.88 NOTE
r-patched-solaris-sparc 1.4 164.20 NOTE
r-patched-solaris-x86 1.4 34.20 NOTE
r-release-linux-x86_64 1.4 0.67 11.31 11.98 NOTE
r-release-osx-x86_64-mavericks 1.4 NOTE
r-release-windows-ix86+x86_64 1.4 9.00 42.00 51.00 NOTE
r-oldrel-windows-ix86+x86_64 1.4 8.00 44.00 52.00 NOTE

Check Details

Version: 1.4
Check: R code for possible problems
Result: NOTE
    missForest: no visible global function definition for ‘predict’
    missForest: no visible global function definition for ‘idiv’
    missForest: no visible global function definition for ‘var’
    nrmse: no visible global function definition for ‘var’
    Undefined global functions or variables:
     idiv predict var
    Consider adding
     importFrom("stats", "predict", "var")
    to your NAMESPACE file.
Flavors: r-devel-linux-x86_64-debian-clang, r-devel-linux-x86_64-debian-gcc, r-devel-windows-ix86+x86_64, r-patched-linux-x86_64, r-patched-solaris-sparc, r-patched-solaris-x86, r-release-linux-x86_64, r-release-osx-x86_64-mavericks, r-release-windows-ix86+x86_64

Version: 1.4
Flags: --no-stop-on-test-error
Check: R code for possible problems
Result: NOTE
    missForest: no visible global function definition for ‘predict’
    missForest: no visible global function definition for ‘idiv’
    missForest: no visible global function definition for ‘var’
    nrmse: no visible global function definition for ‘var’
    Undefined global functions or variables:
     idiv predict var
    Consider adding
     importFrom("stats", "predict", "var")
    to your NAMESPACE file.
Flavors: r-devel-linux-x86_64-fedora-clang, r-devel-linux-x86_64-fedora-gcc, r-devel-macos-x86_64-clang

Version: 1.4
Check: R code for possible problems
Result: NOTE
    missForest: no visible global function definition for 'idiv'
Flavor: r-oldrel-windows-ix86+x86_64