CRAN Package Check Results for Package missForest

Last updated on 2022-01-26 23:50:24 CET.

Flavor Version Tinstall Tcheck Ttotal Status Flags
r-devel-linux-x86_64-debian-clang 1.4 2.97 34.05 37.02 NOTE
r-devel-linux-x86_64-debian-gcc 1.4 2.09 26.91 29.00 NOTE
r-devel-linux-x86_64-fedora-clang 1.4 45.52 NOTE
r-devel-linux-x86_64-fedora-gcc 1.4 35.34 NOTE
r-devel-windows-x86_64-new-UL 1.4 15.00 52.00 67.00 NOTE
r-devel-windows-x86_64-new-TK 1.4 NOTE
r-patched-linux-x86_64 1.4 4.09 33.64 37.73 NOTE
r-release-linux-x86_64 1.4 2.84 33.38 36.22 NOTE
r-release-macos-arm64 1.4 NOTE
r-release-macos-x86_64 1.4 NOTE
r-release-windows-ix86+x86_64 1.4 5.00 42.00 47.00 NOTE
r-oldrel-macos-x86_64 1.4 NOTE
r-oldrel-windows-ix86+x86_64 1.4 5.00 42.00 47.00 NOTE

Check Details

Version: 1.4
Check: R code for possible problems
Result: NOTE
    missForest: no visible global function definition for 'predict'
    missForest: no visible global function definition for 'idiv'
    missForest: no visible global function definition for 'var'
    nrmse: no visible global function definition for 'var'
    Undefined global functions or variables:
     idiv predict var
    Consider adding
     importFrom("stats", "predict", "var")
    to your NAMESPACE file.
Flavors: r-devel-linux-x86_64-debian-clang, r-devel-linux-x86_64-debian-gcc, r-devel-linux-x86_64-fedora-clang, r-devel-linux-x86_64-fedora-gcc, r-devel-windows-x86_64-new-UL, r-devel-windows-x86_64-new-TK, r-patched-linux-x86_64, r-release-linux-x86_64, r-release-macos-arm64, r-release-macos-x86_64, r-release-windows-ix86+x86_64, r-oldrel-macos-x86_64, r-oldrel-windows-ix86+x86_64