CRAN Package Check Results for Package missMDA

Last updated on 2014-09-02 05:46:37.

Flavor Version Tinstall Tcheck Ttotal Status Flags
r-devel-linux-x86_64-debian-clang 1.7.2 0.96 24.77 25.74 NOTE
r-devel-linux-x86_64-debian-gcc 1.7.2 0.93 24.33 25.26 NOTE
r-devel-linux-x86_64-fedora-clang 1.7.2 52.63 NOTE
r-devel-linux-x86_64-fedora-gcc 1.7.2 49.76 NOTE
r-devel-osx-x86_64-clang 1.7.2 46.98 NOTE
r-devel-windows-ix86+x86_64 1.7.2 5.00 44.00 49.00 NOTE
r-patched-linux-x86_64 1.7.2 1.16 25.64 26.80 NOTE
r-patched-solaris-sparc 1.7.2 324.00 NOTE
r-patched-solaris-x86 1.7.2 67.20 NOTE
r-release-linux-ix86 1.7.2 1.35 33.99 35.34 NOTE
r-release-linux-x86_64 1.7.2 1.02 26.47 27.49 NOTE
r-release-osx-x86_64-mavericks 1.7.2 NOTE
r-release-osx-x86_64-snowleopard 1.7.2 WARN
r-release-windows-ix86+x86_64 1.7.2 5.00 43.00 48.00 NOTE
r-oldrel-windows-ix86+x86_64 1.7.2 5.00 42.00 47.00 NOTE

Check Details

Version: 1.7.2
Check: dependencies in R code
Result: NOTE
    Package in Depends field not imported from: ‘FactoMineR’
     These packages need to be imported from (in the NAMESPACE file)
     for when this namespace is loaded but not attached.
    See the information on DESCRIPTION files in the chapter ‘Creating R
    packages’ of the ‘Writing R Extensions’ manual.
Flavors: r-devel-linux-x86_64-debian-clang, r-devel-linux-x86_64-debian-gcc, r-devel-linux-x86_64-fedora-clang, r-devel-linux-x86_64-fedora-gcc, r-devel-osx-x86_64-clang, r-devel-windows-ix86+x86_64, r-patched-linux-x86_64, r-patched-solaris-sparc, r-patched-solaris-x86, r-release-linux-ix86, r-release-linux-x86_64, r-release-osx-x86_64-mavericks, r-release-windows-ix86+x86_64, r-oldrel-windows-ix86+x86_64

Version: 1.7.2
Check: R code for possible problems
Result: NOTE
    MIPCA: no visible global function definition for ‘PCA’
    MIPCA: no visible global function definition for ‘reconst’
    estim_ncpMCA: no visible global function definition for ‘PCA’
    estim_ncpMCA: no visible global function definition for ‘reconst’
    imputeMCA: no visible global function definition for
     ‘tab.disjonctif.prop’
    imputeMCA: no visible global function definition for ‘svd.triplet’
    imputeMFA : impute: no visible global function definition for
     ‘svd.triplet’
    imputeMFA : impute: no visible global function definition for
     ‘tab.disjonctif.prop’
    imputePCA : impute: no visible global function definition for
     ‘svd.triplet’
    plot.MIPCA: no visible global function definition for ‘PCA’
    plot.MIPCA: no visible global function definition for ‘coord.ellipse’
Flavors: r-devel-linux-x86_64-debian-clang, r-devel-linux-x86_64-debian-gcc, r-devel-linux-x86_64-fedora-clang, r-devel-linux-x86_64-fedora-gcc, r-devel-osx-x86_64-clang, r-devel-windows-ix86+x86_64

Version: 1.7.2
Check: top-level files
Result: NOTE
    Non-standard file/directory found at top level:
     ‘missMDA-Ex.R’
Flavors: r-devel-linux-x86_64-fedora-clang, r-devel-linux-x86_64-fedora-gcc

Version: 1.7.2
Check: examples
Result: WARN
    checking a package with encoding 'latin1' in an ASCII locale
    
     OK
Flavor: r-release-osx-x86_64-snowleopard