CRAN Package Check Results for Package missMDA

Last updated on 2015-03-28 03:50:07.

Flavor Version Tinstall Tcheck Ttotal Status Flags
r-devel-linux-x86_64-debian-clang 1.7.3 3.73 49.58 53.30 NOTE
r-devel-linux-x86_64-debian-gcc 1.7.3 3.71 51.42 55.13 NOTE
r-devel-linux-x86_64-fedora-clang 1.7.3 116.78 NOTE
r-devel-linux-x86_64-fedora-gcc 1.7.3 104.18 NOTE
r-devel-osx-x86_64-clang 1.7.3 101.46 NOTE
r-prerel-windows-ix86+x86_64 1.7.3 10.00 79.00 89.00 NOTE
r-prerel-linux-x86_64 1.7.3 3.91 50.65 54.56 NOTE
r-prerel-solaris-sparc 1.7.3 678.00 NOTE
r-prerel-solaris-x86 1.7.3 144.70 NOTE
r-release-linux-x86_64 1.7.3 6.35 69.14 75.49 OK
r-release-osx-x86_64-mavericks 1.7.3 OK
r-release-osx-x86_64-snowleopard 1.7.3 OK
r-release-windows-ix86+x86_64 1.7.3 16.00 108.00 124.00 OK
r-oldrel-windows-ix86+x86_64 1.7.3 18.00 110.00 128.00 OK

Check Details

Version: 1.7.3
Check: DESCRIPTION meta-information
Result: NOTE
    Malformed Description field: should contain one or more complete sentences.
Flavors: r-devel-linux-x86_64-debian-clang, r-devel-linux-x86_64-debian-gcc, r-devel-linux-x86_64-fedora-clang, r-devel-linux-x86_64-fedora-gcc, r-devel-osx-x86_64-clang, r-prerel-windows-ix86+x86_64, r-prerel-linux-x86_64, r-prerel-solaris-sparc, r-prerel-solaris-x86

Version: 1.7.3
Check: S3 generic/method consistency
Result: NOTE
    Found the following apparent S3 methods exported but not registered:
     plot.MIPCA
    See section ‘Registering S3 methods’ in the ‘Writing R Extensions’
    manual.
Flavors: r-devel-linux-x86_64-debian-clang, r-devel-linux-x86_64-debian-gcc, r-devel-linux-x86_64-fedora-clang, r-devel-linux-x86_64-fedora-gcc, r-devel-osx-x86_64-clang, r-prerel-linux-x86_64