CRAN Package Check Results for Package missMDA

Last updated on 2015-05-25 23:47:28.

Flavor Version Tinstall Tcheck Ttotal Status Flags
r-devel-linux-x86_64-debian-clang 1.7.3 3.88 51.54 55.42 NOTE
r-devel-linux-x86_64-debian-gcc 1.7.3 3.92 48.86 52.78 NOTE
r-devel-linux-x86_64-fedora-clang 1.7.3 112.45 NOTE
r-devel-linux-x86_64-fedora-gcc 1.7.3 106.68 NOTE
r-devel-osx-x86_64-clang 1.7.3 97.00 NOTE
r-devel-windows-ix86+x86_64 1.7.3 10.00 81.00 91.00 NOTE
r-patched-linux-x86_64 1.7.3 3.99 49.83 53.82 NOTE
r-patched-solaris-sparc 1.7.3 711.30 NOTE
r-patched-solaris-x86 1.7.3 146.70 NOTE
r-release-linux-x86_64 1.7.3 3.84 51.87 55.71 NOTE
r-release-osx-x86_64-mavericks 1.7.3 NOTE
r-release-osx-x86_64-snowleopard 1.7.3 ERROR
r-release-windows-ix86+x86_64 1.7.3 13.00 81.00 94.00 NOTE
r-oldrel-windows-ix86+x86_64 1.7.3 18.00 101.00 119.00 OK

Check Details

Version: 1.7.3
Check: DESCRIPTION meta-information
Result: NOTE
    Malformed Description field: should contain one or more complete sentences.
Flavors: r-devel-linux-x86_64-debian-clang, r-devel-linux-x86_64-debian-gcc, r-devel-linux-x86_64-fedora-clang, r-devel-linux-x86_64-fedora-gcc, r-devel-osx-x86_64-clang, r-devel-windows-ix86+x86_64, r-patched-linux-x86_64, r-patched-solaris-sparc, r-patched-solaris-x86, r-release-linux-x86_64, r-release-osx-x86_64-mavericks, r-release-windows-ix86+x86_64

Version: 1.7.3
Check: S3 generic/method consistency
Result: NOTE
    Found the following apparent S3 methods exported but not registered:
     plot.MIPCA
    See section ‘Registering S3 methods’ in the ‘Writing R Extensions’
    manual.
Flavors: r-devel-linux-x86_64-debian-clang, r-devel-linux-x86_64-debian-gcc, r-devel-linux-x86_64-fedora-clang, r-devel-linux-x86_64-fedora-gcc, r-devel-osx-x86_64-clang, r-patched-linux-x86_64, r-patched-solaris-sparc, r-patched-solaris-x86, r-release-linux-x86_64

Version: 1.7.3
Check: package dependencies
Result: ERROR
    Package required but not available: ‘FactoMineR’
    
    See section ‘The DESCRIPTION file’ in the ‘Writing R Extensions’
    manual.
Flavor: r-release-osx-x86_64-snowleopard