CRAN Package Check Results for Package missMDA

Last updated on 2014-07-25 21:47:55.

Flavor Version Tinstall Tcheck Ttotal Status Flags
r-devel-linux-x86_64-debian-clang 1.7.2 0.98 25.71 26.69 NOTE
r-devel-linux-x86_64-debian-gcc 1.7.2 0.96 26.12 27.08 NOTE
r-devel-linux-x86_64-fedora-clang 1.7.2 55.02 NOTE
r-devel-linux-x86_64-fedora-gcc 1.7.2 52.43 NOTE
r-devel-osx-x86_64-clang 1.7.2 49.45 NOTE
r-devel-windows-ix86+x86_64 1.7.2 4.00 40.00 44.00 NOTE
r-patched-linux-x86_64 1.7.2 0.99 25.71 26.70 NOTE
r-patched-solaris-sparc 1.7.2 330.00 NOTE
r-patched-solaris-x86 1.7.2 67.80 NOTE
r-release-linux-ix86 1.7.2 1.35 33.56 34.91 NOTE
r-release-linux-x86_64 1.7.2 1.01 25.81 26.82 NOTE
r-release-osx-x86_64-mavericks 1.7.2 NOTE
r-release-osx-x86_64-snowleopard 1.7.2 WARN
r-release-windows-ix86+x86_64 1.7.2 5.00 39.00 44.00 NOTE
r-oldrel-windows-ix86+x86_64 1.7.2 5.00 47.00 52.00 NOTE

Check Details

Version: 1.7.2
Check: dependencies in R code
Result: NOTE
    Package in Depends field not imported from: ‘FactoMineR’
     These packages need to be imported from (in the NAMESPACE file)
     for when this namespace is loaded but not attached.
    See the information on DESCRIPTION files in the chapter ‘Creating R
    packages’ of the ‘Writing R Extensions’ manual.
Flavors: r-devel-linux-x86_64-debian-clang, r-devel-linux-x86_64-debian-gcc, r-devel-linux-x86_64-fedora-clang, r-devel-linux-x86_64-fedora-gcc, r-devel-osx-x86_64-clang, r-devel-windows-ix86+x86_64, r-patched-linux-x86_64, r-patched-solaris-sparc, r-patched-solaris-x86, r-release-linux-ix86, r-release-linux-x86_64, r-release-osx-x86_64-mavericks, r-release-windows-ix86+x86_64, r-oldrel-windows-ix86+x86_64

Version: 1.7.2
Check: top-level files
Result: NOTE
    Non-standard file/directory found at top level:
     ‘missMDA-Ex.R’
Flavors: r-devel-linux-x86_64-fedora-clang, r-devel-linux-x86_64-fedora-gcc

Version: 1.7.2
Check: examples
Result: WARNING
    checking a package with encoding 'latin1' in an ASCII locale
    
     OK
Flavor: r-release-osx-x86_64-snowleopard