CRAN Package Check Results for Package missMDA

Last updated on 2015-02-28 19:51:11.

Flavor Version Tinstall Tcheck Ttotal Status Flags
r-devel-linux-x86_64-debian-clang 1.7.3 3.87 50.80 54.68 NOTE
r-devel-linux-x86_64-debian-gcc 1.7.3 3.86 49.65 53.51 NOTE
r-devel-linux-x86_64-fedora-clang 1.7.3 110.99 NOTE
r-devel-linux-x86_64-fedora-gcc 1.7.3 105.26 NOTE
r-devel-osx-x86_64-clang 1.7.3 97.35 NOTE
r-devel-windows-ix86+x86_64 1.7.3 15.00 71.00 86.00 NOTE
r-patched-linux-x86_64 1.7.3 6.55 73.12 79.67 OK
r-patched-solaris-sparc 1.7.3 343.80 OK
r-patched-solaris-x86 1.7.3 211.00 OK
r-release-linux-ix86 1.7.3 5.93 78.89 84.82 OK
r-release-linux-x86_64 1.7.3 6.59 71.37 77.96 OK
r-release-osx-x86_64-mavericks 1.7.3 OK
r-release-osx-x86_64-snowleopard 1.7.3 OK
r-release-windows-ix86+x86_64 1.7.3 18.00 113.00 131.00 OK
r-oldrel-windows-ix86+x86_64 1.7.3 19.00 105.00 124.00 OK

Check Details

Version: 1.7.3
Check: DESCRIPTION meta-information
Result: NOTE
    Malformed Description field: should contain one or more complete sentences.
Flavors: r-devel-linux-x86_64-debian-clang, r-devel-linux-x86_64-debian-gcc, r-devel-linux-x86_64-fedora-clang, r-devel-linux-x86_64-fedora-gcc, r-devel-osx-x86_64-clang, r-devel-windows-ix86+x86_64

Version: 1.7.3
Check: S3 generic/method consistency
Result: NOTE
    Found the following apparent S3 methods exported but not registered:
     plot.MIPCA
    See section ‘Registering S3 methods’ in the ‘Writing R Extensions’
    manual.
Flavors: r-devel-linux-x86_64-debian-clang, r-devel-linux-x86_64-debian-gcc, r-devel-linux-x86_64-fedora-clang, r-devel-linux-x86_64-fedora-gcc, r-devel-osx-x86_64-clang