CRAN Package Check Results for Package missMDA

Last updated on 2015-04-19 10:51:54.

Flavor Version Tinstall Tcheck Ttotal Status Flags
r-devel-linux-x86_64-debian-clang 1.7.3 3.98 50.62 54.59 NOTE
r-devel-linux-x86_64-debian-gcc 1.7.3 3.77 49.94 53.71 NOTE
r-devel-linux-x86_64-fedora-clang 1.7.3 111.53 NOTE
r-devel-linux-x86_64-fedora-gcc 1.7.3 108.09 NOTE
r-devel-osx-x86_64-clang 1.7.3 93.82 NOTE
r-devel-windows-ix86+x86_64 1.7.3 14.00 84.00 98.00 NOTE
r-patched-linux-x86_64 1.7.3 4.10 53.41 57.51 NOTE
r-patched-solaris-sparc 1.7.3 678.00 NOTE
r-patched-solaris-x86 1.7.3 143.70 NOTE
r-release-linux-x86_64 1.7.3 3.68 51.63 55.30 NOTE
r-release-osx-x86_64-mavericks 1.7.3 NOTE
r-release-osx-x86_64-snowleopard 1.7.3 ERROR
r-release-windows-ix86+x86_64 1.7.3 8.00 74.00 82.00 NOTE
r-oldrel-windows-ix86+x86_64 1.7.3 18.00 141.00 159.00 OK

Check Details

Version: 1.7.3
Check: DESCRIPTION meta-information
Result: NOTE
    Malformed Description field: should contain one or more complete sentences.
Flavors: r-devel-linux-x86_64-debian-clang, r-devel-linux-x86_64-debian-gcc, r-devel-linux-x86_64-fedora-clang, r-devel-linux-x86_64-fedora-gcc, r-devel-osx-x86_64-clang, r-devel-windows-ix86+x86_64, r-patched-linux-x86_64, r-patched-solaris-sparc, r-patched-solaris-x86, r-release-linux-x86_64, r-release-osx-x86_64-mavericks, r-release-windows-ix86+x86_64

Version: 1.7.3
Check: S3 generic/method consistency
Result: NOTE
    Found the following apparent S3 methods exported but not registered:
     plot.MIPCA
    See section ‘Registering S3 methods’ in the ‘Writing R Extensions’
    manual.
Flavors: r-devel-linux-x86_64-debian-clang, r-devel-linux-x86_64-debian-gcc, r-devel-linux-x86_64-fedora-clang, r-devel-linux-x86_64-fedora-gcc, r-devel-osx-x86_64-clang, r-patched-linux-x86_64, r-release-linux-x86_64

Version: 1.7.3
Check: package dependencies
Result: ERROR
    Package required but not available: ‘FactoMineR’
    
    See section ‘The DESCRIPTION file’ in the ‘Writing R Extensions’
    manual.
Flavor: r-release-osx-x86_64-snowleopard