CRAN Package Check Results for Package missMDA

Last updated on 2014-04-25 09:52:18.

Flavor Version Tinstall Tcheck Ttotal Status Flags
r-devel-linux-x86_64-debian-clang 1.7.2 1.04 26.54 27.58 NOTE
r-devel-linux-x86_64-debian-gcc 1.7.2 1.13 27.82 28.95 NOTE
r-devel-linux-x86_64-fedora-clang 1.7.2 55.94 NOTE
r-devel-linux-x86_64-fedora-gcc 1.7.2 52.96 NOTE
r-devel-osx-x86_64-clang 1.7.2 47.73 NOTE
r-devel-osx-x86_64-gcc 1.7.2 ERROR
r-devel-windows-ix86+x86_64 1.7.2 4.00 44.00 48.00 NOTE
r-patched-linux-x86_64 1.7.2 1.06 26.88 27.95 NOTE
r-patched-solaris-sparc 1.7.2 330.00 NOTE
r-patched-solaris-x86 1.7.2 67.40 NOTE
r-release-linux-ix86 1.7.2 1.00 45.00 46.00 NOTE
r-release-linux-x86_64 1.7.2 1.05 26.42 27.47 NOTE
r-release-osx-x86_64-mavericks 1.7.2 NOTE
r-release-osx-x86_64-snowleopard 1.7.2 WARN
r-release-windows-ix86+x86_64 1.7.2 5.00 39.00 44.00 NOTE
r-oldrel-windows-ix86+x86_64 1.7.2 5.00 46.00 51.00 NOTE

Check Details

Version: 1.7.2
Check: dependencies in R code
Result: NOTE
    Package in Depends field not imported from: ‘FactoMineR’
     These packages need to be imported from (in the NAMESPACE file)
     for when this namespace is loaded but not attached.
    See the information on DESCRIPTION files in the chapter ‘Creating R
    packages’ of the ‘Writing R Extensions’ manual.
Flavors: r-devel-linux-x86_64-debian-clang, r-devel-linux-x86_64-debian-gcc, r-devel-linux-x86_64-fedora-clang, r-devel-linux-x86_64-fedora-gcc, r-devel-osx-x86_64-clang, r-devel-windows-ix86+x86_64, r-patched-linux-x86_64, r-patched-solaris-sparc, r-patched-solaris-x86, r-release-linux-ix86, r-release-linux-x86_64, r-release-osx-x86_64-mavericks, r-release-windows-ix86+x86_64, r-oldrel-windows-ix86+x86_64

Version: 1.7.2
Check: top-level files
Result: NOTE
    Non-standard file/directory found at top level:
     ‘missMDA-Ex.R’
Flavors: r-devel-linux-x86_64-fedora-clang, r-devel-linux-x86_64-fedora-gcc

Version: 1.7.2
Check: package dependencies
Result: ERROR
    Package required but not available: ‘FactoMineR’
    
    See the information on DESCRIPTION files in the chapter ‘Creating R
    packages’ of the ‘Writing R Extensions’ manual.
Flavor: r-devel-osx-x86_64-gcc

Version: 1.7.2
Check: examples
Result: WARNING
    checking a package with encoding 'latin1' in an ASCII locale
    
     OK
Flavor: r-release-osx-x86_64-snowleopard