CRAN Package Check Results for Package missMDA

Last updated on 2015-01-28 15:47:13.

Flavor Version Tinstall Tcheck Ttotal Status Flags
r-devel-linux-x86_64-debian-clang 1.7.3 0.88 24.26 25.14 NOTE
r-devel-linux-x86_64-debian-gcc 1.7.3 0.82 23.10 23.92 NOTE
r-devel-linux-x86_64-fedora-clang 1.7.3 56.77 NOTE
r-devel-linux-x86_64-fedora-gcc 1.7.3 52.99 NOTE
r-devel-osx-x86_64-clang 1.7.3 56.12 NOTE
r-devel-windows-ix86+x86_64 1.7.3 5.00 36.00 41.00 OK
r-patched-linux-x86_64 1.7.3 1.02 27.84 28.86 OK
r-patched-solaris-sparc 1.7.3 343.80 OK
r-patched-solaris-x86 1.7.3 74.20 OK
r-release-linux-ix86 1.7.3 1.33 34.34 35.67 OK
r-release-linux-x86_64 1.7.3 1.05 27.55 28.60 OK
r-release-osx-x86_64-mavericks 1.7.3 OK
r-release-osx-x86_64-snowleopard 1.7.3 OK
r-release-windows-ix86+x86_64 1.7.3 5.00 46.00 51.00 OK
r-oldrel-windows-ix86+x86_64 1.7.3 5.00 48.00 53.00 OK

Check Details

Version: 1.7.3
Check: S3 generic/method consistency
Result: NOTE
    Found the following apparent S3 methods exported but not registered:
     plot.MIPCA
    See section ‘Registering S3 methods’ in the ‘Writing R Extensions’
    manual.
Flavors: r-devel-linux-x86_64-debian-clang, r-devel-linux-x86_64-debian-gcc, r-devel-linux-x86_64-fedora-clang, r-devel-linux-x86_64-fedora-gcc, r-devel-osx-x86_64-clang