CRAN Package Check Results for Package missingHE

Last updated on 2024-03-04 12:52:20 CET.

Flavor Version Tinstall Tcheck Ttotal Status Flags
r-devel-linux-x86_64-debian-clang 1.5.0 33.32 675.60 708.92 OK
r-devel-linux-x86_64-debian-gcc 1.5.0 27.37 504.46 531.83 OK
r-devel-linux-x86_64-fedora-clang 1.5.0 888.55 NOTE
r-devel-linux-x86_64-fedora-gcc 1.5.0 786.59 NOTE
r-devel-windows-x86_64 1.5.0 28.00 456.00 484.00 OK
r-patched-linux-x86_64 1.5.0 38.86 670.02 708.88 OK
r-release-linux-x86_64 1.5.0 33.09 662.39 695.48 OK
r-release-macos-arm64 1.5.0 218.00 OK
r-release-macos-x86_64 1.5.0 379.00 OK
r-release-windows-x86_64 1.5.0 42.00 617.00 659.00 OK
r-oldrel-macos-arm64 1.5.0 114.00 OK
r-oldrel-windows-x86_64 1.5.0 39.00 609.00 648.00 OK

Check Details

Version: 1.5.0
Check: dependencies in R code
Result: NOTE Namespace in Imports field not imported from: ‘mcmcr’ All declared Imports should be used. Flavors: r-devel-linux-x86_64-fedora-clang, r-devel-linux-x86_64-fedora-gcc