Last updated on 2023-01-31 10:52:15 CET.
Flavor | Version | Tinstall | Tcheck | Ttotal | Status | Flags |
---|---|---|---|---|---|---|
r-devel-linux-x86_64-debian-clang | 1.0.0 | 35.70 | 64.21 | 99.91 | NOTE | |
r-devel-linux-x86_64-debian-gcc | 1.0.0 | 27.94 | 48.37 | 76.31 | NOTE | |
r-devel-linux-x86_64-fedora-clang | 1.0.0 | 132.73 | NOTE | |||
r-devel-linux-x86_64-fedora-gcc | 1.0.0 | 139.99 | NOTE | |||
r-devel-windows-x86_64 | 1.0.0 | 89.00 | 118.00 | 207.00 | NOTE | |
r-patched-linux-x86_64 | 1.0.0 | 30.68 | 61.00 | 91.68 | OK | |
r-release-linux-x86_64 | 1.0.0 | 29.14 | 61.81 | 90.95 | OK | |
r-release-macos-arm64 | 1.0.0 | 41.00 | NOTE | |||
r-release-macos-x86_64 | 1.0.0 | 50.00 | NOTE | |||
r-release-windows-x86_64 | 1.0.0 | 54.00 | 139.00 | 193.00 | OK | |
r-oldrel-macos-arm64 | 1.0.0 | 42.00 | NOTE | |||
r-oldrel-macos-x86_64 | 1.0.0 | 53.00 | NOTE | |||
r-oldrel-windows-ix86+x86_64 | 1.0.0 | 84.00 | 126.00 | 210.00 | NOTE |
Version: 1.0.0
Check: C++ specification
Result: NOTE
Specified C++11: please update to current default of C++17
Flavors: r-devel-linux-x86_64-debian-clang, r-devel-linux-x86_64-debian-gcc, r-devel-linux-x86_64-fedora-clang, r-devel-linux-x86_64-fedora-gcc, r-devel-windows-x86_64
Version: 1.0.0
Check: installed package size
Result: NOTE
installed size is 5.5Mb
sub-directories of 1Mb or more:
doc 2.4Mb
extdata 1.2Mb
libs 1.7Mb
Flavors: r-release-macos-arm64, r-release-macos-x86_64, r-oldrel-macos-arm64, r-oldrel-macos-x86_64, r-oldrel-windows-ix86+x86_64