CRAN Package Check Results for Package mistat

Last updated on 2017-01-20 05:48:00.

Flavor Version Tinstall Tcheck Ttotal Status Flags
r-devel-linux-x86_64-debian-clang 1.0-4 1.19 24.61 25.80 NOTE
r-devel-linux-x86_64-debian-gcc 1.0-4 1.22 24.44 25.66 NOTE
r-devel-linux-x86_64-fedora-clang 1.0-4 46.01 NOTE --no-stop-on-test-error
r-devel-linux-x86_64-fedora-gcc 1.0-4 47.54 NOTE --no-stop-on-test-error
r-devel-macos-x86_64-clang 1.0-4 39.36 OK --no-stop-on-test-error
r-devel-windows-ix86+x86_64 1.0-4 8.00 62.00 70.00 OK
r-patched-linux-x86_64 1.0-4 1.10 28.03 29.13 NOTE
r-patched-solaris-sparc 1.0-4 381.50 OK
r-patched-solaris-x86 1.0-4 68.70 OK
r-release-linux-x86_64 1.0-4 1.24 29.26 30.51 NOTE
r-release-osx-x86_64-mavericks 1.0-4 OK
r-release-windows-ix86+x86_64 1.0-4 5.00 56.00 61.00 OK
r-oldrel-windows-ix86+x86_64 1.0-4 6.00 79.00 85.00 OK

Check Details

Version: 1.0-4
Check: top-level files
Result: NOTE
    Non-standard file/directory found at top level:
     ‘README.html’
Flavors: r-devel-linux-x86_64-debian-clang, r-devel-linux-x86_64-debian-gcc, r-patched-linux-x86_64, r-release-linux-x86_64

Version: 1.0-4
Flags: --no-stop-on-test-error
Check: top-level files
Result: NOTE
    Non-standard file/directory found at top level:
     ‘README.html’
Flavors: r-devel-linux-x86_64-fedora-clang, r-devel-linux-x86_64-fedora-gcc