CRAN Package Check Results for Package mistat

Last updated on 2017-04-26 03:48:21.

Flavor Version Tinstall Tcheck Ttotal Status Flags
r-devel-linux-x86_64-debian-clang 1.0-4 1.16 25.52 26.68 NOTE
r-devel-linux-x86_64-debian-gcc 1.0-4 1.25 24.86 26.10 NOTE
r-devel-linux-x86_64-fedora-clang 1.0-4 48.61 NOTE --no-stop-on-test-error
r-devel-linux-x86_64-fedora-gcc 1.0-4 45.10 NOTE --no-stop-on-test-error
r-devel-windows-ix86+x86_64 1.0-4 7.00 52.00 59.00 OK
r-patched-linux-x86_64 1.0-4 1.27 24.68 25.96 NOTE
r-patched-solaris-sparc 1.0-4 289.30 OK
r-patched-solaris-x86 1.0-4 59.00 OK
r-release-linux-x86_64 1.0-4 1.12 24.78 25.90 NOTE
r-release-windows-ix86+x86_64 1.0-4 5.00 48.00 53.00 OK
r-release-osx-x86_64 1.0-4 OK
r-oldrel-windows-ix86+x86_64 1.0-4 5.00 61.00 66.00 OK
r-oldrel-osx-x86_64 1.0-4 OK

Check Details

Version: 1.0-4
Check: top-level files
Result: NOTE
    Non-standard file/directory found at top level:
     ‘README.html’
Flavors: r-devel-linux-x86_64-debian-clang, r-devel-linux-x86_64-debian-gcc, r-patched-linux-x86_64, r-release-linux-x86_64

Version: 1.0-4
Flags: --no-stop-on-test-error
Check: top-level files
Result: NOTE
    Non-standard file/directory found at top level:
     ‘README.html’
Flavors: r-devel-linux-x86_64-fedora-clang, r-devel-linux-x86_64-fedora-gcc