CRAN Package Check Results for Package mistat

Last updated on 2016-12-10 23:48:48.

Flavor Version Tinstall Tcheck Ttotal Status Flags
r-devel-linux-x86_64-debian-clang 1.0-4 1.32 24.50 25.82 NOTE
r-devel-linux-x86_64-debian-gcc 1.0-4 1.14 25.22 26.36 NOTE
r-devel-linux-x86_64-fedora-clang 1.0-4 49.12 NOTE --no-stop-on-test-error
r-devel-linux-x86_64-fedora-gcc 1.0-4 45.75 NOTE --no-stop-on-test-error
r-devel-macos-x86_64-clang 1.0-4 39.68 OK --no-stop-on-test-error
r-devel-windows-ix86+x86_64 1.0-4 5.00 46.00 51.00 OK
r-patched-linux-x86_64 1.0-4 1.05 29.64 30.69 NOTE
r-patched-solaris-sparc 1.0-4 372.60 OK
r-patched-solaris-x86 1.0-4 68.90 OK
r-release-linux-x86_64 1.0-4 1.10 29.13 30.23 NOTE
r-release-osx-x86_64-mavericks 1.0-4 OK
r-release-windows-ix86+x86_64 1.0-4 6.00 53.00 59.00 OK
r-oldrel-windows-ix86+x86_64 1.0-4 8.00 57.00 65.00 OK

Check Details

Version: 1.0-4
Check: top-level files
Result: NOTE
    Non-standard file/directory found at top level:
     ‘README.html’
Flavors: r-devel-linux-x86_64-debian-clang, r-devel-linux-x86_64-debian-gcc, r-patched-linux-x86_64, r-release-linux-x86_64

Version: 1.0-4
Flags: --no-stop-on-test-error
Check: top-level files
Result: NOTE
    Non-standard file/directory found at top level:
     ‘README.html’
Flavors: r-devel-linux-x86_64-fedora-clang, r-devel-linux-x86_64-fedora-gcc