CRAN Package Check Results for Package mistat

Last updated on 2017-10-17 14:46:39.

Flavor Version Tinstall Tcheck Ttotal Status Flags
r-devel-linux-x86_64-debian-clang 1.0-4 1.39 26.31 27.70 NOTE
r-devel-linux-x86_64-debian-gcc 1.0-4 1.58 26.10 27.67 NOTE
r-devel-linux-x86_64-fedora-clang 1.0-4 48.44 NOTE
r-devel-linux-x86_64-fedora-gcc 1.0-4 48.04 NOTE
r-devel-windows-ix86+x86_64 1.0-4 5.00 48.00 53.00 OK
r-patched-linux-x86_64 1.0-4 1.20 25.95 27.16 NOTE
r-patched-solaris-x86 1.0-4 62.50 OK
r-release-linux-x86_64 1.0-4 1.14 25.49 26.63 NOTE
r-release-windows-ix86+x86_64 1.0-4 8.00 62.00 70.00 OK
r-release-osx-x86_64 1.0-4 OK
r-oldrel-windows-ix86+x86_64 1.0-4 8.00 59.00 67.00 OK
r-oldrel-osx-x86_64 1.0-4 OK

Check Details

Version: 1.0-4
Check: top-level files
Result: NOTE
    Non-standard file/directory found at top level:
     ‘README.html’
Flavors: r-devel-linux-x86_64-debian-clang, r-devel-linux-x86_64-debian-gcc, r-devel-linux-x86_64-fedora-clang, r-devel-linux-x86_64-fedora-gcc, r-patched-linux-x86_64, r-release-linux-x86_64