CRAN Package Check Results for Package mistat

Last updated on 2017-08-20 14:47:00.

Flavor Version Tinstall Tcheck Ttotal Status Flags
r-devel-linux-x86_64-debian-clang 1.0-4 1.17 26.00 27.16 NOTE
r-devel-linux-x86_64-debian-gcc 1.0-4 1.13 24.73 25.86 NOTE
r-devel-linux-x86_64-fedora-clang 1.0-4 45.76 NOTE
r-devel-linux-x86_64-fedora-gcc 1.0-4 45.75 NOTE
r-devel-windows-ix86+x86_64 1.0-4 5.00 44.00 49.00 OK
r-patched-linux-x86_64 1.0-4 1.17 25.29 26.46 NOTE
r-patched-solaris-x86 1.0-4 63.20 OK
r-release-linux-x86_64 1.0-4 1.12 25.69 26.81 NOTE
r-release-windows-ix86+x86_64 1.0-4 6.00 49.00 55.00 OK
r-release-osx-x86_64 1.0-4 OK
r-oldrel-windows-ix86+x86_64 1.0-4 5.00 63.00 68.00 OK
r-oldrel-osx-x86_64 1.0-4 OK

Check Details

Version: 1.0-4
Check: top-level files
Result: NOTE
    Non-standard file/directory found at top level:
     ‘README.html’
Flavors: r-devel-linux-x86_64-debian-clang, r-devel-linux-x86_64-debian-gcc, r-devel-linux-x86_64-fedora-clang, r-devel-linux-x86_64-fedora-gcc, r-patched-linux-x86_64, r-release-linux-x86_64