CRAN Package Check Results for Package mistat

Last updated on 2015-03-04 15:46:57.

Flavor Version Tinstall Tcheck Ttotal Status Flags
r-devel-linux-x86_64-debian-clang 1.0-2 1.15 27.04 28.19 NOTE
r-devel-linux-x86_64-debian-gcc 1.0-2 1.10 26.40 27.50 NOTE
r-devel-linux-x86_64-fedora-clang 1.0-2 55.23 NOTE
r-devel-linux-x86_64-fedora-gcc 1.0-2 53.93 NOTE
r-devel-osx-x86_64-clang 1.0-2 53.85 NOTE
r-devel-windows-ix86+x86_64 1.0-2 5.00 43.00 48.00 NOTE
r-patched-linux-x86_64 1.0-2 1.34 30.93 32.27 NOTE
r-patched-solaris-sparc 1.0-2 423.10 NOTE
r-patched-solaris-x86 1.0-2 80.00 NOTE
r-release-linux-ix86 1.0-2 1.76 39.73 41.49 NOTE
r-release-linux-x86_64 1.0-2 1.34 29.73 31.07 NOTE
r-release-osx-x86_64-mavericks 1.0-2 NOTE
r-release-osx-x86_64-snowleopard 1.0-2 OK
r-release-windows-ix86+x86_64 1.0-2 7.00 49.00 56.00 NOTE
r-oldrel-windows-ix86+x86_64 1.0-2 8.00 64.00 72.00 OK

Check Details

Version: 1.0-2
Check: dependencies in R code
Result: NOTE
    'library' or 'require' call to ‘boot’ in package code.
     Please use :: or requireNamespace() instead.
     See section 'Suggested packages' in the 'Writing R Extensions' manual.
Flavors: r-devel-linux-x86_64-debian-clang, r-devel-linux-x86_64-debian-gcc, r-devel-linux-x86_64-fedora-clang, r-devel-linux-x86_64-fedora-gcc, r-devel-osx-x86_64-clang, r-devel-windows-ix86+x86_64, r-patched-linux-x86_64, r-patched-solaris-sparc, r-patched-solaris-x86

Version: 1.0-2
Check: R code for possible problems
Result: NOTE
    availDis: no visible global function definition for ‘boot’
    randomizationTest: no visible global function definition for ‘boot’
Flavors: r-devel-linux-x86_64-debian-clang, r-devel-linux-x86_64-debian-gcc, r-devel-linux-x86_64-fedora-clang, r-devel-linux-x86_64-fedora-gcc, r-devel-osx-x86_64-clang, r-devel-windows-ix86+x86_64, r-patched-linux-x86_64, r-patched-solaris-sparc, r-patched-solaris-x86, r-release-linux-ix86, r-release-linux-x86_64, r-release-osx-x86_64-mavericks, r-release-windows-ix86+x86_64