CRAN Package Check Results for Package mistat

Last updated on 2014-10-24 14:47:26.

Flavor Version Tinstall Tcheck Ttotal Status Flags
r-devel-linux-x86_64-debian-clang 1.0-2 1.35 29.94 31.29 NOTE
r-devel-linux-x86_64-debian-gcc 1.0-2 1.32 29.40 30.72 NOTE
r-devel-linux-x86_64-fedora-clang 1.0-2 63.94 NOTE
r-devel-linux-x86_64-fedora-gcc 1.0-2 57.82 NOTE
r-devel-osx-x86_64-clang 1.0-2 56.44 NOTE
r-devel-windows-ix86+x86_64 1.0-2 5.00 47.00 52.00 NOTE
r-patched-linux-x86_64 1.0-2 1.36 29.74 31.10 NOTE
r-patched-solaris-sparc 1.0-2 412.00 NOTE
r-patched-solaris-x86 1.0-2 81.50 NOTE
r-release-linux-ix86 1.0-2 1.84 43.14 44.98 OK
r-release-linux-x86_64 1.0-2 1.35 31.84 33.19 OK
r-release-osx-x86_64-mavericks 1.0-2 OK
r-release-osx-x86_64-snowleopard 1.0-2 OK
r-release-windows-ix86+x86_64 1.0-2 5.00 53.00 58.00 OK
r-oldrel-windows-ix86+x86_64 1.0-2 7.00 54.00 61.00 OK

Check Details

Version: 1.0-2
Check: R code for possible problems
Result: NOTE
    availDis: no visible global function definition for ‘boot’
    randomizationTest: no visible global function definition for ‘boot’
Flavors: r-devel-linux-x86_64-debian-clang, r-devel-linux-x86_64-debian-gcc, r-devel-linux-x86_64-fedora-clang, r-devel-linux-x86_64-fedora-gcc, r-devel-osx-x86_64-clang, r-devel-windows-ix86+x86_64, r-patched-linux-x86_64, r-patched-solaris-sparc, r-patched-solaris-x86