CRAN Package Check Results for Package mistat

Last updated on 2017-06-23 01:47:13.

Flavor Version Tinstall Tcheck Ttotal Status Flags
r-devel-linux-x86_64-debian-clang 1.0-4 1.26 25.98 27.24 NOTE
r-devel-linux-x86_64-debian-gcc 1.0-4 1.27 24.90 26.17 NOTE
r-devel-linux-x86_64-fedora-clang 1.0-4 48.86 NOTE
r-devel-linux-x86_64-fedora-gcc 1.0-4 45.86 NOTE
r-devel-windows-ix86+x86_64 1.0-4 10.00 63.00 73.00 OK
r-patched-linux-x86_64 1.0-4 1.17 25.78 26.96 NOTE
r-patched-solaris-sparc 1.0-4 289.30 OK
r-patched-solaris-x86 1.0-4 60.20 OK
r-release-linux-x86_64 1.0-4 1.23 25.59 26.82 NOTE
r-release-windows-ix86+x86_64 1.0-4 9.00 54.00 63.00 OK
r-release-osx-x86_64 1.0-4 OK
r-oldrel-windows-ix86+x86_64 1.0-4 8.00 61.00 69.00 OK
r-oldrel-osx-x86_64 1.0-4 OK

Check Details

Version: 1.0-4
Check: top-level files
Result: NOTE
    Non-standard file/directory found at top level:
     ‘README.html’
Flavors: r-devel-linux-x86_64-debian-clang, r-devel-linux-x86_64-debian-gcc, r-devel-linux-x86_64-fedora-clang, r-devel-linux-x86_64-fedora-gcc, r-patched-linux-x86_64, r-release-linux-x86_64