CRAN Package Check Results for Package mistat

Last updated on 2014-09-20 17:47:23.

Flavor Version Tinstall Tcheck Ttotal Status Flags
r-devel-linux-x86_64-debian-clang 1.0-2 1.31 33.26 34.57 NOTE
r-devel-linux-x86_64-debian-gcc 1.0-2 1.28 28.70 29.98 NOTE
r-devel-linux-x86_64-fedora-clang 1.0-2 61.26 NOTE
r-devel-linux-x86_64-fedora-gcc 1.0-2 58.36 NOTE
r-devel-osx-x86_64-clang 1.0-2 56.69 NOTE
r-devel-windows-ix86+x86_64 1.0-2 6.00 43.00 49.00 NOTE
r-patched-linux-x86_64 1.0-2 1.34 30.71 32.05 OK
r-patched-solaris-sparc 1.0-2 438.70 OK
r-patched-solaris-x86 1.0-2 83.70 OK
r-release-linux-ix86 1.0-2 1.88 43.44 45.32 OK
r-release-linux-x86_64 1.0-2 1.66 31.79 33.45 OK
r-release-osx-x86_64-mavericks 1.0-2 OK
r-release-osx-x86_64-snowleopard 1.0-2 OK
r-release-windows-ix86+x86_64 1.0-2 5.00 50.00 55.00 OK
r-oldrel-windows-ix86+x86_64 1.0-2 7.00 57.00 64.00 OK

Check Details

Version: 1.0-2
Check: R code for possible problems
Result: NOTE
    availDis: no visible global function definition for ‘boot’
    randomizationTest: no visible global function definition for ‘boot’
Flavors: r-devel-linux-x86_64-debian-clang, r-devel-linux-x86_64-debian-gcc, r-devel-linux-x86_64-fedora-clang, r-devel-linux-x86_64-fedora-gcc, r-devel-osx-x86_64-clang, r-devel-windows-ix86+x86_64