CRAN Package Check Results for Package mistat

Last updated on 2015-05-28 07:48:59.

Flavor Version Tinstall Tcheck Ttotal Status Flags
r-devel-linux-x86_64-debian-clang 1.0-2 1.14 27.53 28.67 NOTE
r-devel-linux-x86_64-debian-gcc 1.0-2 1.21 27.03 28.24 NOTE
r-devel-linux-x86_64-fedora-clang 1.0-2 56.81 NOTE
r-devel-linux-x86_64-fedora-gcc 1.0-2 55.17 NOTE
r-devel-osx-x86_64-clang 1.0-2 54.44 NOTE
r-devel-windows-ix86+x86_64 1.0-2 5.00 45.00 50.00 NOTE
r-patched-linux-x86_64 1.0-2 1.10 26.81 27.91 NOTE
r-patched-solaris-sparc 1.0-2 404.20 NOTE
r-patched-solaris-x86 1.0-2 70.00 NOTE
r-release-linux-x86_64 1.0-2 1.12 26.77 27.89 NOTE
r-release-osx-x86_64-mavericks 1.0-2 NOTE
r-release-osx-x86_64-snowleopard 1.0-2 NOTE
r-release-windows-ix86+x86_64 1.0-2 6.00 49.00 55.00 NOTE
r-oldrel-windows-ix86+x86_64 1.0-2 6.00 49.00 55.00 NOTE

Check Details

Version: 1.0-2
Check: dependencies in R code
Result: NOTE
    'library' or 'require' call to ‘boot’ in package code.
     Please use :: or requireNamespace() instead.
     See section 'Suggested packages' in the 'Writing R Extensions' manual.
Flavors: r-devel-linux-x86_64-debian-clang, r-devel-linux-x86_64-debian-gcc, r-devel-linux-x86_64-fedora-clang, r-devel-linux-x86_64-fedora-gcc, r-devel-osx-x86_64-clang, r-devel-windows-ix86+x86_64, r-patched-linux-x86_64, r-patched-solaris-sparc, r-patched-solaris-x86, r-release-linux-x86_64, r-release-osx-x86_64-mavericks, r-release-osx-x86_64-snowleopard, r-release-windows-ix86+x86_64, r-oldrel-windows-ix86+x86_64

Version: 1.0-2
Check: R code for possible problems
Result: NOTE
    availDis: no visible global function definition for ‘boot’
    randomizationTest: no visible global function definition for ‘boot’
Flavors: r-devel-linux-x86_64-debian-clang, r-devel-linux-x86_64-debian-gcc, r-devel-linux-x86_64-fedora-clang, r-devel-linux-x86_64-fedora-gcc, r-devel-osx-x86_64-clang, r-devel-windows-ix86+x86_64, r-patched-linux-x86_64, r-patched-solaris-sparc, r-patched-solaris-x86, r-release-linux-x86_64, r-release-osx-x86_64-mavericks, r-release-osx-x86_64-snowleopard, r-release-windows-ix86+x86_64, r-oldrel-windows-ix86+x86_64

Version: 1.0-2
Check: package dependencies
Result: NOTE
    Packages suggested but not available for checking:
     ‘car’ ‘tseries’ ‘FrF2’ ‘ggplot2’
Flavor: r-release-osx-x86_64-snowleopard

Version: 1.0-2
Check: Rd cross-references
Result: NOTE
    Package unavailable to check Rd xrefs: ‘FrF2’
Flavor: r-release-osx-x86_64-snowleopard