CRAN Package Check Results for Package mistat

Last updated on 2017-05-24 07:49:54.

Flavor Version Tinstall Tcheck Ttotal Status Flags
r-devel-linux-x86_64-debian-clang 1.0-4 1.15 25.52 26.67 NOTE
r-devel-linux-x86_64-debian-gcc 1.0-4 1.26 24.93 26.19 NOTE
r-devel-linux-x86_64-fedora-clang 1.0-4 47.65 NOTE --no-stop-on-test-error
r-devel-linux-x86_64-fedora-gcc 1.0-4 46.12 NOTE --no-stop-on-test-error
r-devel-windows-ix86+x86_64 1.0-4 5.00 51.00 56.00 OK
r-patched-linux-x86_64 1.0-4 1.11 24.78 25.89 NOTE
r-patched-solaris-sparc 1.0-4 289.30 OK
r-patched-solaris-x86 1.0-4 60.10 OK
r-release-linux-x86_64 1.0-4 1.22 25.05 26.27 NOTE
r-release-windows-ix86+x86_64 1.0-4 5.00 72.00 77.00 OK
r-release-osx-x86_64 1.0-4 OK
r-oldrel-windows-ix86+x86_64 1.0-4 8.00 82.00 90.00 OK
r-oldrel-osx-x86_64 1.0-4 OK

Check Details

Version: 1.0-4
Check: top-level files
Result: NOTE
    Non-standard file/directory found at top level:
     ‘README.html’
Flavors: r-devel-linux-x86_64-debian-clang, r-devel-linux-x86_64-debian-gcc, r-patched-linux-x86_64, r-release-linux-x86_64

Version: 1.0-4
Flags: --no-stop-on-test-error
Check: top-level files
Result: NOTE
    Non-standard file/directory found at top level:
     ‘README.html’
Flavors: r-devel-linux-x86_64-fedora-clang, r-devel-linux-x86_64-fedora-gcc