CRAN Package Check Results for Package mistat

Last updated on 2016-09-24 23:48:14.

Flavor Version Tinstall Tcheck Ttotal Status Flags
r-devel-linux-x86_64-debian-clang 1.0-4 1.26 29.69 30.95 NOTE
r-devel-linux-x86_64-debian-gcc 1.0-4 1.25 29.16 30.41 NOTE
r-devel-linux-x86_64-fedora-clang 1.0-4 58.21 NOTE
r-devel-linux-x86_64-fedora-gcc 1.0-4 53.55 NOTE
r-devel-macos-x86_64-clang 1.0-4 46.66 OK
r-devel-windows-ix86+x86_64 1.0-4 10.00 72.00 82.00 OK
r-patched-linux-x86_64 1.0-4 1.14 28.33 29.47 NOTE
r-patched-solaris-sparc 1.0-4 372.60 OK
r-patched-solaris-x86 1.0-4 67.80 OK
r-release-linux-x86_64 1.0-4 1.05 28.26 29.31 NOTE
r-release-osx-x86_64-mavericks 1.0-4 OK
r-release-windows-ix86+x86_64 1.0-4 5.00 55.00 60.00 OK
r-oldrel-windows-ix86+x86_64 1.0-4 10.00 74.00 84.00 OK

Check Details

Version: 1.0-4
Check: top-level files
Result: NOTE
    Non-standard file/directory found at top level:
     ‘README.html’
Flavors: r-devel-linux-x86_64-debian-clang, r-devel-linux-x86_64-debian-gcc, r-devel-linux-x86_64-fedora-clang, r-devel-linux-x86_64-fedora-gcc, r-patched-linux-x86_64, r-release-linux-x86_64