CRAN Package Check Results for Package mistat

Last updated on 2015-01-25 09:51:32.

Flavor Version Tinstall Tcheck Ttotal Status Flags
r-devel-linux-x86_64-debian-clang 1.0-2 1.34 29.73 31.07 NOTE
r-devel-linux-x86_64-debian-gcc 1.0-2 1.28 28.12 29.40 NOTE
r-devel-linux-x86_64-fedora-clang 1.0-2 63.23 NOTE
r-devel-linux-x86_64-fedora-gcc 1.0-2 62.33 NOTE
r-devel-osx-x86_64-clang 1.0-2 62.33 NOTE
r-devel-windows-ix86+x86_64 1.0-2 7.00 51.00 58.00 NOTE
r-patched-linux-x86_64 1.0-2 1.36 29.99 31.34 NOTE
r-patched-solaris-sparc 1.0-2 415.20 NOTE
r-patched-solaris-x86 1.0-2 81.80 NOTE
r-release-linux-ix86 1.0-2 1.80 38.93 40.73 NOTE
r-release-linux-x86_64 1.0-2 1.37 30.59 31.96 NOTE
r-release-osx-x86_64-mavericks 1.0-2 NOTE
r-release-osx-x86_64-snowleopard 1.0-2 OK
r-release-windows-ix86+x86_64 1.0-2 7.00 52.00 59.00 NOTE
r-oldrel-windows-ix86+x86_64 1.0-2 8.00 56.00 64.00 OK

Check Details

Version: 1.0-2
Check: dependencies in R code
Result: NOTE
    'library' or 'require' call to ‘boot’ in package code.
     Please use :: or requireNamespace() instead.
     See section 'Suggested packages' in the 'Writing R Extensions' manual.
Flavors: r-devel-linux-x86_64-debian-clang, r-devel-linux-x86_64-debian-gcc, r-devel-linux-x86_64-fedora-clang, r-devel-linux-x86_64-fedora-gcc, r-devel-osx-x86_64-clang, r-devel-windows-ix86+x86_64

Version: 1.0-2
Check: R code for possible problems
Result: NOTE
    availDis: no visible global function definition for ‘boot’
    randomizationTest: no visible global function definition for ‘boot’
Flavors: r-devel-linux-x86_64-debian-clang, r-devel-linux-x86_64-debian-gcc, r-devel-linux-x86_64-fedora-clang, r-devel-linux-x86_64-fedora-gcc, r-devel-osx-x86_64-clang, r-devel-windows-ix86+x86_64, r-patched-linux-x86_64, r-patched-solaris-sparc, r-patched-solaris-x86, r-release-linux-ix86, r-release-linux-x86_64, r-release-osx-x86_64-mavericks, r-release-windows-ix86+x86_64