CRAN Package Check Results for Package mistat

Last updated on 2014-04-24 23:48:06.

Flavor Version Tinstall Tcheck Ttotal Status Flags
r-devel-linux-x86_64-debian-clang 1.0-2 1.59 32.33 33.92 OK
r-devel-linux-x86_64-debian-gcc 1.0-2 1.42 32.96 34.38 OK
r-devel-linux-x86_64-fedora-clang 1.0-2 69.51 OK
r-devel-linux-x86_64-fedora-gcc 1.0-2 66.34 OK
r-devel-osx-x86_64-clang 1.0-2 57.30 OK
r-devel-osx-x86_64-gcc 1.0-2 NOTE
r-devel-windows-ix86+x86_64 1.0-2 5.00 50.00 55.00 OK
r-patched-linux-x86_64 1.0-2 1.41 32.12 33.53 OK
r-patched-solaris-sparc 1.0-2 424.00 OK
r-patched-solaris-x86 1.0-2 85.10 OK
r-release-linux-ix86 1.0-2 2.00 60.00 62.00 OK
r-release-linux-x86_64 1.0-2 1.47 33.25 34.72 OK
r-release-osx-x86_64-mavericks 1.0-2 WARN
r-release-osx-x86_64-snowleopard 1.0-2 OK
r-release-windows-ix86+x86_64 1.0-2 5.00 51.00 56.00 OK
r-oldrel-windows-ix86+x86_64 1.0-2 5.00 57.00 62.00 OK

Check Details

Version: 1.0-2
Check: package dependencies
Result: NOTE
    Packages suggested but not available for checking:
     ‘car’ ‘tseries’ ‘FrF2’ ‘ggplot2’
Flavor: r-devel-osx-x86_64-gcc

Version: 1.0-2
Check: Rd cross-references
Result: NOTE
    Package unavailable to check Rd xrefs: ‘FrF2’
Flavor: r-devel-osx-x86_64-gcc

Version: 1.0-2
Check: PDF version of manual
Result: WARNING
    LaTeX errors when creating PDF version.
    This typically indicates Rd problems.
    LaTeX errors found:
    ! LaTeX Error: File `upquote.sty' not found.
    
    Type X to quit or <RETURN> to proceed,
    or enter new name. (Default extension: sty)
    
    7b70333/Rd2.tex:8: ==> Fatal error occurred, no output PDF file produced!
Flavor: r-release-osx-x86_64-mavericks