CRAN Package Check Results for Package mistat

Last updated on 2014-08-21 03:48:21.

Flavor Version Tinstall Tcheck Ttotal Status Flags
r-devel-linux-x86_64-debian-clang 1.0-2 1.33 30.90 32.24 OK
r-devel-linux-x86_64-debian-gcc 1.0-2 1.30 30.09 31.38 OK
r-devel-linux-x86_64-fedora-clang 1.0-2 65.57 NOTE
r-devel-linux-x86_64-fedora-gcc 1.0-2 61.09 NOTE
r-devel-osx-x86_64-clang 1.0-2 55.11 NOTE
r-devel-windows-ix86+x86_64 1.0-2 5.00 52.00 57.00 OK
r-patched-linux-x86_64 1.0-2 1.33 30.23 31.56 OK
r-patched-solaris-sparc 1.0-2 438.70 OK
r-patched-solaris-x86 1.0-2 83.10 OK
r-release-linux-ix86 1.0-2 1.89 43.38 45.27 OK
r-release-linux-x86_64 1.0-2 1.40 31.11 32.51 OK
r-release-osx-x86_64-mavericks 1.0-2 OK
r-release-osx-x86_64-snowleopard 1.0-2 OK
r-release-windows-ix86+x86_64 1.0-2 5.00 50.00 55.00 OK
r-oldrel-windows-ix86+x86_64 1.0-2 5.00 61.00 66.00 OK

Check Details

Version: 1.0-2
Check: R code for possible problems
Result: NOTE
    availDis: no visible global function definition for ‘boot’
    randomizationTest: no visible global function definition for ‘boot’
Flavors: r-devel-linux-x86_64-fedora-clang, r-devel-linux-x86_64-fedora-gcc, r-devel-osx-x86_64-clang