CRAN Package Check Results for Package mistat

Last updated on 2017-12-11 08:48:46 CET.

Flavor Version Tinstall Tcheck Ttotal Status Flags
r-devel-linux-x86_64-debian-clang 1.0-4 1.40 30.91 32.31 NOTE
r-devel-linux-x86_64-debian-gcc 1.0-4 1.13 28.44 29.57 NOTE
r-devel-linux-x86_64-fedora-clang 1.0-4 43.29 NOTE
r-devel-linux-x86_64-fedora-gcc 1.0-4 42.47 NOTE
r-devel-windows-ix86+x86_64 1.0-4 9.00 46.00 55.00 OK
r-patched-linux-x86_64 1.0-4 1.74 38.48 40.22 NOTE
r-patched-solaris-x86 1.0-4 61.90 OK
r-release-linux-x86_64 1.0-4 1.44 38.36 39.80 NOTE
r-release-windows-ix86+x86_64 1.0-4 5.00 53.00 58.00 OK
r-release-osx-x86_64 1.0-4 OK
r-oldrel-windows-ix86+x86_64 1.0-4 8.00 69.00 77.00 OK
r-oldrel-osx-x86_64 1.0-4 OK

Check Details

Version: 1.0-4
Check: top-level files
Result: NOTE
    Non-standard file/directory found at top level:
     ‘README.html’
Flavors: r-devel-linux-x86_64-debian-clang, r-devel-linux-x86_64-debian-gcc, r-devel-linux-x86_64-fedora-clang, r-devel-linux-x86_64-fedora-gcc, r-patched-linux-x86_64, r-release-linux-x86_64