CRAN Package Check Results for Package mistat

Last updated on 2018-04-21 09:50:05 CEST.

Flavor Version Tinstall Tcheck Ttotal Status Flags
r-devel-linux-x86_64-debian-clang 1.0-5 2.44 35.57 38.01 OK
r-devel-linux-x86_64-debian-gcc 1.0-5 2.05 28.00 30.05 OK
r-devel-linux-x86_64-fedora-clang 1.0-5 45.64 NOTE
r-devel-linux-x86_64-fedora-gcc 1.0-5 43.75 NOTE
r-devel-windows-ix86+x86_64 1.0-5 9.00 47.00 56.00 OK
r-devel-osx-x86_64 1.0-5 NOTE
r-patched-linux-x86_64 1.0-5 2.71 35.11 37.82 OK
r-patched-solaris-x86 1.0-5 65.30 NOTE
r-release-linux-x86_64 1.0-5 1.53 35.62 37.15 OK
r-release-windows-ix86+x86_64 1.0-5 6.00 77.00 83.00 OK
r-release-osx-x86_64 1.0-5 NOTE
r-oldrel-windows-ix86+x86_64 1.0-5 10.00 54.00 64.00 OK

Check Details

Version: 1.0-5
Check: dependencies in R code
Result: NOTE
    Namespace in Imports field not imported from: ‘grDevices’
     All declared Imports should be used.
Flavors: r-devel-linux-x86_64-fedora-clang, r-devel-linux-x86_64-fedora-gcc, r-devel-osx-x86_64, r-patched-solaris-x86, r-release-osx-x86_64