CRAN Package Check Results for Package mistat

Last updated on 2017-03-24 23:55:54.

Flavor Version Tinstall Tcheck Ttotal Status Flags
r-devel-linux-x86_64-debian-clang 1.0-4 1.14 25.73 26.87 NOTE
r-devel-linux-x86_64-debian-gcc 1.0-4 1.22 25.05 26.27 NOTE
r-devel-linux-x86_64-fedora-clang 1.0-4 47.61 NOTE --no-stop-on-test-error
r-devel-linux-x86_64-fedora-gcc 1.0-4 45.35 NOTE --no-stop-on-test-error
r-devel-macos-x86_64-clang 1.0-4 39.38 OK --no-stop-on-test-error
r-patched-linux-x86_64 1.0-4 1.26 28.91 30.17 NOTE
r-patched-solaris-sparc 1.0-4 289.30 OK
r-patched-solaris-x86 1.0-4 61.70 OK
r-release-linux-x86_64 1.0-4 1.05 28.27 29.32 NOTE
r-release-osx-x86_64-mavericks 1.0-4 OK
r-release-windows-ix86+x86_64 1.0-4 8.00 91.00 99.00 OK
r-oldrel-windows-ix86+x86_64 1.0-4 7.00 85.00 92.00 OK

Check Details

Version: 1.0-4
Check: top-level files
Result: NOTE
    Non-standard file/directory found at top level:
     ‘README.html’
Flavors: r-devel-linux-x86_64-debian-clang, r-devel-linux-x86_64-debian-gcc, r-patched-linux-x86_64, r-release-linux-x86_64

Version: 1.0-4
Flags: --no-stop-on-test-error
Check: top-level files
Result: NOTE
    Non-standard file/directory found at top level:
     ‘README.html’
Flavors: r-devel-linux-x86_64-fedora-clang, r-devel-linux-x86_64-fedora-gcc