CRAN Package Check Results for Package mistat

Last updated on 2014-12-22 17:51:28.

Flavor Version Tinstall Tcheck Ttotal Status Flags
r-devel-linux-x86_64-debian-clang 1.0-2 1.34 28.65 29.99 NOTE
r-devel-linux-x86_64-debian-gcc 1.0-2 1.26 29.02 30.28 NOTE
r-devel-linux-x86_64-fedora-clang 1.0-2 63.00 NOTE
r-devel-linux-x86_64-fedora-gcc 1.0-2 61.06 NOTE
r-devel-osx-x86_64-clang 1.0-2 57.03 NOTE
r-devel-windows-ix86+x86_64 1.0-2 6.00 48.00 54.00 NOTE
r-patched-linux-x86_64 1.0-2 1.35 32.10 33.45 NOTE
r-patched-solaris-sparc 1.0-2 414.70 NOTE
r-patched-solaris-x86 1.0-2 80.70 NOTE
r-release-linux-ix86 1.0-2 1.75 39.01 40.76 NOTE
r-release-linux-x86_64 1.0-2 1.45 29.35 30.80 NOTE
r-release-osx-x86_64-mavericks 1.0-2 OK
r-release-osx-x86_64-snowleopard 1.0-2 OK
r-release-windows-ix86+x86_64 1.0-2 6.00 51.00 57.00 NOTE
r-oldrel-windows-ix86+x86_64 1.0-2 6.00 57.00 63.00 OK

Check Details

Version: 1.0-2
Check: R code for possible problems
Result: NOTE
    availDis: no visible global function definition for ‘boot’
    randomizationTest: no visible global function definition for ‘boot’
Flavors: r-devel-linux-x86_64-debian-clang, r-devel-linux-x86_64-debian-gcc, r-devel-linux-x86_64-fedora-clang, r-devel-linux-x86_64-fedora-gcc, r-devel-osx-x86_64-clang, r-devel-windows-ix86+x86_64, r-patched-linux-x86_64, r-patched-solaris-sparc, r-patched-solaris-x86, r-release-linux-ix86, r-release-linux-x86_64, r-release-windows-ix86+x86_64