CRAN Package Check Results for Package mistat

Last updated on 2016-08-31 23:47:56.

Flavor Version Tinstall Tcheck Ttotal Status Flags
r-devel-linux-x86_64-debian-clang 1.0-4 1.10 29.45 30.55 NOTE
r-devel-linux-x86_64-debian-gcc 1.0-4 1.14 27.79 28.94 NOTE
r-devel-linux-x86_64-fedora-clang 1.0-4 57.47 NOTE
r-devel-linux-x86_64-fedora-gcc 1.0-4 52.44 NOTE
r-devel-osx-x86_64-clang 1.0-4 46.71 OK
r-devel-windows-ix86+x86_64 1.0-4 9.00 80.00 89.00 OK
r-patched-linux-x86_64 1.0-4 1.05 28.07 29.12 NOTE
r-patched-solaris-sparc 1.0-4 372.60 OK
r-patched-solaris-x86 1.0-4 66.50 OK
r-release-linux-x86_64 1.0-4 1.14 27.64 28.78 NOTE
r-release-osx-x86_64-mavericks 1.0-4 OK
r-release-windows-ix86+x86_64 1.0-4 9.00 72.00 81.00 OK
r-oldrel-windows-ix86+x86_64 1.0-4 13.00 74.00 87.00 OK

Check Details

Version: 1.0-4
Check: top-level files
Result: NOTE
    Non-standard file/directory found at top level:
     ‘README.html’
Flavors: r-devel-linux-x86_64-debian-clang, r-devel-linux-x86_64-debian-gcc, r-devel-linux-x86_64-fedora-clang, r-devel-linux-x86_64-fedora-gcc, r-patched-linux-x86_64, r-release-linux-x86_64