CRAN Package Check Results for Package mistat

Last updated on 2014-11-27 03:47:47.

Flavor Version Tinstall Tcheck Ttotal Status Flags
r-devel-linux-x86_64-debian-clang 1.0-2 1.31 30.52 31.83 NOTE
r-devel-linux-x86_64-debian-gcc 1.0-2 1.28 28.74 30.02 NOTE
r-devel-linux-x86_64-fedora-clang 1.0-2 64.47 NOTE
r-devel-linux-x86_64-fedora-gcc 1.0-2 63.48 NOTE
r-devel-osx-x86_64-clang 1.0-2 56.96 NOTE
r-devel-windows-ix86+x86_64 1.0-2 5.00 49.00 54.00 NOTE
r-patched-linux-x86_64 1.0-2 1.44 29.94 31.38 NOTE
r-patched-solaris-sparc 1.0-2 412.00 NOTE
r-patched-solaris-x86 1.0-2 79.20 NOTE
r-release-linux-ix86 1.0-2 1.77 41.61 43.38 NOTE
r-release-linux-x86_64 1.0-2 1.36 29.45 30.81 NOTE
r-release-osx-x86_64-mavericks 1.0-2 OK
r-release-osx-x86_64-snowleopard 1.0-2 OK
r-release-windows-ix86+x86_64 1.0-2 5.00 52.00 57.00 NOTE
r-oldrel-windows-ix86+x86_64 1.0-2 5.00 57.00 62.00 OK

Check Details

Version: 1.0-2
Check: R code for possible problems
Result: NOTE
    availDis: no visible global function definition for ‘boot’
    randomizationTest: no visible global function definition for ‘boot’
Flavors: r-devel-linux-x86_64-debian-clang, r-devel-linux-x86_64-debian-gcc, r-devel-linux-x86_64-fedora-clang, r-devel-linux-x86_64-fedora-gcc, r-devel-osx-x86_64-clang, r-devel-windows-ix86+x86_64, r-patched-linux-x86_64, r-patched-solaris-sparc, r-patched-solaris-x86, r-release-linux-ix86, r-release-linux-x86_64, r-release-windows-ix86+x86_64