CRAN Package Check Results for Package mistat

Last updated on 2015-04-20 02:48:38.

Flavor Version Tinstall Tcheck Ttotal Status Flags
r-devel-linux-x86_64-debian-clang 1.0-2 1.16 27.58 28.74 NOTE
r-devel-linux-x86_64-debian-gcc 1.0-2 1.10 26.64 27.75 NOTE
r-devel-linux-x86_64-fedora-clang 1.0-2 56.08 NOTE
r-devel-linux-x86_64-fedora-gcc 1.0-2 56.01 NOTE
r-devel-osx-x86_64-clang 1.0-2 52.95 NOTE
r-devel-windows-ix86+x86_64 1.0-2 8.00 63.00 71.00 NOTE
r-patched-linux-x86_64 1.0-2 1.13 26.56 27.69 NOTE
r-patched-solaris-sparc 1.0-2 408.70 NOTE
r-patched-solaris-x86 1.0-2 71.90 NOTE
r-release-linux-x86_64 1.0-2 1.11 26.29 27.40 NOTE
r-release-osx-x86_64-mavericks 1.0-2 ERROR
r-release-osx-x86_64-snowleopard 1.0-2 NOTE
r-release-windows-ix86+x86_64 1.0-2 3.00 41.00 44.00 NOTE
r-oldrel-windows-ix86+x86_64 1.0-2 6.00 43.00 49.00 NOTE

Check Details

Version: 1.0-2
Check: dependencies in R code
Result: NOTE
    'library' or 'require' call to ‘boot’ in package code.
     Please use :: or requireNamespace() instead.
     See section 'Suggested packages' in the 'Writing R Extensions' manual.
Flavors: r-devel-linux-x86_64-debian-clang, r-devel-linux-x86_64-debian-gcc, r-devel-linux-x86_64-fedora-clang, r-devel-linux-x86_64-fedora-gcc, r-devel-osx-x86_64-clang, r-devel-windows-ix86+x86_64, r-patched-linux-x86_64, r-patched-solaris-sparc, r-patched-solaris-x86, r-release-linux-x86_64, r-release-osx-x86_64-mavericks, r-release-osx-x86_64-snowleopard, r-release-windows-ix86+x86_64, r-oldrel-windows-ix86+x86_64

Version: 1.0-2
Check: R code for possible problems
Result: NOTE
    availDis: no visible global function definition for ‘boot’
    randomizationTest: no visible global function definition for ‘boot’
Flavors: r-devel-linux-x86_64-debian-clang, r-devel-linux-x86_64-debian-gcc, r-devel-linux-x86_64-fedora-clang, r-devel-linux-x86_64-fedora-gcc, r-devel-osx-x86_64-clang, r-devel-windows-ix86+x86_64, r-patched-linux-x86_64, r-patched-solaris-sparc, r-patched-solaris-x86, r-release-linux-x86_64, r-release-osx-x86_64-mavericks, r-release-osx-x86_64-snowleopard, r-release-windows-ix86+x86_64, r-oldrel-windows-ix86+x86_64

Version: 1.0-2
Check: package dependencies
Result: NOTE
    Packages suggested but not available for checking:
     ‘car’ ‘tseries’ ‘DiceView’
Flavor: r-release-osx-x86_64-mavericks

Version: 1.0-2
Check: examples
Result: ERROR
    Running examples in ‘mistat-Ex.R’ failed
    The error most likely occurred in:
    
    > ### Name: LATHYPPISTON
    > ### Title: Latin Hypercube Design for the Piston Simulator
    > ### Aliases: LATHYPPISTON
    > ### Keywords: datasets
    >
    > ### ** Examples
    >
    > data(LATHYPPISTON)
    >
    > library(DiceEval)
    Loading required package: DiceKriging
    >
    > library(DiceView)
    Error in library(DiceView) : there is no package called ‘DiceView’
    Execution halted
Flavor: r-release-osx-x86_64-mavericks

Version: 1.0-2
Check: package dependencies
Result: NOTE
    Packages suggested but not available for checking:
     ‘car’ ‘tseries’ ‘FrF2’ ‘ggplot2’
Flavor: r-release-osx-x86_64-snowleopard

Version: 1.0-2
Check: Rd cross-references
Result: NOTE
    Package unavailable to check Rd xrefs: ‘FrF2’
Flavor: r-release-osx-x86_64-snowleopard