CRAN Package Check Results for Package mistat

Last updated on 2017-02-24 10:47:44.

Flavor Version Tinstall Tcheck Ttotal Status Flags
r-devel-linux-x86_64-debian-clang 1.0-4 1.13 25.22 26.35 NOTE
r-devel-linux-x86_64-debian-gcc 1.0-4 1.22 25.44 26.66 NOTE
r-devel-linux-x86_64-fedora-clang 1.0-4 52.10 NOTE --no-stop-on-test-error
r-devel-linux-x86_64-fedora-gcc 1.0-4 45.59 NOTE --no-stop-on-test-error
r-devel-macos-x86_64-clang 1.0-4 39.89 OK --no-stop-on-test-error
r-devel-windows-ix86+x86_64 1.0-4 15.00 63.00 78.00 OK
r-patched-linux-x86_64 1.0-4 1.08 28.25 29.33 NOTE
r-patched-solaris-sparc 1.0-4 381.50 OK
r-patched-solaris-x86 1.0-4 70.80 OK
r-release-linux-x86_64 1.0-4 1.18 28.12 29.30 NOTE
r-release-osx-x86_64-mavericks 1.0-4 OK
r-release-windows-ix86+x86_64 1.0-4 16.00 115.00 131.00 OK
r-oldrel-windows-ix86+x86_64 1.0-4 13.00 82.00 95.00 OK

Check Details

Version: 1.0-4
Check: top-level files
Result: NOTE
    Non-standard file/directory found at top level:
     ‘README.html’
Flavors: r-devel-linux-x86_64-debian-clang, r-devel-linux-x86_64-debian-gcc, r-patched-linux-x86_64, r-release-linux-x86_64

Version: 1.0-4
Flags: --no-stop-on-test-error
Check: top-level files
Result: NOTE
    Non-standard file/directory found at top level:
     ‘README.html’
Flavors: r-devel-linux-x86_64-fedora-clang, r-devel-linux-x86_64-fedora-gcc