CRAN Package Check Results for Package mistral

Last updated on 2017-11-18 06:47:09.

Flavor Version Tinstall Tcheck Ttotal Status Flags
r-devel-linux-x86_64-debian-clang 2.1.0 3.31 62.45 65.76 OK
r-devel-linux-x86_64-debian-gcc 2.1.0 3.72 71.22 74.95 OK
r-devel-linux-x86_64-fedora-clang 2.1.0 138.18 OK
r-devel-linux-x86_64-fedora-gcc 2.1.0 137.62 OK
r-devel-windows-ix86+x86_64 2.1.0 13.00 151.00 164.00 OK
r-patched-linux-x86_64 2.1.0 3.44 65.74 69.18 OK
r-patched-solaris-x86 2.1.0 191.50 NOTE
r-release-linux-x86_64 2.1.0 3.26 65.66 68.91 OK
r-release-windows-ix86+x86_64 2.1.0 16.00 145.00 161.00 OK
r-release-osx-x86_64 2.1.0 OK
r-oldrel-windows-ix86+x86_64 2.1.0 8.00 154.00 162.00 OK
r-oldrel-osx-x86_64 2.1.0 OK

Check Details

Version: 2.1.0
Check: package dependencies
Result: NOTE
    Package suggested but not available for checking: ‘microbenchmark’
Flavor: r-patched-solaris-x86