CRAN Package Check Results for Package mistral

Last updated on 2022-12-09 20:51:19 CET.

Flavor Version Tinstall Tcheck Ttotal Status Flags
r-devel-linux-x86_64-debian-clang 2.2.1 35.43 507.89 543.32 NOTE
r-devel-linux-x86_64-debian-gcc 2.2.1 29.20 461.19 490.39 NOTE
r-devel-linux-x86_64-fedora-clang 2.2.1 861.01 NOTE
r-devel-linux-x86_64-fedora-gcc 2.2.1 651.00 NOTE
r-devel-windows-x86_64 2.2.1 58.00 670.00 728.00 NOTE
r-patched-linux-x86_64 2.2.1 35.54 431.50 467.04 OK
r-release-linux-x86_64 2.2.1 37.24 581.46 618.70 OK
r-release-macos-arm64 2.2.1 244.00 OK
r-release-macos-x86_64 2.2.1 404.00 OK
r-release-windows-x86_64 2.2.1 59.00 648.00 707.00 OK
r-oldrel-macos-arm64 2.2.1 245.00 OK
r-oldrel-macos-x86_64 2.2.1 356.00 OK
r-oldrel-windows-ix86+x86_64 2.2.1 81.00 658.00 739.00 OK

Check Details

Version: 2.2.1
Check: Rd files
Result: NOTE
    checkRd: (-1) AKMCS.Rd:215: Escaped LaTeX specials: \&
    checkRd: (-1) BMP.Rd:164: Escaped LaTeX specials: \&
    checkRd: (-1) IRW.Rd:144: Escaped LaTeX specials: \&
    checkRd: (-1) IRW.Rd:151: Escaped LaTeX specials: \&
    checkRd: (-1) MP.Rd:142: Escaped LaTeX specials: \&
    checkRd: (-1) MetropolisHastings.Rd:58: Escaped LaTeX specials: \&
    checkRd: (-1) SubsetSimulation.Rd:152: Escaped LaTeX specials: \&
    checkRd: (-1) oscillator_d6.Rd:14: Escaped LaTeX specials: \&
Flavors: r-devel-linux-x86_64-debian-clang, r-devel-linux-x86_64-debian-gcc, r-devel-linux-x86_64-fedora-clang, r-devel-linux-x86_64-fedora-gcc, r-devel-windows-x86_64