CRAN Package Check Results for Package mitml

Last updated on 2023-09-30 09:08:59 CEST.

Flavor Version Tinstall Tcheck Ttotal Status Flags
r-devel-linux-x86_64-debian-clang 0.4-5 17.82 210.65 228.47 OK
r-devel-linux-x86_64-debian-gcc 0.4-5 12.91 151.05 163.96 OK
r-devel-linux-x86_64-fedora-clang 0.4-5 276.78 OK
r-devel-linux-x86_64-fedora-gcc 0.4-5 294.99 OK
r-devel-windows-x86_64 0.4-5 15.00 170.00 185.00 OK
r-patched-linux-x86_64 0.4-5 17.52 196.49 214.01 OK
r-release-linux-x86_64 0.4-5 16.56 195.77 212.33 OK
r-release-macos-arm64 0.4-5 93.00 OK
r-release-macos-x86_64 0.4-5 119.00 NOTE
r-release-windows-x86_64 0.4-5 21.00 207.00 228.00 OK
r-oldrel-macos-arm64 0.4-5 62.00 OK
r-oldrel-macos-x86_64 0.4-5 97.00 OK
r-oldrel-windows-x86_64 0.4-5 21.00 240.00 261.00 OK

Check Details

Version: 0.4-5
Check: package dependencies
Result: NOTE
    Package suggested but not available for checking: ‘glmmTMB’
Flavor: r-release-macos-x86_64