CRAN Package Check Results for Package mitools

Last updated on 2015-09-02 23:46:59.

Flavor Version Tinstall Tcheck Ttotal Status Flags
r-devel-linux-x86_64-debian-clang 2.3 0.52 11.82 12.34 NOTE
r-devel-linux-x86_64-debian-gcc 2.3 0.51 10.98 11.50 NOTE
r-devel-linux-x86_64-fedora-clang 2.3 21.73 NOTE
r-devel-linux-x86_64-fedora-gcc 2.3 21.37 NOTE
r-devel-osx-x86_64-clang 2.3 23.28 OK
r-devel-windows-ix86+x86_64 2.3 4.00 26.00 30.00 NOTE
r-patched-linux-x86_64 2.3 0.56 11.41 11.97 OK
r-patched-solaris-sparc 2.3 149.70 OK
r-patched-solaris-x86 2.3 33.70 OK
r-release-linux-x86_64 2.3 0.62 11.55 12.18 OK
r-release-osx-x86_64-mavericks 2.3 NOTE
r-release-windows-ix86+x86_64 2.3 4.00 31.00 35.00 OK
r-oldrel-windows-ix86+x86_64 2.3 5.00 25.00 30.00 OK

Check Details

Version: 2.3
Check: R code for possible problems
Result: NOTE
    MIcombine.default: no visible binding for global variable ‘vcov’
    MIcombine.default: no visible binding for global variable ‘coef’
    MIcombine.default: no visible global function definition for ‘var’
    MIcombine.imputationResultList: no visible binding for global variable
     ‘vcov’
    MIcombine.imputationResultList: no visible binding for global variable
     ‘coef’
    close.DBimputationList: no visible global function definition for ‘is’
    getvars: no visible global function definition for ‘is’
    print.MIresult: no visible global function definition for ‘coef’
    print.MIresult: no visible global function definition for ‘vcov’
    summary.MIresult: no visible global function definition for ‘coef’
    summary.MIresult: no visible global function definition for ‘vcov’
    summary.MIresult: no visible global function definition for ‘qt’
    Undefined global functions or variables:
     coef is qt var vcov
    Consider adding
     importFrom("methods", "is")
     importFrom("stats", "coef", "qt", "var", "vcov")
    to your NAMESPACE (and ensure that your DESCRIPTION Imports field
    contains 'methods').
Flavors: r-devel-linux-x86_64-debian-clang, r-devel-linux-x86_64-debian-gcc, r-devel-linux-x86_64-fedora-clang, r-devel-linux-x86_64-fedora-gcc, r-devel-windows-ix86+x86_64

Version: 2.3
Check: package dependencies
Result: NOTE
    Package suggested but not available for checking: ‘RODBC’
Flavor: r-release-osx-x86_64-mavericks