CRAN Package Check Results for Package mitools

Last updated on 2015-01-26 03:52:28.

Flavor Version Tinstall Tcheck Ttotal Status Flags
r-devel-linux-x86_64-debian-clang 2.3 0.59 11.95 12.54 OK
r-devel-linux-x86_64-debian-gcc 2.3 0.57 12.29 12.86 OK
r-devel-linux-x86_64-fedora-clang 2.3 26.87 OK
r-devel-linux-x86_64-fedora-gcc 2.3 25.58 OK
r-devel-osx-x86_64-clang 2.3 32.35 OK
r-devel-windows-ix86+x86_64 2.3 3.00 20.00 23.00 OK
r-patched-linux-x86_64 2.3 0.62 12.43 13.05 OK
r-patched-solaris-sparc 2.3 168.60 OK
r-patched-solaris-x86 2.3 36.60 OK
r-release-linux-ix86 2.3 0.91 19.07 19.98 OK
r-release-linux-x86_64 2.3 0.62 12.56 13.18 OK
r-release-osx-x86_64-mavericks 2.3 NOTE
r-release-osx-x86_64-snowleopard 2.3 OK
r-release-windows-ix86+x86_64 2.3 3.00 21.00 24.00 OK
r-oldrel-windows-ix86+x86_64 2.3 3.00 21.00 24.00 OK

Check Details

Version: 2.3
Check: package dependencies
Result: NOTE
    Package suggested but not available for checking: ‘RODBC’
Flavor: r-release-osx-x86_64-mavericks