CRAN Package Check Results for Package mitools

Last updated on 2014-08-27 18:48:25.

Flavor Version Tinstall Tcheck Ttotal Status Flags
r-devel-linux-x86_64-debian-clang 2.2 0.56 10.21 10.77 NOTE
r-devel-linux-x86_64-debian-gcc 2.2 0.55 9.89 10.44 NOTE
r-devel-linux-x86_64-fedora-clang 2.2 22.24 NOTE
r-devel-linux-x86_64-fedora-gcc 2.2 21.21 NOTE
r-devel-osx-x86_64-clang 2.2 23.58 NOTE
r-devel-windows-ix86+x86_64 2.2 3.00 19.00 22.00 NOTE
r-patched-linux-x86_64 2.2 0.60 11.16 11.77 NOTE
r-patched-solaris-sparc 2.2 137.70 NOTE
r-patched-solaris-x86 2.2 33.30 NOTE
r-release-linux-ix86 2.2 0.90 17.43 18.33 NOTE
r-release-linux-x86_64 2.2 0.60 10.65 11.24 NOTE
r-release-osx-x86_64-mavericks 2.2 NOTE
r-release-windows-ix86+x86_64 2.2 4.00 18.00 22.00 NOTE
r-oldrel-windows-ix86+x86_64 2.2 3.00 21.00 24.00 NOTE

Check Details

Version: 2.2
Check: dependencies in R code
Result: NOTE
    Package in Depends field not imported from: ‘foreign’
     These packages need to be imported from (in the NAMESPACE file)
     for when this namespace is loaded but not attached.
    See the information on DESCRIPTION files in the chapter ‘Creating R
    packages’ of the ‘Writing R Extensions’ manual.
Flavors: r-devel-linux-x86_64-debian-clang, r-devel-linux-x86_64-debian-gcc, r-devel-linux-x86_64-fedora-clang, r-devel-linux-x86_64-fedora-gcc, r-devel-osx-x86_64-clang, r-devel-windows-ix86+x86_64, r-patched-linux-x86_64, r-patched-solaris-sparc, r-patched-solaris-x86, r-release-linux-ix86, r-release-linux-x86_64, r-release-osx-x86_64-mavericks, r-release-windows-ix86+x86_64, r-oldrel-windows-ix86+x86_64

Version: 2.2
Check: R code for possible problems
Result: NOTE
    close.DBimputationList: no visible global function definition for
     ‘dbDisconnect’
    getvars: no visible global function definition for ‘dbGetQuery’
    getvars: no visible global function definition for ‘sqlQuery’
    imputationList.character: no visible global function definition for
     ‘odbcConnect’
    imputationList.character: no visible global function definition for
     ‘dbDriver’
    imputationList.character: no visible global function definition for
     ‘dbConnect’
    open.DBimputationList: no visible global function definition for
     ‘odbcReConnect’
    open.DBimputationList: no visible global function definition for
     ‘dbDriver’
    open.DBimputationList: no visible global function definition for
     ‘dbConnect’
Flavors: r-devel-linux-x86_64-debian-clang, r-devel-linux-x86_64-debian-gcc, r-devel-linux-x86_64-fedora-clang, r-devel-linux-x86_64-fedora-gcc, r-devel-osx-x86_64-clang, r-devel-windows-ix86+x86_64

Version: 2.2
Check: for old-style vignette sources
Result: NOTE
    Vignette sources only in ‘inst/doc’:
     ‘smi.Rnw’
    A ‘vignettes’ directory is required as from R 3.1.0
    and these will not be indexed nor checked
Flavors: r-devel-linux-x86_64-debian-clang, r-devel-linux-x86_64-debian-gcc, r-devel-linux-x86_64-fedora-clang, r-devel-linux-x86_64-fedora-gcc, r-devel-osx-x86_64-clang, r-devel-windows-ix86+x86_64, r-patched-linux-x86_64, r-patched-solaris-sparc, r-patched-solaris-x86, r-release-linux-ix86, r-release-linux-x86_64, r-release-osx-x86_64-mavericks, r-release-windows-ix86+x86_64

Version: 2.2
Check: package dependencies
Result: NOTE
    Package suggested but not available for checking: ‘RODBC’
Flavor: r-release-osx-x86_64-mavericks

Version: 2.2
Check: R code for possible problems
Result: NOTE
    getvars: no visible global function definition for ‘sqlQuery’
    imputationList.character: no visible global function definition for
     ‘odbcConnect’
    open.DBimputationList: no visible global function definition for
     ‘odbcReConnect’
Flavor: r-release-osx-x86_64-mavericks

Version: 2.2
Check: for old-style vignette sources
Result: NOTE
    Vignette sources only in 'inst/doc':
     'smi.Rnw'
    A 'vignettes' directory will be required as from R 3.1.0
Flavor: r-oldrel-windows-ix86+x86_64