CRAN Package Check Results for Package mitools

Last updated on 2016-06-25 11:49:14.

Flavor Version Tinstall Tcheck Ttotal Status Flags
r-devel-linux-x86_64-debian-gcc 2.3 0.69 12.19 12.87 NOTE
r-devel-linux-x86_64-fedora-clang 2.3 19.92 NOTE
r-devel-linux-x86_64-fedora-gcc 2.3 18.54 NOTE
r-devel-osx-x86_64-clang 2.3 18.49 NOTE
r-devel-windows-ix86+x86_64 2.3 5.00 30.00 35.00 NOTE
r-patched-linux-x86_64 2.3 0.74 11.98 12.72 NOTE
r-patched-solaris-sparc 2.3 127.10 NOTE
r-patched-solaris-x86 2.3 29.50 NOTE
r-release-linux-x86_64 2.3 0.62 11.86 12.48 NOTE
r-release-osx-x86_64-mavericks 2.3 NOTE
r-release-windows-ix86+x86_64 2.3 4.00 28.00 32.00 NOTE
r-oldrel-windows-ix86+x86_64 2.3 5.00 39.00 44.00 OK

Check Details

Version: 2.3
Check: R code for possible problems
Result: NOTE
    MIcombine.default: no visible binding for global variable ‘vcov’
    MIcombine.default: no visible binding for global variable ‘coef’
    MIcombine.default: no visible global function definition for ‘var’
    MIcombine.imputationResultList: no visible binding for global variable
     ‘vcov’
    MIcombine.imputationResultList: no visible binding for global variable
     ‘coef’
    close.DBimputationList: no visible global function definition for ‘is’
    getvars: no visible global function definition for ‘is’
    print.MIresult: no visible global function definition for ‘coef’
    print.MIresult: no visible global function definition for ‘vcov’
    summary.MIresult: no visible global function definition for ‘coef’
    summary.MIresult: no visible global function definition for ‘vcov’
    summary.MIresult: no visible global function definition for ‘qt’
    Undefined global functions or variables:
     coef is qt var vcov
    Consider adding
     importFrom("methods", "is")
     importFrom("stats", "coef", "qt", "var", "vcov")
    to your NAMESPACE file (and ensure that your DESCRIPTION Imports field
    contains 'methods').
Flavors: r-devel-linux-x86_64-debian-gcc, r-devel-linux-x86_64-fedora-clang, r-devel-linux-x86_64-fedora-gcc, r-devel-osx-x86_64-clang, r-devel-windows-ix86+x86_64, r-patched-linux-x86_64, r-patched-solaris-sparc, r-patched-solaris-x86, r-release-linux-x86_64, r-release-osx-x86_64-mavericks, r-release-windows-ix86+x86_64

Version: 2.3
Check: package dependencies
Result: NOTE
    Package suggested but not available for checking: ‘RODBC’
Flavor: r-release-osx-x86_64-mavericks