CRAN Package Check Results for Package mitools

Last updated on 2014-07-26 03:50:08.

Flavor Version Tinstall Tcheck Ttotal Status Flags
r-devel-linux-x86_64-debian-clang 2.2 0.57 10.63 11.20 NOTE
r-devel-linux-x86_64-debian-gcc 2.2 0.56 10.25 10.80 NOTE
r-devel-linux-x86_64-fedora-clang 2.2 23.47 NOTE
r-devel-linux-x86_64-fedora-gcc 2.2 20.97 NOTE
r-devel-osx-x86_64-clang 2.2 24.43 NOTE
r-devel-windows-ix86+x86_64 2.2 3.00 18.00 21.00 NOTE
r-patched-linux-x86_64 2.2 0.58 10.54 11.12 NOTE
r-patched-solaris-sparc 2.2 131.10 NOTE
r-patched-solaris-x86 2.2 33.30 NOTE
r-release-linux-ix86 2.2 0.90 17.44 18.35 NOTE
r-release-linux-x86_64 2.2 0.71 10.95 11.66 NOTE
r-release-osx-x86_64-mavericks 2.2 NOTE
r-release-windows-ix86+x86_64 2.2 4.00 18.00 22.00 NOTE
r-oldrel-windows-ix86+x86_64 2.2 3.00 21.00 24.00 NOTE

Check Details

Version: 2.2
Check: dependencies in R code
Result: NOTE
    Package in Depends field not imported from: ‘foreign’
     These packages need to be imported from (in the NAMESPACE file)
     for when this namespace is loaded but not attached.
    See the information on DESCRIPTION files in the chapter ‘Creating R
    packages’ of the ‘Writing R Extensions’ manual.
Flavors: r-devel-linux-x86_64-debian-clang, r-devel-linux-x86_64-debian-gcc, r-devel-linux-x86_64-fedora-clang, r-devel-linux-x86_64-fedora-gcc, r-devel-osx-x86_64-clang, r-devel-windows-ix86+x86_64, r-patched-linux-x86_64, r-patched-solaris-sparc, r-patched-solaris-x86, r-release-linux-ix86, r-release-linux-x86_64, r-release-osx-x86_64-mavericks, r-release-windows-ix86+x86_64, r-oldrel-windows-ix86+x86_64

Version: 2.2
Check: for old-style vignette sources
Result: NOTE
    Vignette sources only in ‘inst/doc’:
     ‘smi.Rnw’
    A ‘vignettes’ directory is required as from R 3.1.0
    and these will not be indexed nor checked
Flavors: r-devel-linux-x86_64-debian-clang, r-devel-linux-x86_64-debian-gcc, r-devel-linux-x86_64-fedora-clang, r-devel-linux-x86_64-fedora-gcc, r-devel-osx-x86_64-clang, r-devel-windows-ix86+x86_64, r-patched-linux-x86_64, r-patched-solaris-sparc, r-patched-solaris-x86, r-release-linux-ix86, r-release-linux-x86_64, r-release-osx-x86_64-mavericks, r-release-windows-ix86+x86_64

Version: 2.2
Check: package dependencies
Result: NOTE
    Package suggested but not available for checking: ‘RODBC’
Flavor: r-release-osx-x86_64-mavericks

Version: 2.2
Check: R code for possible problems
Result: NOTE
    getvars: no visible global function definition for ‘sqlQuery’
    imputationList.character: no visible global function definition for
     ‘odbcConnect’
    open.DBimputationList: no visible global function definition for
     ‘odbcReConnect’
Flavor: r-release-osx-x86_64-mavericks

Version: 2.2
Check: for old-style vignette sources
Result: NOTE
    Vignette sources only in 'inst/doc':
     'smi.Rnw'
    A 'vignettes' directory will be required as from R 3.1.0
Flavor: r-oldrel-windows-ix86+x86_64