CRAN Package Check Results for Package mitools

Last updated on 2015-03-01 00:49:42.

Flavor Version Tinstall Tcheck Ttotal Status Flags
r-devel-linux-x86_64-debian-clang 2.3 0.68 11.43 12.12 OK
r-devel-linux-x86_64-debian-gcc 2.3 0.54 11.36 11.90 OK
r-devel-linux-x86_64-fedora-clang 2.3 23.49 OK
r-devel-linux-x86_64-fedora-gcc 2.3 22.22 OK
r-devel-osx-x86_64-clang 2.3 28.57 OK
r-devel-windows-ix86+x86_64 2.3 3.00 20.00 23.00 OK
r-patched-linux-x86_64 2.3 0.60 12.54 13.14 OK
r-patched-solaris-sparc 2.3 168.60 OK
r-patched-solaris-x86 2.3 37.90 OK
r-release-linux-ix86 2.3 0.93 19.96 20.89 OK
r-release-linux-x86_64 2.3 0.60 12.78 13.38 OK
r-release-osx-x86_64-mavericks 2.3 NOTE
r-release-osx-x86_64-snowleopard 2.3 OK
r-release-windows-ix86+x86_64 2.3 3.00 24.00 27.00 OK
r-oldrel-windows-ix86+x86_64 2.3 3.00 39.00 42.00 OK

Check Details

Version: 2.3
Check: package dependencies
Result: NOTE
    Package suggested but not available for checking: ‘RODBC’
Flavor: r-release-osx-x86_64-mavericks