CRAN Package Check Results for Package mitools

Last updated on 2014-10-30 18:47:50.

Flavor Version Tinstall Tcheck Ttotal Status Flags
r-devel-linux-x86_64-debian-clang 2.3 0.64 12.52 13.16 OK
r-devel-linux-x86_64-debian-gcc 2.3 0.57 12.06 12.64 OK
r-devel-linux-x86_64-fedora-clang 2.3 25.11 OK
r-devel-linux-x86_64-fedora-gcc 2.3 24.51 OK
r-devel-osx-x86_64-clang 2.3 29.75 OK
r-devel-windows-ix86+x86_64 2.3 2.00 21.00 23.00 OK
r-patched-linux-x86_64 2.3 0.61 12.32 12.94 OK
r-patched-solaris-sparc 2.3 132.80 OK
r-patched-solaris-x86 2.3 36.40 OK
r-release-linux-ix86 2.3 0.91 20.17 21.08 OK
r-release-linux-x86_64 2.3 0.70 12.74 13.44 OK
r-release-osx-x86_64-mavericks 2.3 NOTE
r-release-osx-x86_64-snowleopard 2.3 OK
r-release-windows-ix86+x86_64 2.3 3.00 21.00 24.00 OK
r-oldrel-windows-ix86+x86_64 2.3 2.00 22.00 24.00 OK

Check Details

Version: 2.3
Check: package dependencies
Result: NOTE
    Package suggested but not available for checking: ‘RODBC’
Flavor: r-release-osx-x86_64-mavericks