CRAN Package Check Results for Package mitools

Last updated on 2014-11-24 00:47:47.

Flavor Version Tinstall Tcheck Ttotal Status Flags
r-devel-linux-x86_64-debian-clang 2.3 0.61 12.71 13.32 OK
r-devel-linux-x86_64-debian-gcc 2.3 0.58 12.42 13.00 OK
r-devel-linux-x86_64-fedora-clang 2.3 26.34 OK
r-devel-linux-x86_64-fedora-gcc 2.3 25.19 OK
r-devel-osx-x86_64-clang 2.3 29.70 OK
r-devel-windows-ix86+x86_64 2.3 3.00 21.00 24.00 OK
r-patched-linux-x86_64 2.3 0.62 12.36 12.98 OK
r-patched-solaris-sparc 2.3 132.80 OK
r-patched-solaris-x86 2.3 36.20 OK
r-release-linux-ix86 2.3 0.92 18.95 19.88 OK
r-release-linux-x86_64 2.3 0.63 12.24 12.88 OK
r-release-osx-x86_64-mavericks 2.3 NOTE
r-release-osx-x86_64-snowleopard 2.3 OK
r-release-windows-ix86+x86_64 2.3 2.00 23.00 25.00 OK
r-oldrel-windows-ix86+x86_64 2.3 2.00 24.00 26.00 OK

Check Details

Version: 2.3
Check: package dependencies
Result: NOTE
    Package suggested but not available for checking: ‘RODBC’
Flavor: r-release-osx-x86_64-mavericks