CRAN Package Check Results for Package mitools

Last updated on 2021-11-27 23:51:29 CET.

Flavor Version Tinstall Tcheck Ttotal Status Flags
r-devel-linux-x86_64-debian-clang 2.4 OK
r-devel-linux-x86_64-debian-gcc 2.4 2.22 27.68 29.90 OK
r-devel-linux-x86_64-fedora-clang 2.4 57.42 OK
r-devel-linux-x86_64-fedora-gcc 2.4 46.97 OK
r-devel-windows-x86_64-new-UL 2.4 8.00 78.00 86.00 OK
r-devel-windows-x86_64-new-TK 2.4 OK
r-devel-windows-x86_64-old 2.4 5.00 61.00 66.00 OK
r-patched-linux-x86_64 2.4 3.26 34.20 37.46 OK
r-patched-solaris-x86 2.4 72.00 OK
r-release-linux-x86_64 2.4 OK
r-release-macos-arm64 2.4 NOTE
r-release-macos-x86_64 2.4 OK
r-release-windows-ix86+x86_64 2.4 6.00 38.00 44.00 OK
r-oldrel-macos-x86_64 2.4 OK
r-oldrel-windows-ix86+x86_64 2.4 6.00 55.00 61.00 OK

Check Details

Version: 2.4
Check: package dependencies
Result: NOTE
    Package suggested but not available for checking: ‘RODBC’
Flavor: r-release-macos-arm64