CRAN Package Check Results for Package mitools

Last updated on 2014-12-20 11:49:55.

Flavor Version Tinstall Tcheck Ttotal Status Flags
r-devel-linux-x86_64-debian-clang 2.3 0.61 12.43 13.04 OK
r-devel-linux-x86_64-debian-gcc 2.3 0.58 11.94 12.52 OK
r-devel-linux-x86_64-fedora-clang 2.3 27.57 OK
r-devel-linux-x86_64-fedora-gcc 2.3 24.90 OK
r-devel-osx-x86_64-clang 2.3 29.11 OK
r-devel-windows-ix86+x86_64 2.3 2.00 23.00 25.00 OK
r-patched-linux-x86_64 2.3 0.62 12.25 12.87 OK
r-patched-solaris-sparc 2.3 132.80 OK
r-patched-solaris-x86 2.3 36.50 OK
r-release-linux-ix86 2.3 0.94 19.06 19.99 OK
r-release-linux-x86_64 2.3 0.62 12.85 13.47 OK
r-release-osx-x86_64-mavericks 2.3 NOTE
r-release-osx-x86_64-snowleopard 2.3 OK
r-release-windows-ix86+x86_64 2.3 3.00 22.00 25.00 OK
r-oldrel-windows-ix86+x86_64 2.3 3.00 24.00 27.00 OK

Check Details

Version: 2.3
Check: package dependencies
Result: NOTE
    Package suggested but not available for checking: ‘RODBC’
Flavor: r-release-osx-x86_64-mavericks