CRAN Package Check Results for Package mitools

Last updated on 2014-04-18 01:47:48.

Flavor Version Tinstall Tcheck Ttotal Status Flags
r-devel-linux-x86_64-debian-clang 2.2 0.61 10.76 11.37 NOTE
r-devel-linux-x86_64-debian-gcc 2.2 0.66 11.35 12.01 NOTE
r-devel-linux-x86_64-fedora-clang 2.2 22.88 NOTE
r-devel-linux-x86_64-fedora-gcc 2.2 22.23 NOTE
r-devel-macosx-x86_64-clang 2.2 25.75 NOTE
r-devel-macosx-x86_64-gcc 2.2 NOTE
r-devel-windows-ix86+x86_64 2.2 2.00 18.00 20.00 NOTE
r-patched-linux-x86_64 2.2 0.68 10.96 11.65 NOTE
r-patched-solaris-sparc 2.2 131.10 NOTE
r-patched-solaris-x86 2.2 33.60 NOTE
r-release-linux-ix86 2.2 1.00 24.00 25.00 NOTE
r-release-linux-x86_64 2.2 0.65 10.82 11.47 NOTE
r-release-windows-ix86+x86_64 2.2 5.00 25.00 30.00 NOTE
r-oldrel-windows-ix86+x86_64 2.2 3.00 21.00 24.00 NOTE

Check Details

Version: 2.2
Check: dependencies in R code
Result: NOTE
    Package in Depends field not imported from: ‘foreign’
     These packages need to be imported from (in the NAMESPACE file)
     for when this namespace is loaded but not attached.
    See the information on DESCRIPTION files in the chapter ‘Creating R
    packages’ of the ‘Writing R Extensions’ manual.
Flavors: r-devel-linux-x86_64-debian-clang, r-devel-linux-x86_64-debian-gcc, r-devel-linux-x86_64-fedora-clang, r-devel-linux-x86_64-fedora-gcc, r-devel-macosx-x86_64-clang, r-devel-macosx-x86_64-gcc, r-devel-windows-ix86+x86_64, r-patched-linux-x86_64, r-patched-solaris-sparc, r-patched-solaris-x86, r-release-linux-ix86, r-release-linux-x86_64, r-release-windows-ix86+x86_64, r-oldrel-windows-ix86+x86_64

Version: 2.2
Check: for old-style vignette sources
Result: NOTE
    Vignette sources only in ‘inst/doc’:
     ‘smi.Rnw’
    A ‘vignettes’ directory is required as from R 3.1.0
    and these will not be indexed nor checked
Flavors: r-devel-linux-x86_64-debian-clang, r-devel-linux-x86_64-debian-gcc, r-devel-linux-x86_64-fedora-clang, r-devel-linux-x86_64-fedora-gcc, r-devel-macosx-x86_64-clang, r-devel-macosx-x86_64-gcc, r-devel-windows-ix86+x86_64, r-patched-linux-x86_64, r-patched-solaris-sparc, r-patched-solaris-x86, r-release-linux-ix86, r-release-linux-x86_64, r-release-windows-ix86+x86_64

Version: 2.2
Check: for old-style vignette sources
Result: NOTE
    Vignette sources only in 'inst/doc':
     'smi.Rnw'
    A 'vignettes' directory will be required as from R 3.1.0
Flavor: r-oldrel-windows-ix86+x86_64