CRAN Package Check Results for Package mitools

Last updated on 2016-02-13 03:47:00.

Flavor Version Tinstall Tcheck Ttotal Status Flags
r-devel-linux-x86_64-debian-gcc 2.3 0.62 10.29 10.91 NOTE
r-devel-linux-x86_64-fedora-clang 2.3 19.75 NOTE
r-devel-linux-x86_64-fedora-gcc 2.3 18.96 NOTE
r-devel-osx-x86_64-clang 2.3 23.82 NOTE
r-devel-windows-ix86+x86_64 2.3 4.00 22.00 26.00 NOTE
r-patched-linux-x86_64 2.3 0.68 11.35 12.03 OK
r-patched-solaris-sparc 2.3 128.70 OK
r-patched-solaris-x86 2.3 29.40 OK
r-release-linux-x86_64 2.3 0.67 11.91 12.58 OK
r-release-osx-x86_64-mavericks 2.3 NOTE
r-release-windows-ix86+x86_64 2.3 3.00 21.00 24.00 OK
r-oldrel-windows-ix86+x86_64 2.3 4.00 23.00 27.00 OK

Check Details

Version: 2.3
Check: R code for possible problems
Result: NOTE
    MIcombine.default: no visible binding for global variable ‘vcov’
    MIcombine.default: no visible binding for global variable ‘coef’
    MIcombine.default: no visible global function definition for ‘var’
    MIcombine.imputationResultList: no visible binding for global variable
     ‘vcov’
    MIcombine.imputationResultList: no visible binding for global variable
     ‘coef’
    close.DBimputationList: no visible global function definition for ‘is’
    getvars: no visible global function definition for ‘is’
    print.MIresult: no visible global function definition for ‘coef’
    print.MIresult: no visible global function definition for ‘vcov’
    summary.MIresult: no visible global function definition for ‘coef’
    summary.MIresult: no visible global function definition for ‘vcov’
    summary.MIresult: no visible global function definition for ‘qt’
    Undefined global functions or variables:
     coef is qt var vcov
    Consider adding
     importFrom("methods", "is")
     importFrom("stats", "coef", "qt", "var", "vcov")
    to your NAMESPACE file (and ensure that your DESCRIPTION Imports field
    contains 'methods').
Flavors: r-devel-linux-x86_64-debian-gcc, r-devel-linux-x86_64-fedora-clang, r-devel-linux-x86_64-fedora-gcc, r-devel-osx-x86_64-clang, r-devel-windows-ix86+x86_64

Version: 2.3
Check: package dependencies
Result: NOTE
    Package suggested but not available for checking: ‘RODBC’
Flavor: r-release-osx-x86_64-mavericks