CRAN Package Check Results for Package mitools

Last updated on 2015-07-30 03:48:24.

Flavor Version Tinstall Tcheck Ttotal Status Flags
r-devel-linux-x86_64-debian-clang 2.3 0.56 11.44 12.00 NOTE
r-devel-linux-x86_64-debian-gcc 2.3 0.53 11.08 11.62 NOTE
r-devel-linux-x86_64-fedora-clang 2.3 22.84 NOTE
r-devel-linux-x86_64-fedora-gcc 2.3 21.65 NOTE
r-devel-osx-x86_64-clang 2.3 22.09 OK
r-devel-windows-ix86+x86_64 2.3 6.00 20.00 26.00 NOTE
r-patched-linux-x86_64 2.3 0.56 11.75 12.32 OK
r-patched-solaris-sparc 2.3 149.70 OK
r-patched-solaris-x86 2.3 33.00 OK
r-release-linux-x86_64 2.3 0.56 11.38 11.94 OK
r-release-osx-x86_64-mavericks 2.3 NOTE
r-release-windows-ix86+x86_64 2.3 4.00 21.00 25.00 OK
r-oldrel-windows-ix86+x86_64 2.3 4.00 23.00 27.00 OK

Check Details

Version: 2.3
Check: R code for possible problems
Result: NOTE
    MIcombine.default: no visible binding for global variable ‘vcov’
    MIcombine.default: no visible binding for global variable ‘coef’
    MIcombine.default: no visible global function definition for ‘var’
    MIcombine.imputationResultList: no visible binding for global variable
     ‘vcov’
    MIcombine.imputationResultList: no visible binding for global variable
     ‘coef’
    close.DBimputationList: no visible global function definition for ‘is’
    getvars: no visible global function definition for ‘is’
    print.MIresult: no visible global function definition for ‘coef’
    print.MIresult: no visible global function definition for ‘vcov’
    summary.MIresult: no visible global function definition for ‘coef’
    summary.MIresult: no visible global function definition for ‘vcov’
    summary.MIresult: no visible global function definition for ‘qt’
    Undefined global functions or variables:
     coef is qt var vcov
    Consider adding
     importFrom("methods", "is")
     importFrom("stats", "coef", "qt", "var", "vcov")
    to your NAMESPACE.
Flavors: r-devel-linux-x86_64-debian-clang, r-devel-linux-x86_64-debian-gcc, r-devel-linux-x86_64-fedora-clang, r-devel-linux-x86_64-fedora-gcc, r-devel-windows-ix86+x86_64

Version: 2.3
Check: package dependencies
Result: NOTE
    Package suggested but not available for checking: ‘RODBC’
Flavor: r-release-osx-x86_64-mavericks