CRAN Package Check Results for Package mitools

Last updated on 2017-02-20 16:47:23.

Flavor Version Tinstall Tcheck Ttotal Status Flags
r-devel-linux-x86_64-debian-clang 2.3 0.60 13.87 14.46 NOTE
r-devel-linux-x86_64-debian-gcc 2.3 0.67 13.62 14.29 NOTE
r-devel-linux-x86_64-fedora-clang 2.3 23.26 NOTE --no-stop-on-test-error
r-devel-linux-x86_64-fedora-gcc 2.3 22.55 NOTE --no-stop-on-test-error
r-devel-macos-x86_64-clang 2.3 22.26 NOTE --no-stop-on-test-error
r-devel-windows-ix86+x86_64 2.3 3.00 41.00 44.00 NOTE
r-patched-linux-x86_64 2.3 0.61 11.60 12.21 NOTE
r-patched-solaris-sparc 2.3 129.70 NOTE
r-patched-solaris-x86 2.3 30.50 NOTE
r-release-linux-x86_64 2.3 0.62 11.37 11.98 NOTE
r-release-osx-x86_64-mavericks 2.3 NOTE
r-release-windows-ix86+x86_64 2.3 3.00 29.00 32.00 NOTE
r-oldrel-windows-ix86+x86_64 2.3 3.00 26.00 29.00 OK

Check Details

Version: 2.3
Check: R code for possible problems
Result: NOTE
    MIcombine.default: no visible binding for global variable ‘vcov’
    MIcombine.default: no visible binding for global variable ‘coef’
    MIcombine.default: no visible global function definition for ‘var’
    MIcombine.imputationResultList: no visible binding for global variable
     ‘vcov’
    MIcombine.imputationResultList: no visible binding for global variable
     ‘coef’
    close.DBimputationList: no visible global function definition for ‘is’
    getvars: no visible global function definition for ‘is’
    print.MIresult: no visible global function definition for ‘coef’
    print.MIresult: no visible global function definition for ‘vcov’
    summary.MIresult: no visible global function definition for ‘coef’
    summary.MIresult: no visible global function definition for ‘vcov’
    summary.MIresult: no visible global function definition for ‘qt’
    Undefined global functions or variables:
     coef is qt var vcov
    Consider adding
     importFrom("methods", "is")
     importFrom("stats", "coef", "qt", "var", "vcov")
    to your NAMESPACE file (and ensure that your DESCRIPTION Imports field
    contains 'methods').
Flavors: r-devel-linux-x86_64-debian-clang, r-devel-linux-x86_64-debian-gcc, r-devel-windows-ix86+x86_64, r-patched-linux-x86_64, r-patched-solaris-sparc, r-patched-solaris-x86, r-release-linux-x86_64, r-release-osx-x86_64-mavericks, r-release-windows-ix86+x86_64

Version: 2.3
Flags: --no-stop-on-test-error
Check: R code for possible problems
Result: NOTE
    MIcombine.default: no visible binding for global variable ‘vcov’
    MIcombine.default: no visible binding for global variable ‘coef’
    MIcombine.default: no visible global function definition for ‘var’
    MIcombine.imputationResultList: no visible binding for global variable
     ‘vcov’
    MIcombine.imputationResultList: no visible binding for global variable
     ‘coef’
    close.DBimputationList: no visible global function definition for ‘is’
    getvars: no visible global function definition for ‘is’
    print.MIresult: no visible global function definition for ‘coef’
    print.MIresult: no visible global function definition for ‘vcov’
    summary.MIresult: no visible global function definition for ‘coef’
    summary.MIresult: no visible global function definition for ‘vcov’
    summary.MIresult: no visible global function definition for ‘qt’
    Undefined global functions or variables:
     coef is qt var vcov
    Consider adding
     importFrom("methods", "is")
     importFrom("stats", "coef", "qt", "var", "vcov")
    to your NAMESPACE file (and ensure that your DESCRIPTION Imports field
    contains 'methods').
Flavors: r-devel-linux-x86_64-fedora-clang, r-devel-linux-x86_64-fedora-gcc, r-devel-macos-x86_64-clang

Version: 2.3
Check: package dependencies
Result: NOTE
    Package suggested but not available for checking: ‘RODBC’
Flavor: r-release-osx-x86_64-mavericks