CRAN Package Check Results for Package mitools

Last updated on 2015-05-22 11:48:02.

Flavor Version Tinstall Tcheck Ttotal Status Flags
r-devel-linux-x86_64-debian-clang 2.3 0.57 11.74 12.30 OK
r-devel-linux-x86_64-debian-gcc 2.3 0.55 11.74 12.30 OK
r-devel-linux-x86_64-fedora-clang 2.3 23.96 OK
r-devel-linux-x86_64-fedora-gcc 2.3 22.90 OK
r-devel-osx-x86_64-clang 2.3 28.46 OK
r-devel-windows-ix86+x86_64 2.3 4.00 20.00 24.00 OK
r-patched-linux-x86_64 2.3 0.56 11.51 12.06 OK
r-patched-solaris-sparc 2.3 168.20 OK
r-patched-solaris-x86 2.3 32.90 OK
r-release-linux-x86_64 2.3 0.59 11.99 12.58 OK
r-release-osx-x86_64-mavericks 2.3 NOTE
r-release-osx-x86_64-snowleopard 2.3 OK
r-release-windows-ix86+x86_64 2.3 4.00 22.00 26.00 OK
r-oldrel-windows-ix86+x86_64 2.3 3.00 20.00 23.00 OK

Check Details

Version: 2.3
Check: package dependencies
Result: NOTE
    Package suggested but not available for checking: ‘RODBC’
Flavor: r-release-osx-x86_64-mavericks