CRAN Package Check Results for Package mitools

Last updated on 2023-12-01 03:56:34 CET.

Flavor Version Tinstall Tcheck Ttotal Status Flags
r-devel-linux-x86_64-debian-clang 2.4 2.90 37.33 40.23 NOTE
r-devel-linux-x86_64-debian-gcc 2.4 2.04 28.52 30.56 NOTE
r-devel-linux-x86_64-fedora-clang 2.4 50.21 OK
r-devel-linux-x86_64-fedora-gcc 2.4 64.06 OK
r-devel-windows-x86_64 2.4 3.00 60.00 63.00 OK
r-patched-linux-x86_64 2.4 3.28 36.60 39.88 OK
r-release-linux-x86_64 2.4 2.81 36.38 39.19 OK
r-release-macos-arm64 2.4 28.00 OK
r-release-macos-x86_64 2.4 40.00 OK
r-release-windows-x86_64 2.4 5.00 57.00 62.00 OK
r-oldrel-macos-arm64 2.4 24.00 OK
r-oldrel-macos-x86_64 2.4 33.00 OK
r-oldrel-windows-x86_64 2.4 4.00 65.00 69.00 OK

Check Details

Version: 2.4
Check: Rd files
Result: NOTE checkRd: (-1) PV.Rd:14: Lost braces 14 | plausible value in turn; with code{rewrite=FALSE} a new data set is | ^ Flavors: r-devel-linux-x86_64-debian-clang, r-devel-linux-x86_64-debian-gcc