CRAN Package Check Results for Package mitre

Last updated on 2021-04-17 00:48:15 CEST.

Flavor Version Tinstall Tcheck Ttotal Status Flags
r-devel-linux-x86_64-debian-clang 0.5.2 5.91 70.74 76.65 NOTE
r-devel-linux-x86_64-debian-gcc 0.5.2 4.80 56.41 61.21 NOTE
r-devel-linux-x86_64-fedora-clang 0.5.2 102.69 NOTE
r-devel-linux-x86_64-fedora-gcc 0.5.2 91.55 NOTE
r-devel-windows-ix86+x86_64 0.5.2 10.00 4.00 14.00 ERROR
r-devel-windows-x86_64-gcc10-UCRT 0.5.2 NOTE
r-patched-linux-x86_64 0.5.2 5.36 67.56 72.92 OK
r-patched-solaris-x86 0.5.2 155.50 OK
r-release-linux-x86_64 0.5.2 5.57 68.12 73.69 OK
r-release-macos-x86_64 0.5.2 OK
r-release-windows-ix86+x86_64 0.5.2 10.00 98.00 108.00 OK
r-oldrel-macos-x86_64 0.5.2 NOTE
r-oldrel-windows-ix86+x86_64 0.5.2 6.00 93.00 99.00 OK

Check Details

Version: 0.5.2
Check: LazyData
Result: NOTE
     'LazyData' is specified without a 'data' directory
Flavors: r-devel-linux-x86_64-debian-clang, r-devel-linux-x86_64-debian-gcc, r-devel-linux-x86_64-fedora-clang, r-devel-linux-x86_64-fedora-gcc, r-devel-windows-x86_64-gcc10-UCRT

Version: 0.5.2
Check: whether package can be installed
Result: ERROR
    Installation failed.
    *
Flavor: r-devel-windows-ix86+x86_64

Version: 0.5.2
Check: dependencies in R code
Result: NOTE
    Missing or unexported objects:
     ‘rvest::html_element’ ‘rvest::html_elements’ ‘rvest::read_html’
Flavor: r-oldrel-macos-x86_64