CRAN Package Check Results for Package mix

Last updated on 2017-05-30 14:47:17.

Flavor Version Tinstall Tcheck Ttotal Status Flags
r-devel-linux-x86_64-debian-clang 1.0-9 2.44 14.87 17.31 NOTE
r-devel-linux-x86_64-debian-gcc 1.0-9 2.50 14.74 17.24 NOTE
r-devel-linux-x86_64-fedora-clang 1.0-9 28.62 NOTE
r-devel-linux-x86_64-fedora-gcc 1.0-9 29.86 NOTE
r-devel-windows-ix86+x86_64 1.0-9 11.00 58.00 69.00 OK
r-patched-linux-x86_64 1.0-9 2.41 15.02 17.43 NOTE
r-patched-solaris-sparc 1.0-9 173.30 OK
r-patched-solaris-x86 1.0-9 38.30 OK
r-release-linux-x86_64 1.0-9 2.45 14.84 17.29 NOTE
r-release-windows-ix86+x86_64 1.0-9 10.00 36.00 46.00 OK
r-release-osx-x86_64 1.0-9 OK
r-oldrel-windows-ix86+x86_64 1.0-9 8.00 34.00 42.00 OK
r-oldrel-osx-x86_64 1.0-9 OK

Check Details

Version: 1.0-9
Check: compiled code
Result: NOTE
    File ‘mix/libs/mix.so’:
     Found no calls to: ‘R_registerRoutines’, ‘R_useDynamicSymbols’
    
    It is good practice to register native routines and to disable symbol
    search.
    
    See ‘Writing portable packages’ in the ‘Writing R Extensions’ manual.
Flavors: r-devel-linux-x86_64-debian-clang, r-devel-linux-x86_64-debian-gcc, r-devel-linux-x86_64-fedora-clang, r-devel-linux-x86_64-fedora-gcc, r-patched-linux-x86_64, r-release-linux-x86_64