CRAN Package Check Results for Package mix

Last updated on 2015-03-02 19:52:19.

Flavor Version Tinstall Tcheck Ttotal Status Flags
r-devel-linux-x86_64-debian-clang 1.0-8 2.41 12.04 14.46 OK
r-devel-linux-x86_64-debian-gcc 1.0-8 2.34 11.85 14.19 OK
r-devel-linux-x86_64-fedora-clang 1.0-8 26.06 OK
r-devel-linux-x86_64-fedora-gcc 1.0-8 25.18 OK
r-devel-osx-x86_64-clang 1.0-8 29.97 OK
r-devel-windows-ix86+x86_64 1.0-8 8.00 26.00 34.00 NOTE
r-patched-linux-x86_64 1.0-8 2.40 13.07 15.46 OK
r-patched-solaris-sparc 1.0-8 162.50 OK
r-patched-solaris-x86 1.0-8 43.90 OK
r-release-linux-ix86 1.0-8 3.53 19.74 23.27 OK
r-release-linux-x86_64 1.0-8 2.44 13.00 15.44 OK
r-release-osx-x86_64-mavericks 1.0-8 OK
r-release-windows-ix86+x86_64 1.0-8 8.00 25.00 33.00 OK
r-oldrel-windows-ix86+x86_64 1.0-8 8.00 25.00 33.00 OK

Check Details

Version: 1.0-8
Check: DESCRIPTION meta-information
Result: NOTE
    Malformed Description field: should contain one or more complete sentences.
Flavor: r-devel-windows-ix86+x86_64