CRAN Package Check Results for Package mix

Last updated on 2015-05-27 17:47:19.

Flavor Version Tinstall Tcheck Ttotal Status Flags
r-devel-linux-x86_64-debian-clang 1.0-8 2.40 12.24 14.63 OK
r-devel-linux-x86_64-debian-gcc 1.0-8 2.37 11.96 14.33 OK
r-devel-linux-x86_64-fedora-clang 1.0-8 26.71 OK
r-devel-linux-x86_64-fedora-gcc 1.0-8 25.79 OK
r-devel-osx-x86_64-clang 1.0-8 30.42 OK
r-devel-windows-ix86+x86_64 1.0-8 9.00 28.00 37.00 OK
r-patched-linux-x86_64 1.0-8 2.35 12.16 14.51 OK
r-patched-solaris-sparc 1.0-8 174.80 OK
r-patched-solaris-x86 1.0-8 39.20 OK
r-release-linux-x86_64 1.0-8 2.37 12.23 14.60 OK
r-release-osx-x86_64-mavericks 1.0-8 OK
r-release-osx-x86_64-snowleopard 1.0-8 OK
r-release-windows-ix86+x86_64 1.0-8 8.00 29.00 37.00 NOTE
r-oldrel-windows-ix86+x86_64 1.0-8 11.00 30.00 41.00 OK

Check Details

Version: 1.0-8
Check: DESCRIPTION meta-information
Result: NOTE
    Malformed Description field: should contain one or more complete sentences.
Flavor: r-release-windows-ix86+x86_64