CRAN Package Check Results for Package mix

Last updated on 2017-02-27 18:49:06.

Flavor Version Tinstall Tcheck Ttotal Status Flags
r-devel-linux-x86_64-debian-clang 1.0-9 2.64 14.41 17.05 NOTE
r-devel-linux-x86_64-debian-gcc 1.0-9 2.49 14.97 17.46 NOTE
r-devel-linux-x86_64-fedora-clang 1.0-9 28.73 NOTE --no-stop-on-test-error
r-devel-linux-x86_64-fedora-gcc 1.0-9 26.90 NOTE --no-stop-on-test-error
r-devel-macos-x86_64-clang 1.0-9 26.13 NOTE --no-stop-on-test-error
r-devel-windows-ix86+x86_64 1.0-9 12.00 81.00 93.00 OK
r-patched-linux-x86_64 1.0-9 2.31 12.19 14.50 OK
r-patched-solaris-sparc 1.0-9 159.20 OK
r-patched-solaris-x86 1.0-9 33.00 OK
r-release-linux-x86_64 1.0-9 2.32 12.51 14.83 OK
r-release-osx-x86_64-mavericks 1.0-9 OK
r-release-windows-ix86+x86_64 1.0-9 8.00 34.00 42.00 OK
r-oldrel-windows-ix86+x86_64 1.0-9 8.00 35.00 43.00 OK

Check Details

Version: 1.0-9
Check: compiled code
Result: NOTE
    File ‘mix/libs/mix.so’:
     Found no calls to: ‘R_registerRoutines’, ‘R_useDynamicSymbols’
    
    It is good practice to register native routines and to disable symbol
    search.
    
    See ‘Writing portable packages’ in the ‘Writing R Extensions’ manual.
Flavors: r-devel-linux-x86_64-debian-clang, r-devel-linux-x86_64-debian-gcc

Version: 1.0-9
Flags: --no-stop-on-test-error
Check: compiled code
Result: NOTE
    File ‘mix/libs/mix.so’:
     Found no calls to: ‘R_registerRoutines’, ‘R_useDynamicSymbols’
    
    It is good practice to register native routines and to disable symbol
    search.
    
    See ‘Writing portable packages’ in the ‘Writing R Extensions’ manual.
Flavors: r-devel-linux-x86_64-fedora-clang, r-devel-linux-x86_64-fedora-gcc, r-devel-macos-x86_64-clang