CRAN Package Check Results for Package mix

Last updated on 2017-03-29 22:47:13.

Flavor Version Tinstall Tcheck Ttotal Status Flags
r-devel-linux-x86_64-debian-clang 1.0-9 2.48 14.78 17.26 NOTE
r-devel-linux-x86_64-debian-gcc 1.0-9 2.61 14.60 17.21 NOTE
r-devel-linux-x86_64-fedora-clang 1.0-9 28.48 NOTE --no-stop-on-test-error
r-devel-linux-x86_64-fedora-gcc 1.0-9 27.37 NOTE --no-stop-on-test-error
r-devel-macos-x86_64-clang 1.0-9 25.56 NOTE --no-stop-on-test-error
r-devel-windows-ix86+x86_64 1.0-9 10.00 60.00 70.00 OK
r-patched-linux-x86_64 1.0-9 2.39 14.89 17.27 NOTE
r-patched-solaris-sparc 1.0-9 173.30 OK
r-patched-solaris-x86 1.0-9 38.90 OK
r-release-linux-x86_64 1.0-9 2.32 12.31 14.63 OK
r-release-osx-x86_64-mavericks 1.0-9 OK
r-release-windows-ix86+x86_64 1.0-9 8.00 34.00 42.00 OK
r-oldrel-windows-ix86+x86_64 1.0-9 8.00 35.00 43.00 OK

Check Details

Version: 1.0-9
Check: compiled code
Result: NOTE
    File ‘mix/libs/mix.so’:
     Found no calls to: ‘R_registerRoutines’, ‘R_useDynamicSymbols’
    
    It is good practice to register native routines and to disable symbol
    search.
    
    See ‘Writing portable packages’ in the ‘Writing R Extensions’ manual.
Flavors: r-devel-linux-x86_64-debian-clang, r-devel-linux-x86_64-debian-gcc, r-patched-linux-x86_64

Version: 1.0-9
Flags: --no-stop-on-test-error
Check: compiled code
Result: NOTE
    File ‘mix/libs/mix.so’:
     Found no calls to: ‘R_registerRoutines’, ‘R_useDynamicSymbols’
    
    It is good practice to register native routines and to disable symbol
    search.
    
    See ‘Writing portable packages’ in the ‘Writing R Extensions’ manual.
Flavors: r-devel-linux-x86_64-fedora-clang, r-devel-linux-x86_64-fedora-gcc, r-devel-macos-x86_64-clang