CRAN Package Check Results for Package mixAK

Last updated on 2018-04-22 00:46:57 CEST.

Flavor Version Tinstall Tcheck Ttotal Status Flags
r-devel-linux-x86_64-debian-clang 5.0 64.39 134.12 198.51 OK
r-devel-linux-x86_64-debian-gcc 5.0 46.91 104.63 151.54 WARN
r-devel-linux-x86_64-fedora-clang 5.0 248.29 OK
r-devel-linux-x86_64-fedora-gcc 5.0 225.67 WARN
r-devel-windows-ix86+x86_64 5.0 189.00 216.00 405.00 WARN
r-patched-linux-x86_64 5.0 57.63 134.66 192.29 WARN
r-patched-solaris-x86 5.0 352.70 OK
r-release-linux-x86_64 5.0 37.71 141.95 179.66 OK
r-release-windows-ix86+x86_64 5.0 125.00 221.00 346.00 OK
r-oldrel-windows-ix86+x86_64 5.0 186.00 157.00 343.00 OK

Check Details

Version: 5.0
Check: whether package can be installed
Result: WARN
    Found the following significant warnings:
     NMix_RJMCMCcombine.cpp:422:14: warning: suggest parentheses around comparison in operand of ‘&’ [-Wparentheses]
Flavors: r-devel-linux-x86_64-debian-gcc, r-devel-linux-x86_64-fedora-gcc, r-devel-windows-ix86+x86_64, r-patched-linux-x86_64