CRAN Package Check Results for Package mixAK

Last updated on 2015-01-26 08:48:58.

Flavor Version Tinstall Tcheck Ttotal Status Flags
r-devel-linux-x86_64-debian-clang 3.8 18.84 90.53 109.37 OK
r-devel-linux-x86_64-debian-gcc 3.8 20.41 88.31 108.72 OK
r-devel-linux-x86_64-fedora-clang 3.8 240.49 NOTE
r-devel-linux-x86_64-fedora-gcc 3.8 233.00 NOTE
r-devel-osx-x86_64-clang 3.8 198.50 NOTE
r-devel-windows-ix86+x86_64 3.8 181.00 137.00 318.00 OK
r-patched-linux-x86_64 3.8 21.24 97.66 118.90 OK
r-patched-solaris-sparc 3.8 1433.50 OK
r-patched-solaris-x86 3.8 327.00 OK
r-release-linux-ix86 3.8 30.82 114.40 145.23 OK
r-release-linux-x86_64 3.8 21.57 100.00 121.57 OK
r-release-windows-ix86+x86_64 3.8 121.00 166.00 287.00 OK
r-oldrel-windows-ix86+x86_64 3.8 154.00 162.00 316.00 OK

Check Details

Version: 3.8
Check: S3 generic/method consistency
Result: NOTE
    Found the following apparent S3 methods exported but not registered:
     NMixPlugCondDensJoint2.GLMM_MCMC NMixPlugCondDensJoint2.NMixMCMC
     NMixPlugCondDensJoint2.default NMixPlugCondDensMarg.GLMM_MCMC
     NMixPlugCondDensMarg.NMixMCMC NMixPlugCondDensMarg.default
     NMixPlugDensJoint2.GLMM_MCMC NMixPlugDensJoint2.NMixMCMC
     NMixPlugDensJoint2.default NMixPlugDensMarg.GLMM_MCMC
     NMixPlugDensMarg.NMixMCMC NMixPlugDensMarg.default
     NMixPredCDFMarg.GLMM_MCMC NMixPredCDFMarg.NMixMCMC
     NMixPredCDFMarg.default NMixPredCondCDFMarg.GLMM_MCMC
     NMixPredCondCDFMarg.NMixMCMC NMixPredCondCDFMarg.default
     NMixPredCondDensJoint2.GLMM_MCMC NMixPredCondDensJoint2.NMixMCMC
     NMixPredCondDensJoint2.default NMixPredCondDensMarg.GLMM_MCMC
     NMixPredCondDensMarg.NMixMCMC NMixPredCondDensMarg.default
     NMixPredDensJoint2.GLMM_MCMC NMixPredDensJoint2.NMixMCMC
     NMixPredDensJoint2.default NMixPredDensMarg.GLMM_MCMC
     NMixPredDensMarg.NMixMCMC NMixPredDensMarg.default
     NMixRelabel.GLMM_MCMClist
    See section ‘Registering S3 methods’ in the ‘Writing R Extensions’
    manual.
Flavors: r-devel-linux-x86_64-fedora-clang, r-devel-linux-x86_64-fedora-gcc, r-devel-osx-x86_64-clang