CRAN Package Check Results for Package mixAK

Last updated on 2015-07-04 16:46:30.

Flavor Version Tinstall Tcheck Ttotal Status Flags
r-devel-linux-x86_64-debian-clang 4.0-5 18.95 84.47 103.42 NOTE
r-devel-linux-x86_64-debian-gcc 4.0-5 21.87 84.05 105.92 NOTE
r-devel-linux-x86_64-fedora-clang 4.0-5 202.08 NOTE
r-devel-linux-x86_64-fedora-gcc 4.0-5 192.17 NOTE
r-devel-osx-x86_64-clang 4.0-5 166.41 OK
r-devel-windows-ix86+x86_64 4.0-5 126.00 149.00 275.00 NOTE
r-patched-linux-x86_64 4.0-5 22.27 84.18 106.46 OK
r-patched-solaris-sparc 4.0-5 1423.40 OK
r-patched-solaris-x86 4.0-5 276.40 OK
r-release-linux-x86_64 4.0-5 22.00 86.02 108.01 OK
r-release-windows-ix86+x86_64 4.0-5 174.00 144.00 318.00 OK
r-oldrel-windows-ix86+x86_64 4.0-5 126.00 179.00 305.00 OK

Check Details

Version: 4.0-5
Check: R code for possible problems
Result: NOTE
    BsBasis: no visible global function definition for ‘matplot’
    BsBasis: no visible global function definition for ‘axis’
    BsBasis: no visible global function definition for ‘points’
    GLMM_MCMC: no visible global function definition for ‘runif’
    GLMM_MCMC: no visible global function definition for ‘rnorm’
    GLMM_MCMCifit: no visible global function definition for ‘formula’
    GLMM_MCMCifit: no visible global function definition for ‘lm’
    GLMM_MCMCifit: no visible global function definition for ‘glm’
    GLMM_MCMCifit: Error while checking: invalid ‘envir’ argument
    GLMM_MCMCinit.b: no visible global function definition for ‘rgamma’
    GLMM_MCMCinit.b: no visible global function definition for ‘dnorm’
    GLMM_MCMCwrapper: no visible global function definition for ‘quantile’
    GLMM_MCMCwrapper: no visible global function definition for ‘sd’
    GLMM_MCMCwrapper: no visible binding for global variable ‘quantile’
    GLMM_MCMCwrapper: no visible binding for global variable ‘sd’
    GLMM_longitDA2: no visible binding for global variable ‘median’
    NMixChainsDerived : NMixChDer: no visible global function definition
     for ‘sd’
    NMixChainsDerived : NMixChDer: no visible global function definition
     for ‘quantile’
    NMixChainsDerived : NMixChDer: no visible binding for global variable
     ‘sd’
    NMixChainsDerived : NMixChDer: no visible binding for global variable
     ‘quantile’
    NMixEM: no visible binding for global variable ‘sd’
    NMixEM: no visible global function definition for ‘var’
    NMixMCMC: no visible global function definition for ‘sd’
    NMixMCMC: no visible binding for global variable ‘sd’
    NMixMCMC: no visible global function definition for ‘var’
    NMixMCMC: no visible global function definition for ‘rnorm’
    NMixMCMC: no visible global function definition for ‘runif’
    NMixMCMCinitr: no visible global function definition for ‘dnorm’
    NMixMCMCinity: no visible global function definition for ‘rnorm’
    NMixMCMCinity: no visible global function definition for ‘runif’
    NMixMCMCwrapper: no visible global function definition for ‘quantile’
    NMixMCMCwrapper: no visible global function definition for ‘sd’
    NMixMCMCwrapper: no visible binding for global variable ‘quantile’
    NMixMCMCwrapper: no visible binding for global variable ‘sd’
    NMixPlugDA: no visible global function definition for ‘dnorm’
    NMixPredDA: no visible global function definition for ‘sd’
    NMixPseudoGOF.default: no visible global function definition for
     ‘pnorm’
    NMixPseudoGOF.default: no visible global function definition for
     ‘layout’
    NMixPseudoGOF.default: no visible global function definition for ‘par’
    NMixPseudoGOF.default: no visible global function definition for
     ‘image’
    NMixRelabel.GLMM_MCMC: no visible binding for global variable
     ‘quantile’
    NMixRelabel.NMixMCMC: no visible binding for global variable ‘quantile’
    cbplot: no visible global function definition for ‘segments’
    cbplot: no visible global function definition for ‘lines’
    dMVNmixture: no visible global function definition for ‘dnorm’
    fitted.GLMM_MCMC : Integrand: no visible global function definition for
     ‘dnorm’
    fitted.GLMM_MCMC: no visible global function definition for ‘optim’
    plot.NMixPredCDFMarg: no visible global function definition for ‘par’
    plot.NMixPredCDFMarg: no visible global function definition for
     ‘layout’
    plot.NMixPredCDFMarg: no visible global function definition for ‘lines’
    plot.NMixPredCondCDFMarg: no visible global function definition for
     ‘par’
    plot.NMixPredCondCDFMarg: no visible global function definition for
     ‘layout’
    plot.NMixPredCondCDFMarg: no visible global function definition for
     ‘lines’
    plot.NMixPredCondCDFMarg: no visible global function definition for
     ‘legend’
    plot.NMixPredCondDensJoint2: no visible global function definition for
     ‘par’
    plot.NMixPredCondDensJoint2: no visible global function definition for
     ‘layout’
    plot.NMixPredCondDensJoint2: no visible global function definition for
     ‘image’
    plot.NMixPredCondDensMarg: no visible global function definition for
     ‘par’
    plot.NMixPredCondDensMarg: no visible global function definition for
     ‘layout’
    plot.NMixPredCondDensMarg: no visible global function definition for
     ‘lines’
    plot.NMixPredCondDensMarg: no visible global function definition for
     ‘legend’
    plot.NMixPredDensJoint2: no visible global function definition for
     ‘par’
    plot.NMixPredDensJoint2: no visible global function definition for
     ‘image’
    plot.NMixPredDensJoint2: no visible global function definition for
     ‘layout’
    plot.NMixPredDensMarg: no visible global function definition for ‘par’
    plot.NMixPredDensMarg: no visible global function definition for
     ‘layout’
    plot.NMixPredDensMarg: no visible global function definition for
     ‘lines’
    plotProfiles: no visible global function definition for ‘par’
    plotProfiles: no visible global function definition for ‘title’
    rMVNmixture: no visible global function definition for ‘rnorm’
    summaryDiff: no visible global function definition for ‘quantile’
    tracePlots.GLMM_MCMC: no visible global function definition for ‘par’
    tracePlots.GLMM_MCMC: no visible global function definition for
     ‘layout’
    tracePlots.GLMM_MCMClist: no visible global function definition for
     ‘par’
    tracePlots.GLMM_MCMClist: no visible global function definition for
     ‘layout’
    tracePlots.GLMM_MCMClist: no visible global function definition for
     ‘lines’
    tracePlots.NMixMCMC: no visible global function definition for ‘par’
    tracePlots.NMixMCMC: no visible global function definition for ‘layout’
    tracePlots.NMixMCMClist: no visible global function definition for
     ‘par’
    tracePlots.NMixMCMClist: no visible global function definition for
     ‘layout’
    tracePlots.NMixMCMClist: no visible global function definition for
     ‘lines’
    Undefined global functions or variables:
     axis dnorm formula glm image layout legend lines lm matplot median
     optim par pnorm points quantile rgamma rnorm runif sd segments title
     var
Flavors: r-devel-linux-x86_64-debian-clang, r-devel-linux-x86_64-debian-gcc, r-devel-linux-x86_64-fedora-clang, r-devel-linux-x86_64-fedora-gcc

Version: 4.0-5
Check: R code for possible problems
Result: NOTE
    BsBasis: no visible global function definition for 'matplot'
    BsBasis: no visible global function definition for 'axis'
    BsBasis: no visible global function definition for 'points'
    GLMM_MCMC: no visible global function definition for 'runif'
    GLMM_MCMC: no visible global function definition for 'rnorm'
    GLMM_MCMCifit: no visible global function definition for 'formula'
    GLMM_MCMCifit: no visible global function definition for 'lm'
    GLMM_MCMCifit: no visible global function definition for 'glm'
    GLMM_MCMCifit: no visible global function definition for 'binomial'
    GLMM_MCMCifit: no visible binding for global variable 'logit'
    GLMM_MCMCifit: no visible global function definition for 'poisson'
    GLMM_MCMCifit: no visible global function definition for 'coef'
    GLMM_MCMCifit: no visible global function definition for 'vcov'
    GLMM_MCMCifit: no visible global function definition for 'rnorm'
    GLMM_MCMCinit.b: no visible global function definition for 'rgamma'
    GLMM_MCMCinit.b: no visible global function definition for 'dnorm'
    GLMM_MCMCwrapper: no visible global function definition for 'quantile'
    GLMM_MCMCwrapper: no visible global function definition for 'sd'
    GLMM_MCMCwrapper: no visible binding for global variable 'quantile'
    GLMM_MCMCwrapper: no visible binding for global variable 'sd'
    GLMM_longitDA2: no visible binding for global variable 'median'
    NMixChainsDerived : NMixChDer: no visible global function definition
     for 'sd'
    NMixChainsDerived : NMixChDer: no visible global function definition
     for 'quantile'
    NMixChainsDerived : NMixChDer: no visible binding for global variable
     'sd'
    NMixChainsDerived : NMixChDer: no visible binding for global variable
     'quantile'
    NMixEM: no visible binding for global variable 'sd'
    NMixEM: no visible global function definition for 'var'
    NMixMCMC: no visible global function definition for 'sd'
    NMixMCMC: no visible binding for global variable 'sd'
    NMixMCMC: no visible global function definition for 'var'
    NMixMCMC: no visible global function definition for 'rnorm'
    NMixMCMC: no visible global function definition for 'runif'
    NMixMCMCinitr: no visible global function definition for 'dnorm'
    NMixMCMCinity: no visible global function definition for 'rnorm'
    NMixMCMCinity: no visible global function definition for 'runif'
    NMixMCMCwrapper: no visible global function definition for 'quantile'
    NMixMCMCwrapper: no visible global function definition for 'sd'
    NMixMCMCwrapper: no visible binding for global variable 'quantile'
    NMixMCMCwrapper: no visible binding for global variable 'sd'
    NMixPlugDA: no visible global function definition for 'dnorm'
    NMixPredDA: no visible global function definition for 'sd'
    NMixPseudoGOF.default: no visible global function definition for
     'pnorm'
    NMixPseudoGOF.default: no visible global function definition for
     'layout'
    NMixPseudoGOF.default: no visible global function definition for 'par'
    NMixPseudoGOF.default: no visible global function definition for
     'image'
    NMixRelabel.GLMM_MCMC: no visible binding for global variable
     'quantile'
    NMixRelabel.NMixMCMC: no visible binding for global variable 'quantile'
    cbplot: no visible global function definition for 'segments'
    cbplot: no visible global function definition for 'lines'
    dMVNmixture: no visible global function definition for 'dnorm'
    fitted.GLMM_MCMC : Integrand: no visible global function definition for
     'dnorm'
    fitted.GLMM_MCMC: no visible global function definition for 'optim'
    plot.NMixPredCDFMarg: no visible global function definition for 'par'
    plot.NMixPredCDFMarg: no visible global function definition for
     'layout'
    plot.NMixPredCDFMarg: no visible global function definition for 'lines'
    plot.NMixPredCondCDFMarg: no visible global function definition for
     'par'
    plot.NMixPredCondCDFMarg: no visible global function definition for
     'layout'
    plot.NMixPredCondCDFMarg: no visible global function definition for
     'lines'
    plot.NMixPredCondCDFMarg: no visible global function definition for
     'legend'
    plot.NMixPredCondDensJoint2: no visible global function definition for
     'par'
    plot.NMixPredCondDensJoint2: no visible global function definition for
     'layout'
    plot.NMixPredCondDensJoint2: no visible global function definition for
     'image'
    plot.NMixPredCondDensMarg: no visible global function definition for
     'par'
    plot.NMixPredCondDensMarg: no visible global function definition for
     'layout'
    plot.NMixPredCondDensMarg: no visible global function definition for
     'lines'
    plot.NMixPredCondDensMarg: no visible global function definition for
     'legend'
    plot.NMixPredDensJoint2: no visible global function definition for
     'par'
    plot.NMixPredDensJoint2: no visible global function definition for
     'image'
    plot.NMixPredDensJoint2: no visible global function definition for
     'layout'
    plot.NMixPredDensMarg: no visible global function definition for 'par'
    plot.NMixPredDensMarg: no visible global function definition for
     'layout'
    plot.NMixPredDensMarg: no visible global function definition for
     'lines'
    plotProfiles: no visible global function definition for 'par'
    plotProfiles: no visible global function definition for 'title'
    rMVNmixture: no visible global function definition for 'rnorm'
    summaryDiff: no visible global function definition for 'quantile'
    tracePlots.GLMM_MCMC: no visible global function definition for 'par'
    tracePlots.GLMM_MCMC: no visible global function definition for
     'layout'
    tracePlots.GLMM_MCMClist: no visible global function definition for
     'par'
    tracePlots.GLMM_MCMClist: no visible global function definition for
     'layout'
    tracePlots.GLMM_MCMClist: no visible global function definition for
     'lines'
    tracePlots.NMixMCMC: no visible global function definition for 'par'
    tracePlots.NMixMCMC: no visible global function definition for 'layout'
    tracePlots.NMixMCMClist: no visible global function definition for
     'par'
    tracePlots.NMixMCMClist: no visible global function definition for
     'layout'
    tracePlots.NMixMCMClist: no visible global function definition for
     'lines'
    Undefined global functions or variables:
     axis binomial coef dnorm formula glm image layout legend lines lm
     logit matplot median optim par pnorm points poisson quantile rgamma
     rnorm runif sd segments title var vcov
Flavor: r-devel-windows-ix86+x86_64