CRAN Package Check Results for Package mixAK

Last updated on 2017-02-26 19:53:55.

Flavor Version Tinstall Tcheck Ttotal Status Flags
r-devel-linux-x86_64-debian-clang 4.4 27.39 84.52 111.91 NOTE
r-devel-linux-x86_64-debian-gcc 4.4 24.14 86.56 110.71 NOTE
r-devel-linux-x86_64-fedora-clang 4.4 244.11 NOTE --no-stop-on-test-error
r-devel-linux-x86_64-fedora-gcc 4.4 207.46 NOTE --no-stop-on-test-error
r-devel-macos-x86_64-clang 4.4 168.66 NOTE --no-stop-on-test-error
r-devel-windows-ix86+x86_64 4.4 237.00 299.00 536.00 OK
r-patched-linux-x86_64 4.4 21.87 85.56 107.43 OK
r-patched-solaris-sparc 4.4 1223.90 OK
r-patched-solaris-x86 4.4 241.10 OK
r-release-linux-x86_64 4.4 21.97 84.81 106.78 OK
r-release-windows-ix86+x86_64 4.4 176.00 226.00 402.00 OK
r-oldrel-windows-ix86+x86_64 4.4 162.00 294.00 456.00 OK

Check Details

Version: 4.4
Check: compiled code
Result: NOTE
    File ‘mixAK/libs/mixAK.so’:
     Found no calls to: ‘R_registerRoutines’, ‘R_useDynamicSymbols’
    
    It is good practice to register native routines and to disable symbol
    search.
    
    See ‘Writing portable packages’ in the ‘Writing R Extensions’ manual.
Flavors: r-devel-linux-x86_64-debian-clang, r-devel-linux-x86_64-debian-gcc

Version: 4.4
Flags: --no-stop-on-test-error
Check: compiled code
Result: NOTE
    File ‘mixAK/libs/mixAK.so’:
     Found no calls to: ‘R_registerRoutines’, ‘R_useDynamicSymbols’
    
    It is good practice to register native routines and to disable symbol
    search.
    
    See ‘Writing portable packages’ in the ‘Writing R Extensions’ manual.
Flavors: r-devel-linux-x86_64-fedora-clang, r-devel-linux-x86_64-fedora-gcc, r-devel-macos-x86_64-clang