CRAN Package Check Results for Package mixKernel

Last updated on 2018-09-21 21:47:39 CEST.

Flavor Version Tinstall Tcheck Ttotal Status Flags
r-devel-linux-x86_64-debian-clang 0.2 19.81 231.22 251.03 OK
r-devel-linux-x86_64-debian-gcc 0.2 15.47 181.00 196.47 OK
r-devel-linux-x86_64-fedora-clang 0.2 290.76 OK
r-devel-linux-x86_64-fedora-gcc 0.2 285.38 OK
r-devel-windows-ix86+x86_64 0.2 44.00 227.00 271.00 OK
r-patched-linux-x86_64 0.2 17.26 184.65 201.91 OK
r-patched-solaris-x86 0.2 3.40 ERROR
r-release-linux-x86_64 0.2 14.33 183.53 197.86 OK
r-release-windows-ix86+x86_64 0.2 48.00 223.00 271.00 OK
r-release-osx-x86_64 0.1 ERROR
r-oldrel-windows-ix86+x86_64 0.2 26.00 255.00 281.00 OK
r-oldrel-osx-x86_64 0.2 WARN

Check Details

Version: 0.2
Check: package dependencies
Result: ERROR
    Package required but not available: ‘phyloseq’
    
    See section ‘The DESCRIPTION file’ in the ‘Writing R Extensions’
    manual.
Flavor: r-patched-solaris-x86

Version: 0.1
Check: examples
Result: ERROR
    Running examples in ‘mixKernel-Ex.R’ failed
    The error most likely occurred in:
    
    > ### Name: cim.kernel
    > ### Title: Compute and display similarities between multiple kernels
    > ### Aliases: cim.kernel
    >
    > ### ** Examples
    >
    > data(TARAoceans)
    >
    > # compute one kernel per dataset
    > phychem.kernel <- compute.kernel(TARAoceans$phychem, kernel.func = "linear")
    > pro.phylo.kernel <- compute.kernel(TARAoceans$pro.phylo, kernel.func = "abundance")
    Error in .C("veg_distance", x = as.double(x), nr = N, nc = ncol(x), d = double(N * :
     "veg_distance" not available for .C() for package "vegan"
    Calls: compute.kernel ... distance -> do.call -> do.call -> vegdist -> vegdist
    Execution halted
Flavor: r-release-osx-x86_64

Version: 0.2
Check: whether package can be installed
Result: WARN
    Found the following significant warnings:
     Warning: 'rgl_init' failed, running with rgl.useNULL = TRUE
Flavor: r-oldrel-osx-x86_64