CRAN Package Check Results for Package mixKernel

Last updated on 2018-12-12 01:46:32 CET.

Flavor Version Tinstall Tcheck Ttotal Status Flags
r-devel-linux-x86_64-debian-clang 0.3 0.54 2.10 2.64 ERROR
r-devel-linux-x86_64-debian-gcc 0.3 14.16 152.17 166.33 OK
r-devel-linux-x86_64-fedora-clang 0.3 241.92 OK
r-devel-linux-x86_64-fedora-gcc 0.3 241.87 OK
r-devel-windows-ix86+x86_64 0.3 41.00 182.00 223.00 OK
r-patched-linux-x86_64 0.3 15.53 185.48 201.01 OK
r-patched-solaris-x86 0.3 373.50 OK
r-release-linux-x86_64 0.3 15.92 184.33 200.25 OK
r-release-windows-ix86+x86_64 0.3 28.00 184.00 212.00 OK
r-release-osx-x86_64 0.3 OK
r-oldrel-windows-ix86+x86_64 0.3 25.00 261.00 286.00 OK
r-oldrel-osx-x86_64 0.3 OK

Check Details

Version: 0.3
Check: package dependencies
Result: ERROR
    Package required but not available: ‘phyloseq’
    
    See section ‘The DESCRIPTION file’ in the ‘Writing R Extensions’
    manual.
Flavor: r-devel-linux-x86_64-debian-clang