CRAN Package Check Results for Package mixKernel

Last updated on 2018-02-24 08:49:09 CET.

Flavor Version Tinstall Tcheck Ttotal Status Flags
r-devel-linux-x86_64-debian-clang 0.1 14.02 177.25 191.27 OK
r-devel-linux-x86_64-debian-gcc 0.1 12.72 144.79 157.51 OK
r-devel-windows-ix86+x86_64 0.1 34.00 235.00 269.00 OK
r-patched-linux-x86_64 0.1 14.65 176.69 191.34 OK
r-patched-solaris-x86 0.1 330.20 OK
r-release-linux-x86_64 0.1 13.75 173.03 186.78 OK
r-release-windows-ix86+x86_64 0.1 39.00 244.00 283.00 OK
r-release-osx-x86_64 0.1 ERROR
r-oldrel-windows-ix86+x86_64 0.1 27.00 254.00 281.00 OK
r-oldrel-osx-x86_64 0.1 OK

Check Details

Version: 0.1
Check: package dependencies
Result: ERROR
    Package required but not available: ‘phyloseq’
    
    See section ‘The DESCRIPTION file’ in the ‘Writing R Extensions’
    manual.
Flavor: r-release-osx-x86_64