CRAN Package Check Results for Package mixKernel

Last updated on 2017-11-22 15:49:21 CET.

Flavor Version Tinstall Tcheck Ttotal Status Flags
r-devel-linux-x86_64-debian-clang 0.1 8.17 94.23 102.41 OK
r-devel-linux-x86_64-debian-gcc 0.1 10.21 199.88 210.08 OK
r-devel-linux-x86_64-fedora-clang 0.1 199.40 OK
r-devel-linux-x86_64-fedora-gcc 0.1 195.69 OK
r-devel-windows-ix86+x86_64 0.1 27.00 169.00 196.00 OK
r-patched-linux-x86_64 0.1 9.46 108.71 118.17 OK
r-patched-solaris-x86 0.1 338.30 OK
r-release-linux-x86_64 0.1 9.89 109.05 118.94 OK
r-release-windows-ix86+x86_64 0.1 29.00 177.00 206.00 OK
r-release-osx-x86_64 0.1 ERROR
r-oldrel-windows-ix86+x86_64 0.1 27.00 186.00 213.00 OK
r-oldrel-osx-x86_64 0.1 OK

Check Details

Version: 0.1
Check: package dependencies
Result: ERROR
    Package required but not available: ‘phyloseq’
    
    See section ‘The DESCRIPTION file’ in the ‘Writing R Extensions’
    manual.
Flavor: r-release-osx-x86_64