CRAN Package Check Results for Package mixKernel

Last updated on 2018-06-20 12:48:42 CEST.

Flavor Version Tinstall Tcheck Ttotal Status Flags
r-devel-linux-x86_64-debian-clang 0.1 17.96 227.03 244.99 OK
r-devel-linux-x86_64-debian-gcc 0.1 14.57 178.46 193.03 OK
r-devel-linux-x86_64-fedora-clang 0.1 286.64 OK
r-devel-linux-x86_64-fedora-gcc 0.1 277.40 OK
r-devel-windows-ix86+x86_64 0.1 54.00 211.00 265.00 ERROR
r-patched-linux-x86_64 0.1 14.27 181.09 195.36 OK
r-patched-solaris-x86 0.1 3.30 ERROR
r-release-linux-x86_64 0.1 15.95 180.33 196.28 OK
r-release-windows-ix86+x86_64 0.1 31.00 243.00 274.00 ERROR
r-release-osx-x86_64 0.1 ERROR
r-oldrel-windows-ix86+x86_64 0.1 29.00 168.00 197.00 ERROR
r-oldrel-osx-x86_64 0.1 OK

Check Details

Version: 0.1
Check: examples
Result: ERROR
    Running examples in 'mixKernel-Ex.R' failed
    The error most likely occurred in:
    
    > ### Name: cim.kernel
    > ### Title: Compute and display similarities between multiple kernels
    > ### Aliases: cim.kernel
    >
    > ### ** Examples
    >
    > data(TARAoceans)
    >
    > # compute one kernel per dataset
    > phychem.kernel <- compute.kernel(TARAoceans$phychem, kernel.func = "linear")
    > pro.phylo.kernel <- compute.kernel(TARAoceans$pro.phylo, kernel.func = "abundance")
    Error in .C("veg_distance", x = as.double(x), nr = N, nc = ncol(x), d = double(N * :
     "veg_distance" not available for .C() for package "vegan"
    Calls: compute.kernel ... distance -> do.call -> do.call -> vegdist -> vegdist -> .C
    Execution halted
Flavors: r-devel-windows-ix86+x86_64, r-release-windows-ix86+x86_64, r-oldrel-windows-ix86+x86_64

Version: 0.1
Check: package dependencies
Result: ERROR
    Package required but not available: ‘phyloseq’
    
    See section ‘The DESCRIPTION file’ in the ‘Writing R Extensions’
    manual.
Flavor: r-patched-solaris-x86

Version: 0.1
Check: examples
Result: ERROR
    Running examples in ‘mixKernel-Ex.R’ failed
    The error most likely occurred in:
    
    > ### Name: cim.kernel
    > ### Title: Compute and display similarities between multiple kernels
    > ### Aliases: cim.kernel
    >
    > ### ** Examples
    >
    > data(TARAoceans)
    >
    > # compute one kernel per dataset
    > phychem.kernel <- compute.kernel(TARAoceans$phychem, kernel.func = "linear")
    > pro.phylo.kernel <- compute.kernel(TARAoceans$pro.phylo, kernel.func = "abundance")
    Error in .C("veg_distance", x = as.double(x), nr = N, nc = ncol(x), d = double(N * :
     "veg_distance" not available for .C() for package "vegan"
    Calls: compute.kernel ... distance -> do.call -> do.call -> vegdist -> vegdist
    Execution halted
Flavor: r-release-osx-x86_64