CRAN Package Check Results for Package mixOmics

Last updated on 2017-02-27 11:48:35.

Flavor Version Tinstall Tcheck Ttotal Status Flags
r-devel-linux-x86_64-debian-clang 6.1.1 5.08 137.65 142.73 NOTE
r-devel-linux-x86_64-debian-gcc 6.1.1 4.95 135.70 140.65 NOTE
r-devel-linux-x86_64-fedora-clang 6.1.2 263.44 OK --no-stop-on-test-error
r-devel-linux-x86_64-fedora-gcc 6.1.2 243.04 OK --no-stop-on-test-error
r-devel-macos-x86_64-clang 6.1.2 99.64 OK --no-stop-on-test-error
r-devel-windows-ix86+x86_64 6.1.1 28.00 351.00 379.00 NOTE
r-patched-linux-x86_64 6.1.1 4.72 125.24 129.96 OK
r-patched-solaris-sparc 6.1.1 1464.80 NOTE
r-patched-solaris-x86 6.1.2 253.90 NOTE
r-release-linux-x86_64 6.1.1 4.53 127.54 132.07 OK
r-release-osx-x86_64-mavericks 6.1.1 OK
r-release-windows-ix86+x86_64 6.1.1 33.00 337.00 370.00 OK
r-oldrel-windows-ix86+x86_64 6.1.1 19.00 277.00 296.00 OK

Check Details

Version: 6.1.1
Check: DESCRIPTION meta-information
Result: NOTE
    BugReports field is not a suitable URL but appears to contain an email address
     not specified by mailto: nor contained in < >
Flavors: r-devel-linux-x86_64-debian-clang, r-devel-linux-x86_64-debian-gcc, r-devel-windows-ix86+x86_64

Version: 6.1.1
Check: installed package size
Result: NOTE
     installed size is 5.2Mb
     sub-directories of 1Mb or more:
     data 4.1Mb
Flavor: r-patched-solaris-sparc

Version: 6.1.2
Check: installed package size
Result: NOTE
     installed size is 5.2Mb
     sub-directories of 1Mb or more:
     data 4.1Mb
Flavor: r-patched-solaris-x86