CRAN Package Check Results for Package mixOmics

Last updated on 2017-12-18 05:48:04 CET.

Flavor Version Tinstall Tcheck Ttotal Status Flags
r-devel-linux-x86_64-debian-clang 6.3.1 7.12 228.24 235.36 OK
r-devel-linux-x86_64-debian-gcc OK
r-devel-linux-x86_64-fedora-clang 6.3.1 287.80 OK
r-devel-linux-x86_64-fedora-gcc 6.3.1 284.52 OK
r-devel-windows-ix86+x86_64 6.3.1 17.00 224.00 241.00 OK
r-patched-linux-x86_64 6.3.1 8.63 272.61 281.24 OK
r-patched-solaris-x86 6.3.1 384.50 NOTE
r-release-linux-x86_64 6.3.1 8.16 266.90 275.06 OK
r-release-windows-ix86+x86_64 6.3.1 16.00 216.00 232.00 OK
r-release-osx-x86_64 6.3.1 OK
r-oldrel-windows-ix86+x86_64 6.3.1 18.00 309.00 327.00 OK
r-oldrel-osx-x86_64 6.3.1 OK

Check Details

Version: 6.3.1
Check: installed package size
Result: NOTE
     installed size is 5.2Mb
     sub-directories of 1Mb or more:
     data 4.1Mb
Flavor: r-patched-solaris-x86