CRAN Package Check Results for Package mixOmics

Last updated on 2016-09-30 23:48:01.

Flavor Version Tinstall Tcheck Ttotal Status Flags
r-devel-linux-x86_64-debian-clang 6.1.0 4.60 137.99 142.60 OK
r-devel-linux-x86_64-debian-gcc 6.1.0 4.65 125.70 130.35 OK
r-devel-linux-x86_64-fedora-clang 6.1.0 230.42 OK
r-devel-linux-x86_64-fedora-gcc 6.1.0 210.53 OK
r-devel-macos-x86_64-clang 6.1.0 175.54 OK
r-devel-windows-ix86+x86_64 6.1.0 23.00 229.00 252.00 OK
r-patched-linux-x86_64 6.1.0 4.89 121.30 126.19 OK
r-patched-solaris-sparc 6.1.0 1347.60 NOTE
r-patched-solaris-x86 6.1.0 262.00 NOTE
r-release-linux-x86_64 6.1.0 4.86 121.32 126.18 OK
r-release-osx-x86_64-mavericks 6.1.0 OK
r-release-windows-ix86+x86_64 6.1.0 13.00 186.00 199.00 OK
r-oldrel-windows-ix86+x86_64 6.1.0 21.00 241.00 262.00 OK

Check Details

Version: 6.1.0
Check: installed package size
Result: NOTE
     installed size is 5.2Mb
     sub-directories of 1Mb or more:
     data 4.1Mb
Flavors: r-patched-solaris-sparc, r-patched-solaris-x86