CRAN Package Check Results for Package mixOmics

Last updated on 2017-08-20 05:47:12.

Flavor Version Tinstall Tcheck Ttotal Status Flags
r-devel-linux-x86_64-debian-clang 6.2.0 4.64 144.68 149.32 OK
r-devel-linux-x86_64-debian-gcc 6.2.0 5.19 139.45 144.64 OK
r-devel-linux-x86_64-fedora-clang 6.2.0 142.52 OK
r-devel-linux-x86_64-fedora-gcc 6.2.0 139.49 OK
r-devel-windows-ix86+x86_64 6.2.0 13.00 200.00 213.00 OK
r-patched-linux-x86_64 6.2.0 5.02 145.69 150.71 OK
r-patched-solaris-x86 6.2.0 288.00 NOTE
r-release-linux-x86_64 6.2.0 4.99 142.00 146.99 OK
r-release-windows-ix86+x86_64 6.1.3 22.00 197.00 219.00 OK
r-release-osx-x86_64 6.2.0 OK
r-oldrel-windows-ix86+x86_64 6.2.0 16.00 186.00 202.00 OK
r-oldrel-osx-x86_64 6.2.0 OK

Check Details

Version: 6.2.0
Check: installed package size
Result: NOTE
     installed size is 5.2Mb
     sub-directories of 1Mb or more:
     data 4.1Mb
Flavor: r-patched-solaris-x86