CRAN Package Check Results for Package mixOmics

Last updated on 2015-02-27 20:49:39.

Flavor Version Tinstall Tcheck Ttotal Status Flags
r-devel-linux-x86_64-debian-clang 5.0-3 1.94 72.86 74.80 NOTE
r-devel-linux-x86_64-debian-gcc 5.0-3 1.86 66.13 67.98 NOTE
r-devel-linux-x86_64-fedora-clang 5.0-3 137.38 NOTE
r-devel-linux-x86_64-fedora-gcc 5.0-3 126.91 NOTE
r-devel-osx-x86_64-clang 5.0-3 116.47 NOTE
r-devel-windows-ix86+x86_64 5.0-3 9.00 90.00 99.00 OK
r-patched-linux-x86_64 5.0-3 4.32 75.85 80.17 OK
r-patched-solaris-sparc 5.0-3 884.10 OK
r-release-linux-ix86 5.0-3 3.93 92.52 96.45 OK
r-release-linux-x86_64 5.0-3 2.31 76.30 78.61 OK
r-release-osx-x86_64-mavericks 5.0-3 OK
r-release-osx-x86_64-snowleopard 5.0-3 OK
r-release-windows-ix86+x86_64 5.0-3 7.00 111.00 118.00 OK
r-oldrel-windows-ix86+x86_64 5.0-3 8.00 101.00 109.00 OK

Check Details

Version: 5.0-3
Check: S3 generic/method consistency
Result: NOTE
    Found the following apparent S3 methods exported but not registered:
     select.var
    See section ‘Registering S3 methods’ in the ‘Writing R Extensions’
    manual.
Flavors: r-devel-linux-x86_64-debian-clang, r-devel-linux-x86_64-debian-gcc, r-devel-linux-x86_64-fedora-clang, r-devel-linux-x86_64-fedora-gcc, r-devel-osx-x86_64-clang