CRAN Package Check Results for Package mixOmics

Last updated on 2017-01-22 17:47:23.

Flavor Version Tinstall Tcheck Ttotal Status Flags
r-devel-linux-x86_64-debian-clang 6.1.1 5.15 139.84 144.99 NOTE
r-devel-linux-x86_64-debian-gcc 6.1.1 6.00 137.38 143.38 NOTE
r-devel-linux-x86_64-fedora-clang 6.1.1 251.52 NOTE --no-stop-on-test-error
r-devel-linux-x86_64-fedora-gcc 6.1.1 240.56 NOTE --no-stop-on-test-error
r-devel-macos-x86_64-clang 6.1.1 199.09 NOTE --no-stop-on-test-error
r-devel-windows-ix86+x86_64 6.1.1 12.00 226.00 238.00 NOTE
r-patched-linux-x86_64 6.1.1 4.54 124.99 129.53 OK
r-patched-solaris-sparc 6.1.1 1464.80 NOTE
r-patched-solaris-x86 6.1.1 270.60 NOTE
r-release-linux-x86_64 6.1.1 4.59 123.20 127.79 OK
r-release-osx-x86_64-mavericks 6.1.1 OK
r-release-windows-ix86+x86_64 6.1.1 31.00 263.00 294.00 OK
r-oldrel-windows-ix86+x86_64 6.1.1 20.00 368.00 388.00 OK

Check Details

Version: 6.1.1
Check: DESCRIPTION meta-information
Result: NOTE
    BugReports field is not a suitable URL but appears to contain an email address
     not specified by mailto: nor contained in < >
Flavors: r-devel-linux-x86_64-debian-clang, r-devel-linux-x86_64-debian-gcc, r-devel-windows-ix86+x86_64

Version: 6.1.1
Flags: --no-stop-on-test-error
Check: DESCRIPTION meta-information
Result: NOTE
    BugReports field is not a suitable URL but appears to contain an email address
     not specified by mailto: nor contained in < >
Flavors: r-devel-linux-x86_64-fedora-clang, r-devel-linux-x86_64-fedora-gcc, r-devel-macos-x86_64-clang

Version: 6.1.1
Check: installed package size
Result: NOTE
     installed size is 5.2Mb
     sub-directories of 1Mb or more:
     data 4.1Mb
Flavors: r-patched-solaris-sparc, r-patched-solaris-x86