CRAN Package Check Results for Package mixOmics

Last updated on 2017-06-26 20:48:24.

Flavor Version Tinstall Tcheck Ttotal Status Flags
r-devel-linux-x86_64-debian-clang 6.1.3 4.96 136.53 141.50 OK
r-devel-linux-x86_64-debian-gcc 6.1.3 4.95 134.97 139.93 OK
r-devel-linux-x86_64-fedora-clang 6.1.3 259.77 OK
r-devel-linux-x86_64-fedora-gcc 6.1.3 254.18 OK
r-devel-windows-ix86+x86_64 6.1.3 19.00 207.00 226.00 OK
r-patched-linux-x86_64 6.1.3 4.90 136.36 141.26 OK
r-patched-solaris-sparc 6.1.3 1532.60 NOTE
r-patched-solaris-x86 6.1.3 301.00 NOTE
r-release-linux-x86_64 6.1.3 4.72 138.24 142.96 OK
r-release-windows-ix86+x86_64 6.1.3 15.00 299.00 314.00 OK
r-release-osx-x86_64 6.1.3 OK
r-oldrel-windows-ix86+x86_64 6.1.3 19.00 247.00 266.00 OK
r-oldrel-osx-x86_64 6.1.3 OK

Check Details

Version: 6.1.3
Check: installed package size
Result: NOTE
     installed size is 5.3Mb
     sub-directories of 1Mb or more:
     data 4.2Mb
Flavors: r-patched-solaris-sparc, r-patched-solaris-x86