CRAN Package Check Results for Package mixOmics

Last updated on 2015-05-27 19:47:13.

Flavor Version Tinstall Tcheck Ttotal Status Flags
r-devel-linux-x86_64-debian-clang 5.0-4 2.29 64.94 67.22 OK
r-devel-linux-x86_64-debian-gcc 5.0-4 2.18 60.29 62.48 OK
r-devel-linux-x86_64-fedora-clang 5.0-4 123.15 OK
r-devel-linux-x86_64-fedora-gcc 5.0-4 115.63 OK
r-devel-osx-x86_64-clang 5.0-4 107.45 OK
r-devel-windows-ix86+x86_64 5.0-4 8.00 84.00 92.00 OK
r-patched-linux-x86_64 5.0-4 2.17 62.47 64.64 OK
r-patched-solaris-sparc 5.0-4 825.30 OK
r-patched-solaris-x86 5.0-4 160.70 OK
r-release-linux-x86_64 5.0-4 2.76 60.74 63.50 OK
r-release-osx-x86_64-mavericks 5.0-4 OK
r-release-osx-x86_64-snowleopard 5.0-4 ERROR
r-release-windows-ix86+x86_64 5.0-4 8.00 86.00 94.00 OK
r-oldrel-windows-ix86+x86_64 5.0-4 10.00 99.00 109.00 OK

Check Details

Version: 5.0-4
Check: package dependencies
Result: ERROR
    Package required but not available: ‘igraph’
    
    See section ‘The DESCRIPTION file’ in the ‘Writing R Extensions’
    manual.
Flavor: r-release-osx-x86_64-snowleopard