CRAN Package Check Results for Package mixOmics

Last updated on 2018-05-21 14:51:56 CEST.

Flavor Version Tinstall Tcheck Ttotal Status Flags
r-devel-linux-x86_64-debian-clang 6.3.1 31.74 207.55 239.29 OK
r-devel-linux-x86_64-debian-gcc 6.3.1 28.33 174.59 202.92 OK
r-devel-linux-x86_64-fedora-clang 6.3.1 324.78 NOTE
r-devel-linux-x86_64-fedora-gcc 6.3.1 313.14 NOTE
r-devel-windows-ix86+x86_64 6.3.1 47.00 223.00 270.00 NOTE
r-patched-linux-x86_64 6.3.1 37.74 223.68 261.42 OK
r-patched-solaris-x86 6.3.1 412.10 NOTE
r-release-linux-x86_64 6.3.1 32.27 219.24 251.51 OK
r-release-windows-ix86+x86_64 6.3.1 50.00 285.00 335.00 NOTE
r-release-osx-x86_64 6.3.1 NOTE
r-oldrel-windows-ix86+x86_64 6.3.1 25.00 324.00 349.00 OK
r-oldrel-osx-x86_64 6.3.1 OK

Check Details

Version: 6.3.1
Check: installed package size
Result: NOTE
     installed size is 5.8Mb
     sub-directories of 1Mb or more:
     R 1.2Mb
     data 4.0Mb
Flavors: r-devel-linux-x86_64-fedora-clang, r-devel-linux-x86_64-fedora-gcc, r-devel-windows-ix86+x86_64, r-patched-solaris-x86, r-release-windows-ix86+x86_64, r-release-osx-x86_64