CRAN Package Check Results for Package mixOmics

Last updated on 2017-04-30 23:51:39.

Flavor Version Tinstall Tcheck Ttotal Status Flags
r-devel-linux-x86_64-debian-clang 6.1.2 5.25 135.96 141.22 OK
r-devel-linux-x86_64-debian-gcc 6.1.2 5.03 130.42 135.45 OK
r-devel-linux-x86_64-fedora-clang 6.1.2 261.51 OK --no-stop-on-test-error
r-devel-linux-x86_64-fedora-gcc 6.1.2 245.54 OK --no-stop-on-test-error
r-devel-windows-ix86+x86_64 6.1.2 13.00 281.00 294.00 OK
r-patched-linux-x86_64 6.1.2 4.94 138.95 143.90 OK
r-patched-solaris-sparc 6.1.2 1588.10 NOTE
r-patched-solaris-x86 6.1.2 293.60 NOTE
r-release-linux-x86_64 6.1.2 4.70 136.76 141.47 OK
r-release-windows-ix86+x86_64 6.1.2 23.00 279.00 302.00 OK
r-release-osx-x86_64 6.1.2 OK
r-oldrel-windows-ix86+x86_64 6.1.2 21.00 248.00 269.00 OK
r-oldrel-osx-x86_64 6.1.2 OK

Check Details

Version: 6.1.2
Check: installed package size
Result: NOTE
     installed size is 5.2Mb
     sub-directories of 1Mb or more:
     data 4.1Mb
Flavors: r-patched-solaris-sparc, r-patched-solaris-x86