CRAN Package Check Results for Package mixOmics

Last updated on 2015-04-19 03:49:42.

Flavor Version Tinstall Tcheck Ttotal Status Flags
r-devel-linux-x86_64-debian-clang 5.0-3 2.16 71.00 73.16 NOTE
r-devel-linux-x86_64-debian-gcc 5.0-3 2.36 71.39 73.75 NOTE
r-devel-linux-x86_64-fedora-clang 5.0-3 141.14 NOTE
r-devel-linux-x86_64-fedora-gcc 5.0-3 134.25 NOTE
r-devel-osx-x86_64-clang 5.0-3 116.25 NOTE
r-patched-linux-x86_64 5.0-3 2.18 74.06 76.24 NOTE
r-patched-solaris-sparc 5.0-3 959.00 OK
r-patched-solaris-x86 5.0-3 173.60 OK
r-release-linux-x86_64 5.0-3 2.15 71.95 74.10 NOTE
r-release-osx-x86_64-mavericks 5.0-3 OK
r-release-osx-x86_64-snowleopard 5.0-3 ERROR
r-release-windows-ix86+x86_64 5.0-3 7.00 132.00 139.00 OK
r-oldrel-windows-ix86+x86_64 5.0-3 13.00 158.00 171.00 OK

Check Details

Version: 5.0-3
Check: S3 generic/method consistency
Result: NOTE
    Found the following apparent S3 methods exported but not registered:
     select.var
    See section ‘Registering S3 methods’ in the ‘Writing R Extensions’
    manual.
Flavors: r-devel-linux-x86_64-debian-clang, r-devel-linux-x86_64-debian-gcc, r-devel-linux-x86_64-fedora-clang, r-devel-linux-x86_64-fedora-gcc, r-devel-osx-x86_64-clang, r-patched-linux-x86_64, r-release-linux-x86_64

Version: 5.0-3
Check: package dependencies
Result: ERROR
    Package required but not available: ‘igraph’
    
    See section ‘The DESCRIPTION file’ in the ‘Writing R Extensions’
    manual.
Flavor: r-release-osx-x86_64-snowleopard