CRAN Package Check Results for Package mixOmics

Last updated on 2017-03-25 17:49:40.

Flavor Version Tinstall Tcheck Ttotal Status Flags
r-devel-linux-x86_64-debian-clang 6.1.2 5.29 137.64 142.94 OK
r-devel-linux-x86_64-debian-gcc 6.1.2 5.25 133.21 138.45 OK
r-devel-linux-x86_64-fedora-clang 6.1.2 252.54 OK --no-stop-on-test-error
r-devel-linux-x86_64-fedora-gcc 6.1.2 244.89 OK --no-stop-on-test-error
r-devel-macos-x86_64-clang 6.1.2 192.92 OK --no-stop-on-test-error
r-patched-linux-x86_64 6.1.2 4.86 133.16 138.01 OK
r-patched-solaris-sparc 6.1.2 1588.10 NOTE
r-patched-solaris-x86 6.1.2 307.00 NOTE
r-release-linux-x86_64 6.1.2 4.90 119.19 124.09 OK
r-release-osx-x86_64-mavericks 6.1.2 OK
r-release-windows-ix86+x86_64 6.1.2 19.00 251.00 270.00 OK
r-oldrel-windows-ix86+x86_64 6.1.2 16.00 220.00 236.00 OK

Check Details

Version: 6.1.2
Check: installed package size
Result: NOTE
     installed size is 5.2Mb
     sub-directories of 1Mb or more:
     data 4.1Mb
Flavors: r-patched-solaris-sparc, r-patched-solaris-x86