CRAN Package Check Results for Package mixOmics

Last updated on 2017-10-21 00:51:50.

Flavor Version Tinstall Tcheck Ttotal Status Flags
r-devel-linux-x86_64-debian-clang 6.3.0 6.68 156.11 162.79 OK
r-devel-linux-x86_64-debian-gcc 6.3.0 6.87 164.71 171.58 OK
r-devel-linux-x86_64-fedora-clang 6.3.0 192.32 OK
r-devel-linux-x86_64-fedora-gcc 6.3.0 187.37 OK
r-devel-windows-ix86+x86_64 6.3.0 16.00 238.00 254.00 OK
r-patched-linux-x86_64 6.3.0 7.09 159.27 166.37 OK
r-patched-solaris-x86 6.3.0 348.30 NOTE
r-release-linux-x86_64 6.3.0 6.43 159.37 165.80 OK
r-release-windows-ix86+x86_64 6.3.0 24.00 305.00 329.00 OK
r-release-osx-x86_64 6.3.0 OK
r-oldrel-windows-ix86+x86_64 6.3.0 18.00 288.00 306.00 OK
r-oldrel-osx-x86_64 6.3.0 OK

Check Details

Version: 6.3.0
Check: installed package size
Result: NOTE
     installed size is 5.2Mb
     sub-directories of 1Mb or more:
     data 4.1Mb
Flavor: r-patched-solaris-x86