CRAN Package Check Results for Package mixOmics

Last updated on 2015-01-29 12:48:08.

Flavor Version Tinstall Tcheck Ttotal Status Flags
r-devel-linux-x86_64-debian-clang 5.0-3 2.04 69.32 71.36 NOTE
r-devel-linux-x86_64-debian-gcc 5.0-3 2.46 67.80 70.25 NOTE
r-devel-linux-x86_64-fedora-clang 5.0-3 146.84 NOTE
r-devel-linux-x86_64-fedora-gcc 5.0-3 134.86 NOTE
r-devel-osx-x86_64-clang 5.0-3 125.83 NOTE
r-devel-windows-ix86+x86_64 5.0-3 9.00 96.00 105.00 OK
r-patched-linux-x86_64 5.0-3 2.21 75.74 77.95 OK
r-patched-solaris-sparc 5.0-3 884.10 OK
r-patched-solaris-x86 5.0-3 183.80 OK
r-release-linux-ix86 5.0-3 2.80 91.10 93.90 OK
r-release-linux-x86_64 5.0-3 2.19 75.94 78.13 OK
r-release-osx-x86_64-mavericks 5.0-3 OK
r-release-osx-x86_64-snowleopard 5.0-3 OK
r-release-windows-ix86+x86_64 5.0-3 7.00 108.00 115.00 OK
r-oldrel-windows-ix86+x86_64 5.0-3 8.00 109.00 117.00 OK

Check Details

Version: 5.0-3
Check: S3 generic/method consistency
Result: NOTE
    Found the following apparent S3 methods exported but not registered:
     select.var
    See section ‘Registering S3 methods’ in the ‘Writing R Extensions’
    manual.
Flavors: r-devel-linux-x86_64-debian-clang, r-devel-linux-x86_64-debian-gcc, r-devel-linux-x86_64-fedora-clang, r-devel-linux-x86_64-fedora-gcc, r-devel-osx-x86_64-clang