CRAN Package Check Results for Package mixOmics

Last updated on 2015-03-28 00:54:21.

Flavor Version Tinstall Tcheck Ttotal Status Flags
r-devel-linux-x86_64-debian-clang 5.0-3 2.29 70.46 72.76 NOTE
r-devel-linux-x86_64-debian-gcc 5.0-3 2.13 69.74 71.87 NOTE
r-devel-linux-x86_64-fedora-clang 5.0-3 145.36 NOTE
r-devel-linux-x86_64-fedora-gcc 5.0-3 132.30 NOTE
r-devel-osx-x86_64-clang 5.0-3 127.59 NOTE
r-prerel-windows-ix86+x86_64 5.0-3 7.00 96.00 103.00 OK
r-prerel-linux-x86_64 5.0-3 2.27 71.20 73.47 NOTE
r-prerel-solaris-sparc 5.0-3 959.00 OK
r-prerel-solaris-x86 5.0-3 177.30 OK
r-release-linux-x86_64 5.0-3 5.10 81.82 86.92 OK
r-release-osx-x86_64-mavericks 5.0-3 OK
r-release-osx-x86_64-snowleopard 5.0-3 OK
r-release-windows-ix86+x86_64 5.0-3 10.00 123.00 133.00 OK
r-oldrel-windows-ix86+x86_64 5.0-3 9.00 163.00 172.00 OK

Check Details

Version: 5.0-3
Check: S3 generic/method consistency
Result: NOTE
    Found the following apparent S3 methods exported but not registered:
     select.var
    See section ‘Registering S3 methods’ in the ‘Writing R Extensions’
    manual.
Flavors: r-devel-linux-x86_64-debian-clang, r-devel-linux-x86_64-debian-gcc, r-devel-linux-x86_64-fedora-clang, r-devel-linux-x86_64-fedora-gcc, r-devel-osx-x86_64-clang, r-prerel-linux-x86_64