CRAN Package Check Results for Package mixOmics

Last updated on 2014-04-25 09:52:18.

Flavor Version Tinstall Tcheck Ttotal Status Flags
r-devel-linux-x86_64-debian-clang 5.0-1 2.26 82.78 85.04 OK
r-devel-linux-x86_64-debian-gcc 5.0-1 2.22 81.44 83.66 OK
r-devel-linux-x86_64-fedora-clang 5.0-1 166.00 OK
r-devel-linux-x86_64-fedora-gcc 5.0-1 160.12 OK
r-devel-osx-x86_64-clang 5.0-1 117.23 OK
r-devel-osx-x86_64-gcc 5.0-1 ERROR
r-devel-windows-ix86+x86_64 5.0-1 6.00 104.00 110.00 OK
r-patched-linux-x86_64 5.0-1 2.28 84.17 86.45 OK
r-patched-solaris-sparc 5.0-1 923.60 OK
r-patched-solaris-x86 5.0-1 200.10 OK
r-release-linux-ix86 5.0-1 4.00 125.00 129.00 OK
r-release-linux-x86_64 5.0-1 2.24 84.07 86.31 OK
r-release-osx-x86_64-mavericks 5.0-1 WARN
r-release-osx-x86_64-snowleopard 5.0-1 OK
r-release-windows-ix86+x86_64 5.0-1 6.00 108.00 114.00 OK
r-oldrel-windows-ix86+x86_64 5.0-1 6.00 109.00 115.00 OK

Check Details

Version: 5.0-1
Check: package dependencies
Result: ERROR
    Package required but not available: ‘igraph’
    
    See the information on DESCRIPTION files in the chapter ‘Creating R
    packages’ of the ‘Writing R Extensions’ manual.
Flavor: r-devel-osx-x86_64-gcc

Version: 5.0-1
Check: PDF version of manual
Result: WARNING
    LaTeX errors when creating PDF version.
    This typically indicates Rd problems.
    LaTeX errors found:
    ! LaTeX Error: File `upquote.sty' not found.
    
    Type X to quit or <RETURN> to proceed,
    or enter new name. (Default extension: sty)
    
    3152e7b/Rd2.tex:8: ==> Fatal error occurred, no output PDF file produced!
Flavor: r-release-osx-x86_64-mavericks