CRAN Package Check Results for Package mixOmics

Last updated on 2016-12-04 05:48:01.

Flavor Version Tinstall Tcheck Ttotal Status Flags
r-devel-linux-x86_64-debian-clang 6.1.1 6.25 142.42 148.67 OK
r-devel-linux-x86_64-debian-gcc 6.1.1 5.03 136.07 141.10 OK
r-devel-linux-x86_64-fedora-clang 6.1.1 269.04 OK --no-stop-on-test-error
r-devel-linux-x86_64-fedora-gcc 6.1.1 264.36 OK
r-devel-macos-x86_64-clang 6.1.1 203.37 OK
r-devel-windows-ix86+x86_64 6.1.1 13.00 192.00 205.00 OK
r-patched-linux-x86_64 6.1.1 4.50 126.71 131.22 OK
r-patched-solaris-sparc 6.1.1 1524.80 NOTE
r-patched-solaris-x86 6.1.1 274.00 NOTE
r-release-linux-x86_64 6.1.1 4.70 123.29 127.99 OK
r-release-osx-x86_64-mavericks 6.1.1 OK
r-release-windows-ix86+x86_64 6.1.1 19.00 266.00 285.00 OK
r-oldrel-windows-ix86+x86_64 6.1.1 22.00 264.00 286.00 OK

Check Details

Version: 6.1.1
Check: installed package size
Result: NOTE
     installed size is 5.2Mb
     sub-directories of 1Mb or more:
     data 4.1Mb
Flavors: r-patched-solaris-sparc, r-patched-solaris-x86