CRAN Package Check Results for Package mixPHM

Last updated on 2014-11-28 19:51:22.

Flavor Version Tinstall Tcheck Ttotal Status Flags
r-devel-linux-x86_64-debian-clang 0.7-1 1.48 37.48 38.97 OK
r-devel-linux-x86_64-debian-gcc 0.7-1 1.31 37.82 39.12 OK
r-devel-linux-x86_64-fedora-clang 0.7-1 61.86 OK
r-devel-linux-x86_64-fedora-gcc 0.7-1 61.73 OK
r-devel-osx-x86_64-clang 0.7-1 67.65 OK
r-devel-windows-ix86+x86_64 0.7-1 4.00 59.00 63.00 OK
r-patched-linux-x86_64 0.7-1 1.45 40.72 42.17 OK
r-patched-solaris-sparc 0.7-1 459.60 OK
r-patched-solaris-x86 0.7-1 88.20 OK
r-release-linux-ix86 0.7.0 1.13 75.76 76.89 NOTE
r-release-linux-x86_64 0.7-1 1.45 43.36 44.81 OK
r-release-osx-x86_64-mavericks 0.7-1 OK
r-release-osx-x86_64-snowleopard 0.7-1 OK
r-release-windows-ix86+x86_64 0.7-1 4.00 61.00 65.00 OK
r-oldrel-windows-ix86+x86_64 0.7-1 4.00 65.00 69.00 OK

Check Details

Version: 0.7.0
Check: dependencies in R code
Result: NOTE
    Packages in Depends field not imported from:
     ‘lattice’ ‘survival’
     These packages need to be imported from (in the NAMESPACE file)
     for when this namespace is loaded but not attached.
    See the information on DESCRIPTION files in the chapter ‘Creating R
    packages’ of the ‘Writing R Extensions’ manual.
Flavor: r-release-linux-ix86

Version: 0.7.0
Check: R code for possible problems
Result: NOTE
    Eclass : <anonymous> : <anonymous>: no visible global function
     definition for ‘survreg’
    Eclass: no visible global function definition for ‘survreg’
    Emax : <anonymous> : <anonymous>: no visible global function definition
     for ‘survreg’
    plot.hazard: no visible global function definition for ‘xyplot’
    plot.survival: no visible global function definition for ‘xyplot’
Flavor: r-release-linux-ix86

Version: 0.7.0
Check: Rd \usage sections
Result: NOTE
    S3 methods shown with full name in documentation object 'plot.hazard':
     ‘plot.hazard’ ‘plot.survival’ ‘plot.profile’
    
    The \usage entries for S3 methods should use the \method markup and not
    their full name.
    See the chapter ‘Writing R documentation files’ in the ‘Writing R
    Extensions’ manual.
Flavor: r-release-linux-ix86