CRAN Package Check Results for Package mixPHM

Last updated on 2015-07-08 03:48:11.

Flavor Version Tinstall Tcheck Ttotal Status Flags
r-devel-linux-x86_64-debian-clang 0.7-1 1.31 33.75 35.06 NOTE
r-devel-linux-x86_64-debian-gcc 0.7-1 1.88 33.12 35.00 NOTE
r-devel-linux-x86_64-fedora-clang 0.7-1 69.16 NOTE
r-devel-linux-x86_64-fedora-gcc 0.7-1 66.04 NOTE
r-devel-osx-x86_64-clang 0.7-1 57.42 NOTE
r-devel-windows-ix86+x86_64 0.7-1 5.00 70.00 75.00 NOTE
r-patched-linux-x86_64 0.7-1 1.81 33.48 35.28 NOTE
r-patched-solaris-sparc 0.7-1 446.60 NOTE
r-patched-solaris-x86 0.7-1 83.20 NOTE
r-release-linux-x86_64 0.7-1 2.00 33.66 35.66 NOTE
r-release-osx-x86_64-mavericks 0.7-1 NOTE
r-release-windows-ix86+x86_64 0.7-1 6.00 84.00 90.00 NOTE
r-oldrel-windows-ix86+x86_64 0.7-1 5.00 93.00 98.00 OK

Check Details

Version: 0.7-1
Check: DESCRIPTION meta-information
Result: NOTE
    Malformed Title field: should not end in a period.
Flavors: r-devel-linux-x86_64-debian-clang, r-devel-linux-x86_64-debian-gcc, r-devel-linux-x86_64-fedora-clang, r-devel-linux-x86_64-fedora-gcc, r-devel-osx-x86_64-clang, r-devel-windows-ix86+x86_64, r-patched-linux-x86_64, r-patched-solaris-sparc, r-patched-solaris-x86, r-release-linux-x86_64, r-release-osx-x86_64-mavericks, r-release-windows-ix86+x86_64

Version: 0.7-1
Check: S3 generic/method consistency
Result: NOTE
    Found the following apparent S3 methods exported but not registered:
     plot.hazard plot.profile plot.survival
    See section ‘Registering S3 methods’ in the ‘Writing R Extensions’
    manual.
Flavors: r-devel-linux-x86_64-debian-clang, r-devel-linux-x86_64-debian-gcc, r-devel-linux-x86_64-fedora-clang, r-devel-linux-x86_64-fedora-gcc, r-devel-osx-x86_64-clang, r-patched-linux-x86_64, r-patched-solaris-sparc, r-patched-solaris-x86, r-release-linux-x86_64