CRAN Package Check Results for Package mixPHM

Last updated on 2015-03-31 11:49:48.

Flavor Version Tinstall Tcheck Ttotal Status Flags
r-devel-linux-x86_64-debian-clang 0.7-1 1.56 36.74 38.31 NOTE
r-devel-linux-x86_64-debian-gcc 0.7-1 1.24 35.34 36.58 NOTE
r-devel-linux-x86_64-fedora-clang 0.7-1 74.79 NOTE
r-devel-linux-x86_64-fedora-gcc 0.7-1 73.36 NOTE
r-devel-osx-x86_64-clang 0.7-1 68.91 NOTE
r-prerel-windows-ix86+x86_64 0.7-1 4.00 59.00 63.00 NOTE
r-prerel-linux-x86_64 0.7-1 2.11 35.78 37.89 NOTE
r-prerel-solaris-sparc 0.7-1 463.60 NOTE
r-prerel-solaris-x86 0.7-1 84.50 NOTE
r-release-linux-x86_64 0.7-1 1.43 40.03 41.46 OK
r-release-osx-x86_64-mavericks 0.7-1 OK
r-release-osx-x86_64-snowleopard 0.7-1 OK
r-release-windows-ix86+x86_64 0.7-1 5.00 59.00 64.00 OK
r-oldrel-windows-ix86+x86_64 0.7-1 4.00 69.00 73.00 OK

Check Details

Version: 0.7-1
Check: DESCRIPTION meta-information
Result: NOTE
    Malformed Title field: should not end in a period.
Flavors: r-devel-linux-x86_64-debian-clang, r-devel-linux-x86_64-debian-gcc, r-devel-linux-x86_64-fedora-clang, r-devel-linux-x86_64-fedora-gcc, r-devel-osx-x86_64-clang, r-prerel-windows-ix86+x86_64, r-prerel-linux-x86_64, r-prerel-solaris-sparc, r-prerel-solaris-x86

Version: 0.7-1
Check: S3 generic/method consistency
Result: NOTE
    Found the following apparent S3 methods exported but not registered:
     plot.hazard plot.profile plot.survival
    See section ‘Registering S3 methods’ in the ‘Writing R Extensions’
    manual.
Flavors: r-devel-linux-x86_64-debian-clang, r-devel-linux-x86_64-debian-gcc, r-devel-linux-x86_64-fedora-clang, r-devel-linux-x86_64-fedora-gcc, r-devel-osx-x86_64-clang, r-prerel-linux-x86_64