CRAN Package Check Results for Package mixPHM

Last updated on 2015-05-25 03:47:43.

Flavor Version Tinstall Tcheck Ttotal Status Flags
r-devel-linux-x86_64-debian-clang 0.7-1 1.25 33.37 34.62 NOTE
r-devel-linux-x86_64-debian-gcc 0.7-1 1.31 32.35 33.66 NOTE
r-devel-linux-x86_64-fedora-clang 0.7-1 68.72 NOTE
r-devel-linux-x86_64-fedora-gcc 0.7-1 66.93 NOTE
r-devel-osx-x86_64-clang 0.7-1 61.16 NOTE
r-devel-windows-ix86+x86_64 0.7-1 4.00 50.00 54.00 NOTE
r-patched-linux-x86_64 0.7-1 1.42 38.46 39.88 NOTE
r-patched-solaris-sparc 0.7-1 446.60 NOTE
r-patched-solaris-x86 0.7-1 81.30 NOTE
r-release-linux-x86_64 0.7-1 1.99 35.06 37.05 NOTE
r-release-osx-x86_64-mavericks 0.7-1 NOTE
r-release-osx-x86_64-snowleopard 0.7-1 NOTE
r-release-windows-ix86+x86_64 0.7-1 3.00 59.00 62.00 NOTE
r-oldrel-windows-ix86+x86_64 0.7-1 4.00 82.00 86.00 OK

Check Details

Version: 0.7-1
Check: DESCRIPTION meta-information
Result: NOTE
    Malformed Title field: should not end in a period.
Flavors: r-devel-linux-x86_64-debian-clang, r-devel-linux-x86_64-debian-gcc, r-devel-linux-x86_64-fedora-clang, r-devel-linux-x86_64-fedora-gcc, r-devel-osx-x86_64-clang, r-devel-windows-ix86+x86_64, r-patched-linux-x86_64, r-patched-solaris-sparc, r-patched-solaris-x86, r-release-linux-x86_64, r-release-osx-x86_64-mavericks, r-release-osx-x86_64-snowleopard, r-release-windows-ix86+x86_64

Version: 0.7-1
Check: S3 generic/method consistency
Result: NOTE
    Found the following apparent S3 methods exported but not registered:
     plot.hazard plot.profile plot.survival
    See section ‘Registering S3 methods’ in the ‘Writing R Extensions’
    manual.
Flavors: r-devel-linux-x86_64-debian-clang, r-devel-linux-x86_64-debian-gcc, r-devel-linux-x86_64-fedora-clang, r-devel-linux-x86_64-fedora-gcc, r-devel-osx-x86_64-clang, r-patched-linux-x86_64, r-patched-solaris-sparc, r-patched-solaris-x86, r-release-linux-x86_64