CRAN Package Check Results for Package mixRasch

Last updated on 2015-09-04 23:56:17.

Flavor Version Tinstall Tcheck Ttotal Status Flags
r-devel-linux-x86_64-debian-clang 1.1 0.54 14.44 14.98 NOTE
r-devel-linux-x86_64-debian-gcc 1.1 0.54 13.71 14.25 NOTE
r-devel-linux-x86_64-fedora-clang 1.1 27.71 NOTE
r-devel-linux-x86_64-fedora-gcc 1.1 25.38 NOTE
r-devel-osx-x86_64-clang 1.1 26.13 OK
r-devel-windows-ix86+x86_64 1.1 2.00 34.00 36.00 NOTE
r-patched-linux-x86_64 1.1 0.57 14.56 15.12 OK
r-patched-solaris-sparc 1.1 179.90 OK
r-patched-solaris-x86 1.1 38.70 OK
r-release-linux-x86_64 1.1 0.57 15.41 15.98 OK
r-release-osx-x86_64-mavericks 1.1 OK
r-release-windows-ix86+x86_64 1.1 2.00 25.00 27.00 OK
r-oldrel-windows-ix86+x86_64 1.1 4.00 26.00 30.00 OK

Check Details

Version: 1.1
Check: R code for possible problems
Result: NOTE
    itemDescriptives : <anonymous>: no visible global function definition
     for ‘cor’
    itemFitPlot: no visible global function definition for ‘dev.new’
    itemFitPlot: no visible global function definition for ‘jpeg’
    itemFitPlot: no visible global function definition for ‘png’
    itemFitPlot: no visible global function definition for ‘plot’
    itemFitPlot: no visible global function definition for ‘polygon’
    itemFitPlot: no visible global function definition for ‘text’
    itemFitPlot: no visible global function definition for ‘abline’
    itemFitPlot: no visible global function definition for ‘dev.off’
    mixRasch: no visible global function definition for ‘flush.console’
    person.reports: no visible global function definition for ‘na.omit’
    personItemPlot: no visible global function definition for ‘hist’
    personItemPlot: no visible global function definition for ‘dev.new’
    personItemPlot: no visible global function definition for ‘jpeg’
    personItemPlot: no visible global function definition for ‘png’
    personItemPlot: no visible global function definition for ‘plot’
    personItemPlot: no visible global function definition for ‘axis’
    personItemPlot: no visible global function definition for ‘barplot’
    personItemPlot: no visible global function definition for ‘legend’
    personItemPlot: no visible global function definition for ‘dev.off’
    polyserial: no visible global function definition for ‘complete.cases’
    polyserial: no visible global function definition for ‘qnorm’
    polyserial: no visible global function definition for ‘cor’
    polyserial: no visible global function definition for ‘sd’
    polyserial: no visible global function definition for ‘dnorm’
    polyserial : negLogLik: no visible global function definition for
     ‘pnorm’
    polyserial : negLogLik: no visible global function definition for
     ‘dnorm’
    polyserial: no visible global function definition for ‘optim’
    rICC: no visible global function definition for ‘na.omit’
    rICC: no visible global function definition for ‘jpeg’
    rICC: no visible global function definition for ‘png’
    rICC: no visible global function definition for ‘plot’
    rICC: no visible global function definition for ‘points’
    rICC: no visible global function definition for ‘dev.off’
    Undefined global functions or variables:
     abline axis barplot complete.cases cor dev.new dev.off dnorm
     flush.console hist jpeg legend na.omit optim plot png pnorm points
     polygon qnorm sd text
    Consider adding
     importFrom("grDevices", "dev.new", "dev.off", "jpeg", "png")
     importFrom("graphics", "abline", "axis", "barplot", "hist", "legend",
     "plot", "points", "polygon", "text")
     importFrom("stats", "complete.cases", "cor", "dnorm", "na.omit",
     "optim", "pnorm", "qnorm", "sd")
     importFrom("utils", "flush.console")
    to your NAMESPACE.
Flavors: r-devel-linux-x86_64-debian-clang, r-devel-linux-x86_64-debian-gcc, r-devel-linux-x86_64-fedora-clang, r-devel-linux-x86_64-fedora-gcc, r-devel-windows-ix86+x86_64