CRAN Package Check Results for Package mixcat

Last updated on 2018-07-20 09:48:52 CEST.

Flavor Version Tinstall Tcheck Ttotal Status Flags
r-devel-linux-x86_64-debian-clang 1.0-3 7.70 30.83 38.53 WARN
r-devel-linux-x86_64-debian-gcc 1.0-3 5.44 25.71 31.15 WARN
r-devel-linux-x86_64-fedora-clang 1.0-3 50.46 WARN
r-devel-linux-x86_64-fedora-gcc 1.0-3 48.38 WARN
r-devel-windows-ix86+x86_64 1.0-3 16.00 120.00 136.00 NOTE
r-patched-linux-x86_64 1.0-3 6.05 31.60 37.65 NOTE
r-patched-solaris-x86 1.0-3 96.70 NOTE
r-release-linux-x86_64 1.0-3 6.32 31.80 38.12 NOTE
r-release-windows-ix86+x86_64 1.0-3 27.00 96.00 123.00 NOTE
r-release-osx-x86_64 1.0-3 WARN
r-oldrel-windows-ix86+x86_64 1.0-3 24.00 83.00 107.00 NOTE
r-oldrel-osx-x86_64 1.0-3 NOTE

Additional issues

valgrind

Check Details

Version: 1.0-3
Check: whether package can be installed
Result: WARN
    Found the following significant warnings:
     npmltc.cpp:70:11: warning: 'register' storage class specifier is deprecated and incompatible with C++17 [-Wdeprecated-register]
     npmltc.cpp:71:15: warning: 'register' storage class specifier is deprecated and incompatible with C++17 [-Wdeprecated-register]
     npmltc.cpp:81:13: warning: 'register' storage class specifier is deprecated and incompatible with C++17 [-Wdeprecated-register]
     npmltc.cpp:91:11: warning: 'register' storage class specifier is deprecated and incompatible with C++17 [-Wdeprecated-register]
     npmltc.cpp:104:11: warning: 'register' storage class specifier is deprecated and incompatible with C++17 [-Wdeprecated-register]
     npmltc.cpp:109:11: warning: 'register' storage class specifier is deprecated and incompatible with C++17 [-Wdeprecated-register]
     npmltc.cpp:110:14: warning: 'register' storage class specifier is deprecated and incompatible with C++17 [-Wdeprecated-register]
     npmltc.cpp:118:25: warning: 'register' storage class specifier is deprecated and incompatible with C++17 [-Wdeprecated-register]
     npmltc.cpp:121:32: warning: 'register' storage class specifier is deprecated and incompatible with C++17 [-Wdeprecated-register]
     npmltc.cpp:127:25: warning: 'register' storage class specifier is deprecated and incompatible with C++17 [-Wdeprecated-register]
     npmltc.cpp:128:28: warning: 'register' storage class specifier is deprecated and incompatible with C++17 [-Wdeprecated-register]
     npmltc.cpp:131:34: warning: 'register' storage class specifier is deprecated and incompatible with C++17 [-Wdeprecated-register]
     npmltc.cpp:155:11: warning: 'register' storage class specifier is deprecated and incompatible with C++17 [-Wdeprecated-register]
     npmltc.cpp:158:11: warning: 'register' storage class specifier is deprecated and incompatible with C++17 [-Wdeprecated-register]
     npmltc.cpp:162:11: warning: 'register' storage class specifier is deprecated and incompatible with C++17 [-Wdeprecated-register]
     npmltc.cpp:165:11: warning: 'register' storage class specifier is deprecated and incompatible with C++17 [-Wdeprecated-register]
     npmltc.cpp:166:11: warning: 'register' storage class specifier is deprecated and incompatible with C++17 [-Wdeprecated-register]
     npmltc.cpp:198:10: warning: 'register' storage class specifier is deprecated and incompatible with C++17 [-Wdeprecated-register]
     npmltc.cpp:212:11: warning: 'register' storage class specifier is deprecated and incompatible with C++17 [-Wdeprecated-register]
     npmltc.cpp:213:11: warning: 'register' storage class specifier is deprecated and incompatible with C++17 [-Wdeprecated-register]
     npmltc.cpp:227:11: warning: 'register' storage class specifier is deprecated and incompatible with C++17 [-Wdeprecated-register]
     npmltc.cpp:229:11: warning: 'register' storage class specifier is deprecated and incompatible with C++17 [-Wdeprecated-register]
     npmltc.cpp:235:11: warning: 'register' storage class specifier is deprecated and incompatible with C++17 [-Wdeprecated-register]
     npmltc.cpp:236:11: warning: 'register' storage class specifier is deprecated and incompatible with C++17 [-Wdeprecated-register]
     npmltc.cpp:252:11: warning: 'register' storage class specifier is deprecated and incompatible with C++17 [-Wdeprecated-register]
     npmltc.cpp:255:11: warning: 'register' storage class specifier is deprecated and incompatible with C++17 [-Wdeprecated-register]
     npmltc.cpp:259:11: warning: 'register' storage class specifier is deprecated and incompatible with C++17 [-Wdeprecated-register]
     npmltc.cpp:262:11: warning: 'register' storage class specifier is deprecated and incompatible with C++17 [-Wdeprecated-register]
     npmltc.cpp:263:11: warning: 'register' storage class specifier is deprecated and incompatible with C++17 [-Wdeprecated-register]
     npmltc.cpp:267:11: warning: 'register' storage class specifier is deprecated and incompatible with C++17 [-Wdeprecated-register]
     npmltc.cpp:268:11: warning: 'register' storage class specifier is deprecated and incompatible with C++17 [-Wdeprecated-register]
     npmltc.cpp:277:11: warning: 'register' storage class specifier is deprecated and incompatible with C++17 [-Wdeprecated-register]
     npmltc.cpp:279:11: warning: 'register' storage class specifier is deprecated and incompatible with C++17 [-Wdeprecated-register]
     npmltc.cpp:285:11: warning: 'register' storage class specifier is deprecated and incompatible with C++17 [-Wdeprecated-register]
     npmltc.cpp:286:11: warning: 'register' storage class specifier is deprecated and incompatible with C++17 [-Wdeprecated-register]
     npmltc.cpp:298:11: warning: 'register' storage class specifier is deprecated and incompatible with C++17 [-Wdeprecated-register]
     npmltc.cpp:304:11: warning: 'register' storage class specifier is deprecated and incompatible with C++17 [-Wdeprecated-register]
     npmltc.cpp:391:11: warning: 'register' storage class specifier is deprecated and incompatible with C++17 [-Wdeprecated-register]
     npmltc.cpp:405:19: warning: 'register' storage class specifier is deprecated and incompatible with C++17 [-Wdeprecated-register]
     npmltc.cpp:521:17: warning: 'register' storage class specifier is deprecated and incompatible with C++17 [-Wdeprecated-register]
     npmltc.cpp:523:17: warning: 'register' storage class specifier is deprecated and incompatible with C++17 [-Wdeprecated-register]
     npmltc.cpp:526:17: warning: 'register' storage class specifier is deprecated and incompatible with C++17 [-Wdeprecated-register]
     npmltc.cpp:527:17: warning: 'register' storage class specifier is deprecated and incompatible with C++17 [-Wdeprecated-register]
     npmltc.cpp:529:17: warning: 'register' storage class specifier is deprecated and incompatible with C++17 [-Wdeprecated-register]
     npmltc.cpp:530:17: warning: 'register' storage class specifier is deprecated and incompatible with C++17 [-Wdeprecated-register]
     npmltc.cpp:532:17: warning: 'register' storage class specifier is deprecated and incompatible with C++17 [-Wdeprecated-register]
     npmltc.cpp:533:17: warning: 'register' storage class specifier is deprecated and incompatible with C++17 [-Wdeprecated-register]
     npmltc.cpp:563:17: warning: 'register' storage class specifier is deprecated and incompatible with C++17 [-Wdeprecated-register]
     npmltc.cpp:565:17: warning: 'register' storage class specifier is deprecated and incompatible with C++17 [-Wdeprecated-register]
     npmltc.cpp:615:11: warning: 'register' storage class specifier is deprecated and incompatible with C++17 [-Wdeprecated-register]
     npmltc.cpp:621:15: warning: 'register' storage class specifier is deprecated and incompatible with C++17 [-Wdeprecated-register]
     npmltc.cpp:625:19: warning: 'register' storage class specifier is deprecated and incompatible with C++17 [-Wdeprecated-register]
     npmltc.cpp:671:15: warning: 'register' storage class specifier is deprecated and incompatible with C++17 [-Wdeprecated-register]
     npmltc.cpp:673:15: warning: 'register' storage class specifier is deprecated and incompatible with C++17 [-Wdeprecated-register]
     npmltc.cpp:742:10: warning: 'register' storage class specifier is deprecated and incompatible with C++17 [-Wdeprecated-register]
     npmltc.cpp:830:6: warning: 'register' storage class specifier is deprecated and incompatible with C++17 [-Wdeprecated-register]
     npmltc.cpp:831:6: warning: 'register' storage class specifier is deprecated and incompatible with C++17 [-Wdeprecated-register]
     npmltc.cpp:832:6: warning: 'register' storage class specifier is deprecated and incompatible with C++17 [-Wdeprecated-register]
     npmltc.cpp:833:6: warning: 'register' storage class specifier is deprecated and incompatible with C++17 [-Wdeprecated-register]
     npmltc.cpp:843:6: warning: 'register' storage class specifier is deprecated and incompatible with C++17 [-Wdeprecated-register]
     npmltc.cpp:845:6: warning: 'register' storage class specifier is deprecated and incompatible with C++17 [-Wdeprecated-register]
     npmltc.cpp:846:9: warning: 'register' storage class specifier is deprecated and incompatible with C++17 [-Wdeprecated-register]
     npmltc.cpp:852:6: warning: 'register' storage class specifier is deprecated and incompatible with C++17 [-Wdeprecated-register]
     npmltc.cpp:855:6: warning: 'register' storage class specifier is deprecated and incompatible with C++17 [-Wdeprecated-register]
     npmltc.cpp:856:9: warning: 'register' storage class specifier is deprecated and incompatible with C++17 [-Wdeprecated-register]
     npmltc.cpp:861:6: warning: 'register' storage class specifier is deprecated and incompatible with C++17 [-Wdeprecated-register]
     npmltc.cpp:866:6: warning: 'register' storage class specifier is deprecated and incompatible with C++17 [-Wdeprecated-register]
     npmltc.cpp:868:9: warning: 'register' storage class specifier is deprecated and incompatible with C++17 [-Wdeprecated-register]
     npmltc.cpp:873:6: warning: 'register' storage class specifier is deprecated and incompatible with C++17 [-Wdeprecated-register]
     npmltc.cpp:874:9: warning: 'register' storage class specifier is deprecated and incompatible with C++17 [-Wdeprecated-register]
     npmltc.cpp:876:12: warning: 'register' storage class specifier is deprecated and incompatible with C++17 [-Wdeprecated-register]
     npmltc.cpp:880:6: warning: 'register' storage class specifier is deprecated and incompatible with C++17 [-Wdeprecated-register]
     npmltc.cpp:888:6: warning: 'register' storage class specifier is deprecated and incompatible with C++17 [-Wdeprecated-register]
     npmltc.cpp:889:9: warning: 'register' storage class specifier is deprecated and incompatible with C++17 [-Wdeprecated-register]
     npmltc.cpp:912:6: warning: 'register' storage class specifier is deprecated and incompatible with C++17 [-Wdeprecated-register]
     npmltc.cpp:916:6: warning: 'register' storage class specifier is deprecated and incompatible with C++17 [-Wdeprecated-register]
     npmltc.cpp:917:9: warning: 'register' storage class specifier is deprecated and incompatible with C++17 [-Wdeprecated-register]
     npmltc.cpp:922:6: warning: 'register' storage class specifier is deprecated and incompatible with C++17 [-Wdeprecated-register]
     npmltc.cpp:950:8: warning: 'register' storage class specifier is deprecated and incompatible with C++17 [-Wdeprecated-register]
     npmltc.cpp:953:11: warning: 'register' storage class specifier is deprecated and incompatible with C++17 [-Wdeprecated-register]
     npmltc.cpp:959:14: warning: 'register' storage class specifier is deprecated and incompatible with C++17 [-Wdeprecated-register]
     npmltc.cpp:962:10: warning: 'register' storage class specifier is deprecated and incompatible with C++17 [-Wdeprecated-register]
     npmltc.cpp:970:6: warning: 'register' storage class specifier is deprecated and incompatible with C++17 [-Wdeprecated-register]
     npmltc.cpp:973:6: warning: 'register' storage class specifier is deprecated and incompatible with C++17 [-Wdeprecated-register]
     npmltc.cpp:974:9: warning: 'register' storage class specifier is deprecated and incompatible with C++17 [-Wdeprecated-register]
     npmltc.cpp:976:16: warning: 'register' storage class specifier is deprecated and incompatible with C++17 [-Wdeprecated-register]
     npmltc.cpp:980:13: warning: 'register' storage class specifier is deprecated and incompatible with C++17 [-Wdeprecated-register]
     npmltc.cpp:987:6: warning: 'register' storage class specifier is deprecated and incompatible with C++17 [-Wdeprecated-register]
     npmltc.cpp:988:9: warning: 'register' storage class specifier is deprecated and incompatible with C++17 [-Wdeprecated-register]
     npmltc.cpp:992:15: warning: 'register' storage class specifier is deprecated and incompatible with C++17 [-Wdeprecated-register]
     npmltc.cpp:998:15: warning: 'register' storage class specifier is deprecated and incompatible with C++17 [-Wdeprecated-register]
     npmltc.cpp:1000:15: warning: 'register' storage class specifier is deprecated and incompatible with C++17 [-Wdeprecated-register]
Flavors: r-devel-linux-x86_64-debian-clang, r-devel-linux-x86_64-fedora-clang, r-release-osx-x86_64

Version: 1.0-3
Check: DESCRIPTION meta-information
Result: NOTE
    Malformed Description field: should contain one or more complete sentences.
Flavors: r-devel-linux-x86_64-debian-clang, r-devel-linux-x86_64-debian-gcc, r-devel-linux-x86_64-fedora-clang, r-devel-linux-x86_64-fedora-gcc, r-devel-windows-ix86+x86_64, r-patched-linux-x86_64, r-patched-solaris-x86, r-release-linux-x86_64, r-release-windows-ix86+x86_64, r-release-osx-x86_64, r-oldrel-windows-ix86+x86_64, r-oldrel-osx-x86_64

Version: 1.0-3
Check: R code for possible problems
Result: NOTE
    npmlt: no visible global function definition for ‘model.frame’
    npmlt: no visible binding for global variable ‘na.pass’
    npmlt: no visible global function definition for ‘model.matrix’
    npmlt: no visible global function definition for ‘na.omit’
    npmlt: no visible global function definition for ‘glm’
    npmlt: no visible binding for global variable ‘binomial’
    npmlt: no visible global function definition for ‘cov2cor’
    Undefined global functions or variables:
     binomial cov2cor glm model.frame model.matrix na.omit na.pass
    Consider adding
     importFrom("stats", "binomial", "cov2cor", "glm", "model.frame",
     "model.matrix", "na.omit", "na.pass")
    to your NAMESPACE file.
Flavors: r-devel-linux-x86_64-debian-clang, r-devel-linux-x86_64-debian-gcc, r-devel-linux-x86_64-fedora-clang, r-devel-linux-x86_64-fedora-gcc, r-devel-windows-ix86+x86_64, r-patched-linux-x86_64, r-patched-solaris-x86, r-release-linux-x86_64, r-release-windows-ix86+x86_64, r-release-osx-x86_64, r-oldrel-windows-ix86+x86_64, r-oldrel-osx-x86_64

Version: 1.0-3
Check: compiled code
Result: NOTE
    File ‘mixcat/libs/mixcat.so’:
     Found no calls to: ‘R_registerRoutines’, ‘R_useDynamicSymbols’
    
    It is good practice to register native routines and to disable symbol
    search.
    
    See ‘Writing portable packages’ in the ‘Writing R Extensions’ manual.
Flavors: r-devel-linux-x86_64-debian-clang, r-devel-linux-x86_64-debian-gcc, r-devel-linux-x86_64-fedora-clang, r-devel-linux-x86_64-fedora-gcc, r-patched-linux-x86_64, r-release-linux-x86_64

Version: 1.0-3
Check: whether package can be installed
Result: WARN
    Found the following significant warnings:
     matrix.h:145:35: warning: dynamic exception specifications are deprecated in C++11 [-Wdeprecated]
Flavors: r-devel-linux-x86_64-debian-gcc, r-devel-linux-x86_64-fedora-gcc