CRAN Package Check Results for Package mixcat

Last updated on 2017-10-22 09:48:40.

Flavor Version Tinstall Tcheck Ttotal Status Flags
r-devel-linux-x86_64-debian-clang 1.0-3 4.61 21.30 25.91 NOTE
r-devel-linux-x86_64-debian-gcc 1.0-3 4.21 22.69 26.90 NOTE
r-devel-linux-x86_64-fedora-clang 1.0-3 50.16 NOTE
r-devel-linux-x86_64-fedora-gcc 1.0-3 46.70 NOTE
r-devel-windows-ix86+x86_64 1.0-3 19.00 108.00 127.00 NOTE
r-patched-linux-x86_64 1.0-3 3.54 22.58 26.13 NOTE
r-patched-solaris-x86 1.0-3 90.60 NOTE
r-release-linux-x86_64 1.0-3 3.46 21.62 25.08 NOTE
r-release-windows-ix86+x86_64 1.0-3 23.00 106.00 129.00 NOTE
r-release-osx-x86_64 1.0-3 NOTE
r-oldrel-windows-ix86+x86_64 1.0-3 13.00 99.00 112.00 NOTE
r-oldrel-osx-x86_64 1.0-3 NOTE

Additional issues

valgrind

Check Details

Version: 1.0-3
Check: DESCRIPTION meta-information
Result: NOTE
    Malformed Description field: should contain one or more complete sentences.
Flavors: r-devel-linux-x86_64-debian-clang, r-devel-linux-x86_64-debian-gcc, r-devel-linux-x86_64-fedora-clang, r-devel-linux-x86_64-fedora-gcc, r-devel-windows-ix86+x86_64, r-patched-linux-x86_64, r-patched-solaris-x86, r-release-linux-x86_64, r-release-windows-ix86+x86_64, r-release-osx-x86_64, r-oldrel-windows-ix86+x86_64, r-oldrel-osx-x86_64

Version: 1.0-3
Check: R code for possible problems
Result: NOTE
    npmlt: no visible global function definition for ‘model.frame’
    npmlt: no visible binding for global variable ‘na.pass’
    npmlt: no visible global function definition for ‘model.matrix’
    npmlt: no visible global function definition for ‘na.omit’
    npmlt: no visible global function definition for ‘glm’
    npmlt: no visible binding for global variable ‘binomial’
    npmlt: no visible global function definition for ‘cov2cor’
    Undefined global functions or variables:
     binomial cov2cor glm model.frame model.matrix na.omit na.pass
    Consider adding
     importFrom("stats", "binomial", "cov2cor", "glm", "model.frame",
     "model.matrix", "na.omit", "na.pass")
    to your NAMESPACE file.
Flavors: r-devel-linux-x86_64-debian-clang, r-devel-linux-x86_64-debian-gcc, r-devel-linux-x86_64-fedora-clang, r-devel-linux-x86_64-fedora-gcc, r-devel-windows-ix86+x86_64, r-patched-linux-x86_64, r-patched-solaris-x86, r-release-linux-x86_64, r-release-windows-ix86+x86_64, r-release-osx-x86_64, r-oldrel-windows-ix86+x86_64, r-oldrel-osx-x86_64

Version: 1.0-3
Check: compiled code
Result: NOTE
    File ‘mixcat/libs/mixcat.so’:
     Found no calls to: ‘R_registerRoutines’, ‘R_useDynamicSymbols’
    
    It is good practice to register native routines and to disable symbol
    search.
    
    See ‘Writing portable packages’ in the ‘Writing R Extensions’ manual.
Flavors: r-devel-linux-x86_64-debian-clang, r-devel-linux-x86_64-debian-gcc, r-devel-linux-x86_64-fedora-clang, r-devel-linux-x86_64-fedora-gcc, r-patched-linux-x86_64, r-release-linux-x86_64