CRAN Package Check Results for Package mixdist

Last updated on 2015-08-01 08:51:51.

Flavor Version Tinstall Tcheck Ttotal Status Flags
r-devel-linux-x86_64-debian-clang 0.5-4 0.79 37.78 38.58 NOTE
r-devel-linux-x86_64-debian-gcc 0.5-4 0.80 37.18 37.98 NOTE
r-devel-linux-x86_64-fedora-clang 0.5-4 76.62 NOTE
r-devel-linux-x86_64-fedora-gcc 0.5-4 71.92 NOTE
r-devel-osx-x86_64-clang 0.5-4 64.13 NOTE
r-devel-windows-ix86+x86_64 0.5-4 4.00 80.00 84.00 NOTE
r-patched-linux-x86_64 0.5-4 0.85 37.16 38.02 NOTE
r-patched-solaris-sparc 0.5-4 477.80 NOTE
r-patched-solaris-x86 0.5-4 79.50 NOTE
r-release-linux-x86_64 0.5-4 0.80 37.10 37.91 NOTE
r-release-osx-x86_64-mavericks 0.5-4 NOTE
r-release-windows-ix86+x86_64 0.5-4 4.00 63.00 67.00 NOTE
r-oldrel-windows-ix86+x86_64 0.5-4 6.00 68.00 74.00 NOTE

Check Details

Version: 0.5-4
Check: S3 generic/method consistency
Result: NOTE
    Found the following apparent S3 methods exported but not registered:
     anova.mix coef.mix fitted.mix plot.mix plot.mixdata print.mix
     summary.mix
    See section ‘Registering S3 methods’ in the ‘Writing R Extensions’
    manual.
Flavors: r-devel-linux-x86_64-debian-clang, r-devel-linux-x86_64-debian-gcc, r-devel-linux-x86_64-fedora-clang, r-devel-linux-x86_64-fedora-gcc, r-devel-osx-x86_64-clang, r-patched-linux-x86_64, r-patched-solaris-sparc, r-patched-solaris-x86, r-release-linux-x86_64

Version: 0.5-4
Check: R code for possible problems
Result: NOTE
    anova.mix: no visible global function definition for ‘pchisq’
    groupstats: no visible global function definition for ‘var’
    grpintprob: no visible binding for global variable ‘pnorm’
    grpintprob: no visible binding for global variable ‘plnorm’
    grpintprob: no visible binding for global variable ‘pgamma’
    grpintprob: no visible binding for global variable ‘pweibull’
    grpintprob: no visible binding for global variable ‘pbinom’
    grpintprob: no visible binding for global variable ‘pnbinom’
    grpintprob: no visible binding for global variable ‘ppois’
    mix : mstep: no visible global function definition for ‘nlm’
    mix: no visible global function definition for ‘nlm’
    mix: no visible global function definition for ‘pchisq’
    mixgroup: no visible global function definition for ‘hist’
    plot.mix: no visible global function definition for ‘dnorm’
    plot.mix: no visible global function definition for ‘dlnorm’
    plot.mix: no visible global function definition for ‘dgamma’
    plot.mix: no visible global function definition for ‘dweibull’
    plot.mix: no visible global function definition for ‘dbinom’
    plot.mix: no visible global function definition for ‘dnbinom’
    plot.mix: no visible global function definition for ‘dpois’
    plot.mix: no visible global function definition for ‘plot’
    plot.mix: no visible global function definition for ‘title’
    plot.mix: no visible global function definition for ‘lines’
    plot.mix: no visible global function definition for ‘rect’
    plot.mix: no visible global function definition for ‘points’
    Undefined global functions or variables:
     dbinom dgamma dlnorm dnbinom dnorm dpois dweibull hist lines nlm
     pbinom pchisq pgamma plnorm plot pnbinom pnorm points ppois pweibull
     rect title var
    Consider adding
     importFrom("graphics", "hist", "lines", "plot", "points", "rect",
     "title")
     importFrom("stats", "dbinom", "dgamma", "dlnorm", "dnbinom", "dnorm",
     "dpois", "dweibull", "nlm", "pbinom", "pchisq", "pgamma",
     "plnorm", "pnbinom", "pnorm", "ppois", "pweibull", "var")
    to your NAMESPACE.
Flavors: r-devel-linux-x86_64-debian-clang, r-devel-linux-x86_64-debian-gcc, r-devel-linux-x86_64-fedora-clang, r-devel-linux-x86_64-fedora-gcc, r-devel-windows-ix86+x86_64

Version: 0.5-4
Check: Rd line widths
Result: NOTE
    Rd file 'mix.Rd':
     \examples lines wider than 100 characters:
     fitbin1 <- mix(bindat, binpar, "binom", constr = mixconstr(consigma = "BINOM", size = c(20, 20, 20, 20)))
    
    Rd file 'plot.mix.Rd':
     \examples lines wider than 100 characters:
     fit2 <- mix(bindat, binpar, "binom", constr = mixconstr(consigma = "BINOM", size = c(20, 20, 20, 20)))
    
    These lines will be truncated in the PDF manual.
Flavors: r-devel-linux-x86_64-debian-clang, r-devel-linux-x86_64-debian-gcc, r-devel-linux-x86_64-fedora-clang, r-devel-linux-x86_64-fedora-gcc, r-patched-linux-x86_64, r-release-linux-x86_64

Version: 0.5-4
Check: R code for possible problems
Result: NOTE
    anova.mix: warning in pchisq(dchisq, ddf, low = FALSE): partial
     argument match of 'low' to 'lower.tail'
Flavors: r-devel-osx-x86_64-clang, r-patched-linux-x86_64, r-patched-solaris-sparc, r-patched-solaris-x86, r-release-linux-x86_64, r-release-osx-x86_64-mavericks, r-release-windows-ix86+x86_64, r-oldrel-windows-ix86+x86_64