CRAN Package Check Results for Package mixdist

Last updated on 2014-07-24 17:49:04.

Flavor Version Tinstall Tcheck Ttotal Status Flags
r-devel-linux-x86_64-debian-clang 0.5-4 0.97 42.55 43.52 NOTE
r-devel-linux-x86_64-debian-gcc 0.5-4 0.86 42.16 43.03 NOTE
r-devel-linux-x86_64-fedora-clang 0.5-4 94.16 NOTE
r-devel-linux-x86_64-fedora-gcc 0.5-4 86.65 NOTE
r-devel-osx-x86_64-clang 0.5-4 72.99 NOTE
r-devel-windows-ix86+x86_64 0.5-4 3.00 67.00 70.00 NOTE
r-patched-linux-x86_64 0.5-4 0.84 41.73 42.58 NOTE
r-patched-solaris-sparc 0.5-4 492.80 NOTE
r-patched-solaris-x86 0.5-4 93.20 NOTE
r-release-linux-ix86 0.5-4 1.20 53.62 54.82 NOTE
r-release-linux-x86_64 0.5-4 0.94 43.30 44.24 NOTE
r-release-osx-x86_64-mavericks 0.5-4 NOTE
r-release-windows-ix86+x86_64 0.5-4 4.00 63.00 67.00 NOTE
r-oldrel-windows-ix86+x86_64 0.5-4 3.00 66.00 69.00 NOTE

Check Details

Version: 0.5-4
Check: R code for possible problems
Result: NOTE
    anova.mix: warning in pchisq(dchisq, ddf, low = FALSE): partial
     argument match of 'low' to 'lower.tail'
Flavors: r-devel-linux-x86_64-debian-clang, r-devel-linux-x86_64-debian-gcc, r-devel-linux-x86_64-fedora-clang, r-devel-linux-x86_64-fedora-gcc, r-devel-osx-x86_64-clang, r-devel-windows-ix86+x86_64, r-patched-linux-x86_64, r-patched-solaris-sparc, r-patched-solaris-x86, r-release-linux-ix86, r-release-linux-x86_64, r-release-osx-x86_64-mavericks, r-release-windows-ix86+x86_64, r-oldrel-windows-ix86+x86_64

Version: 0.5-4
Check: Rd line widths
Result: NOTE
    Rd file 'mix.Rd':
     \examples lines wider than 100 characters:
     fitbin1 <- mix(bindat, binpar, "binom", constr = mixconstr(consigma = "BINOM", size = c(20, 20, 20, 20)))
    
    Rd file 'plot.mix.Rd':
     \examples lines wider than 100 characters:
     fit2 <- mix(bindat, binpar, "binom", constr = mixconstr(consigma = "BINOM", size = c(20, 20, 20, 20)))
    
    These lines will be truncated in the PDF manual.
Flavors: r-devel-linux-x86_64-fedora-clang, r-devel-linux-x86_64-fedora-gcc