CRAN Package Check Results for Package mixdist

Last updated on 2015-01-30 18:51:32.

Flavor Version Tinstall Tcheck Ttotal Status Flags
r-devel-linux-x86_64-debian-clang 0.5-4 0.86 38.40 39.26 NOTE
r-devel-linux-x86_64-debian-gcc 0.5-4 1.04 37.60 38.64 NOTE
r-devel-linux-x86_64-fedora-clang 0.5-4 84.77 NOTE
r-devel-linux-x86_64-fedora-gcc 0.5-4 79.29 NOTE
r-devel-osx-x86_64-clang 0.5-4 74.92 NOTE
r-devel-windows-ix86+x86_64 0.5-4 5.00 56.00 61.00 NOTE
r-patched-linux-x86_64 0.5-4 0.90 43.30 44.20 NOTE
r-patched-solaris-sparc 0.5-4 510.40 NOTE
r-patched-solaris-x86 0.5-4 94.70 NOTE
r-release-linux-ix86 0.5-4 1.23 51.78 53.01 NOTE
r-release-linux-x86_64 0.5-4 0.89 42.75 43.64 NOTE
r-release-osx-x86_64-mavericks 0.5-4 NOTE
r-release-windows-ix86+x86_64 0.5-4 3.00 69.00 72.00 NOTE
r-oldrel-windows-ix86+x86_64 0.5-4 3.00 66.00 69.00 NOTE

Check Details

Version: 0.5-4
Check: S3 generic/method consistency
Result: NOTE
    Found the following apparent S3 methods exported but not registered:
     print.mix summary.mix plot.mix plot.mixdata anova.mix coef.mix
     fitted.mix
    See section ‘Registering S3 methods’ in the ‘Writing R Extensions’
    manual.
Flavors: r-devel-linux-x86_64-debian-clang, r-devel-linux-x86_64-debian-gcc, r-devel-linux-x86_64-fedora-clang, r-devel-linux-x86_64-fedora-gcc, r-devel-osx-x86_64-clang

Version: 0.5-4
Check: R code for possible problems
Result: NOTE
    anova.mix: warning in pchisq(dchisq, ddf, low = FALSE): partial
     argument match of ‘low’ to ‘lower.tail’
Flavors: r-devel-linux-x86_64-debian-clang, r-devel-linux-x86_64-debian-gcc, r-devel-linux-x86_64-fedora-clang, r-devel-linux-x86_64-fedora-gcc, r-devel-osx-x86_64-clang, r-devel-windows-ix86+x86_64, r-patched-linux-x86_64, r-patched-solaris-sparc, r-patched-solaris-x86, r-release-linux-ix86, r-release-linux-x86_64, r-release-osx-x86_64-mavericks, r-release-windows-ix86+x86_64, r-oldrel-windows-ix86+x86_64

Version: 0.5-4
Check: Rd line widths
Result: NOTE
    Rd file 'mix.Rd':
     \examples lines wider than 100 characters:
     fitbin1 <- mix(bindat, binpar, "binom", constr = mixconstr(consigma = "BINOM", size = c(20, 20, 20, 20)))
    
    Rd file 'plot.mix.Rd':
     \examples lines wider than 100 characters:
     fit2 <- mix(bindat, binpar, "binom", constr = mixconstr(consigma = "BINOM", size = c(20, 20, 20, 20)))
    
    These lines will be truncated in the PDF manual.
Flavors: r-devel-linux-x86_64-debian-clang, r-devel-linux-x86_64-debian-gcc, r-devel-linux-x86_64-fedora-clang, r-devel-linux-x86_64-fedora-gcc, r-patched-linux-x86_64, r-release-linux-x86_64