CRAN Package Check Results for Package mixdist

Last updated on 2015-05-22 15:46:37.

Flavor Version Tinstall Tcheck Ttotal Status Flags
r-devel-linux-x86_64-debian-clang 0.5-4 0.80 39.77 40.57 NOTE
r-devel-linux-x86_64-debian-gcc 0.5-4 0.80 39.44 40.24 NOTE
r-devel-linux-x86_64-fedora-gcc 0.5-4 72.21 NOTE
r-devel-osx-x86_64-clang 0.5-4 67.84 NOTE
r-devel-windows-ix86+x86_64 0.5-4 6.00 59.00 65.00 NOTE
r-patched-linux-x86_64 0.5-4 0.81 37.02 37.83 NOTE
r-patched-solaris-sparc 0.5-4 481.30 NOTE
r-patched-solaris-x86 0.5-4 83.10 NOTE
r-release-linux-x86_64 0.5-4 0.84 39.86 40.70 NOTE
r-release-osx-x86_64-mavericks 0.5-4 NOTE
r-release-osx-x86_64-snowleopard 0.5-4 NOTE
r-release-windows-ix86+x86_64 0.5-4 2.00 75.00 77.00 NOTE
r-oldrel-windows-ix86+x86_64 0.5-4 6.00 68.00 74.00 NOTE

Check Details

Version: 0.5-4
Check: S3 generic/method consistency
Result: NOTE
    Found the following apparent S3 methods exported but not registered:
     anova.mix coef.mix fitted.mix plot.mix plot.mixdata print.mix
     summary.mix
    See section ‘Registering S3 methods’ in the ‘Writing R Extensions’
    manual.
Flavors: r-devel-linux-x86_64-debian-clang, r-devel-linux-x86_64-debian-gcc, r-devel-linux-x86_64-fedora-gcc, r-devel-osx-x86_64-clang, r-patched-linux-x86_64, r-patched-solaris-x86, r-release-linux-x86_64

Version: 0.5-4
Check: R code for possible problems
Result: NOTE
    anova.mix: warning in pchisq(dchisq, ddf, low = FALSE): partial
     argument match of ‘low’ to ‘lower.tail’
Flavors: r-devel-linux-x86_64-debian-clang, r-devel-linux-x86_64-debian-gcc, r-devel-linux-x86_64-fedora-gcc, r-devel-osx-x86_64-clang, r-devel-windows-ix86+x86_64, r-patched-linux-x86_64, r-patched-solaris-sparc, r-patched-solaris-x86, r-release-linux-x86_64, r-release-osx-x86_64-mavericks, r-release-osx-x86_64-snowleopard, r-release-windows-ix86+x86_64, r-oldrel-windows-ix86+x86_64

Version: 0.5-4
Check: Rd line widths
Result: NOTE
    Rd file 'mix.Rd':
     \examples lines wider than 100 characters:
     fitbin1 <- mix(bindat, binpar, "binom", constr = mixconstr(consigma = "BINOM", size = c(20, 20, 20, 20)))
    
    Rd file 'plot.mix.Rd':
     \examples lines wider than 100 characters:
     fit2 <- mix(bindat, binpar, "binom", constr = mixconstr(consigma = "BINOM", size = c(20, 20, 20, 20)))
    
    These lines will be truncated in the PDF manual.
Flavors: r-devel-linux-x86_64-debian-clang, r-devel-linux-x86_64-debian-gcc, r-devel-linux-x86_64-fedora-gcc, r-patched-linux-x86_64, r-release-linux-x86_64