CRAN Package Check Results for Package mixdist

Last updated on 2014-04-25 05:47:19.

Flavor Version Tinstall Tcheck Ttotal Status Flags
r-devel-linux-x86_64-debian-clang 0.5-4 0.89 45.99 46.88 NOTE
r-devel-linux-x86_64-debian-gcc 0.5-4 0.93 45.34 46.28 NOTE
r-devel-linux-x86_64-fedora-clang 0.5-4 93.85 NOTE
r-devel-linux-x86_64-fedora-gcc 0.5-4 88.44 NOTE
r-devel-osx-x86_64-clang 0.5-4 66.76 NOTE
r-devel-osx-x86_64-gcc 0.5-4 NOTE
r-devel-windows-ix86+x86_64 0.5-4 2.00 61.00 63.00 NOTE
r-patched-linux-x86_64 0.5-4 1.01 43.40 44.40 NOTE
r-patched-solaris-sparc 0.5-4 492.80 NOTE
r-patched-solaris-x86 0.5-4 93.20 NOTE
r-release-linux-ix86 0.5-4 2.00 65.00 67.00 NOTE
r-release-linux-x86_64 0.5-4 0.89 46.06 46.95 NOTE
r-release-osx-x86_64-mavericks 0.5-4 NOTE
r-release-windows-ix86+x86_64 0.5-4 5.00 89.00 94.00 NOTE
r-oldrel-windows-ix86+x86_64 0.5-4 3.00 66.00 69.00 NOTE

Check Details

Version: 0.5-4
Check: R code for possible problems
Result: NOTE
    anova.mix: warning in pchisq(dchisq, ddf, low = FALSE): partial
     argument match of 'low' to 'lower.tail'
Flavors: r-devel-linux-x86_64-debian-clang, r-devel-linux-x86_64-debian-gcc, r-devel-linux-x86_64-fedora-clang, r-devel-linux-x86_64-fedora-gcc, r-devel-osx-x86_64-clang, r-devel-osx-x86_64-gcc, r-devel-windows-ix86+x86_64, r-patched-linux-x86_64, r-patched-solaris-sparc, r-patched-solaris-x86, r-release-linux-ix86, r-release-linux-x86_64, r-release-osx-x86_64-mavericks, r-release-windows-ix86+x86_64, r-oldrel-windows-ix86+x86_64

Version: 0.5-4
Check: Rd line widths
Result: NOTE
    Rd file 'mix.Rd':
     \examples lines wider than 100 characters:
     fitbin1 <- mix(bindat, binpar, "binom", constr = mixconstr(consigma = "BINOM", size = c(20, 20, 20, 20)))
    
    Rd file 'plot.mix.Rd':
     \examples lines wider than 100 characters:
     fit2 <- mix(bindat, binpar, "binom", constr = mixconstr(consigma = "BINOM", size = c(20, 20, 20, 20)))
    
    These lines will be truncated in the PDF manual.
Flavors: r-devel-linux-x86_64-fedora-clang, r-devel-linux-x86_64-fedora-gcc