CRAN Package Check Results for Package mixdist

Last updated on 2015-03-30 08:50:02.

Flavor Version Tinstall Tcheck Ttotal Status Flags
r-devel-linux-x86_64-debian-clang 0.5-4 0.81 38.08 38.89 NOTE
r-devel-linux-x86_64-debian-gcc 0.5-4 0.83 37.12 37.94 NOTE
r-devel-linux-x86_64-fedora-clang 0.5-4 80.56 NOTE
r-devel-linux-x86_64-fedora-gcc 0.5-4 74.99 NOTE
r-devel-osx-x86_64-clang 0.5-4 77.15 NOTE
r-prerel-windows-ix86+x86_64 0.5-4 5.00 57.00 62.00 NOTE
r-prerel-linux-x86_64 0.5-4 0.82 37.67 38.49 NOTE
r-prerel-solaris-sparc 0.5-4 481.30 NOTE
r-prerel-solaris-x86 0.5-4 81.50 NOTE
r-release-linux-x86_64 0.5-4 0.88 42.56 43.45 NOTE
r-release-osx-x86_64-mavericks 0.5-4 NOTE
r-release-windows-ix86+x86_64 0.5-4 6.00 68.00 74.00 NOTE
r-oldrel-windows-ix86+x86_64 0.5-4 3.00 66.00 69.00 NOTE

Check Details

Version: 0.5-4
Check: S3 generic/method consistency
Result: NOTE
    Found the following apparent S3 methods exported but not registered:
     anova.mix coef.mix fitted.mix plot.mix plot.mixdata print.mix
     summary.mix
    See section ‘Registering S3 methods’ in the ‘Writing R Extensions’
    manual.
Flavors: r-devel-linux-x86_64-debian-clang, r-devel-linux-x86_64-debian-gcc, r-devel-linux-x86_64-fedora-clang, r-devel-linux-x86_64-fedora-gcc, r-devel-osx-x86_64-clang, r-prerel-linux-x86_64

Version: 0.5-4
Check: R code for possible problems
Result: NOTE
    anova.mix: warning in pchisq(dchisq, ddf, low = FALSE): partial
     argument match of ‘low’ to ‘lower.tail’
Flavors: r-devel-linux-x86_64-debian-clang, r-devel-linux-x86_64-debian-gcc, r-devel-linux-x86_64-fedora-clang, r-devel-linux-x86_64-fedora-gcc, r-devel-osx-x86_64-clang, r-prerel-windows-ix86+x86_64, r-prerel-linux-x86_64, r-prerel-solaris-sparc, r-prerel-solaris-x86, r-release-linux-x86_64, r-release-osx-x86_64-mavericks, r-release-windows-ix86+x86_64, r-oldrel-windows-ix86+x86_64

Version: 0.5-4
Check: Rd line widths
Result: NOTE
    Rd file 'mix.Rd':
     \examples lines wider than 100 characters:
     fitbin1 <- mix(bindat, binpar, "binom", constr = mixconstr(consigma = "BINOM", size = c(20, 20, 20, 20)))
    
    Rd file 'plot.mix.Rd':
     \examples lines wider than 100 characters:
     fit2 <- mix(bindat, binpar, "binom", constr = mixconstr(consigma = "BINOM", size = c(20, 20, 20, 20)))
    
    These lines will be truncated in the PDF manual.
Flavors: r-devel-linux-x86_64-debian-clang, r-devel-linux-x86_64-debian-gcc, r-devel-linux-x86_64-fedora-clang, r-devel-linux-x86_64-fedora-gcc, r-prerel-linux-x86_64, r-release-linux-x86_64