CRAN Package Check Results for Package mixdist

Last updated on 2014-11-01 01:48:01.

Flavor Version Tinstall Tcheck Ttotal Status Flags
r-devel-linux-x86_64-debian-clang 0.5-4 0.95 40.22 41.16 NOTE
r-devel-linux-x86_64-debian-gcc 0.5-4 0.87 38.95 39.82 NOTE
r-devel-linux-x86_64-fedora-clang 0.5-4 86.19 NOTE
r-devel-linux-x86_64-fedora-gcc 0.5-4 82.00 NOTE
r-devel-osx-x86_64-clang 0.5-4 73.10 NOTE
r-devel-windows-ix86+x86_64 0.5-4 3.00 57.00 60.00 NOTE
r-patched-linux-x86_64 0.5-4 1.06 43.34 44.40 NOTE
r-patched-solaris-sparc 0.5-4 499.50 NOTE
r-patched-solaris-x86 0.5-4 92.20 NOTE
r-release-linux-ix86 0.5-4 1.21 53.72 54.93 NOTE
r-release-linux-x86_64 0.5-4 0.87 43.30 44.16 NOTE
r-release-osx-x86_64-mavericks 0.5-4 NOTE
r-release-windows-ix86+x86_64 0.5-4 4.00 63.00 67.00 NOTE
r-oldrel-windows-ix86+x86_64 0.5-4 3.00 66.00 69.00 NOTE

Check Details

Version: 0.5-4
Check: R code for possible problems
Result: NOTE
    anova.mix: warning in pchisq(dchisq, ddf, low = FALSE): partial
     argument match of ‘low’ to ‘lower.tail’
Flavors: r-devel-linux-x86_64-debian-clang, r-devel-linux-x86_64-debian-gcc, r-devel-linux-x86_64-fedora-clang, r-devel-linux-x86_64-fedora-gcc, r-devel-osx-x86_64-clang, r-devel-windows-ix86+x86_64, r-patched-linux-x86_64, r-patched-solaris-sparc, r-patched-solaris-x86, r-release-linux-ix86, r-release-linux-x86_64, r-release-osx-x86_64-mavericks, r-release-windows-ix86+x86_64, r-oldrel-windows-ix86+x86_64

Version: 0.5-4
Check: Rd line widths
Result: NOTE
    Rd file 'mix.Rd':
     \examples lines wider than 100 characters:
     fitbin1 <- mix(bindat, binpar, "binom", constr = mixconstr(consigma = "BINOM", size = c(20, 20, 20, 20)))
    
    Rd file 'plot.mix.Rd':
     \examples lines wider than 100 characters:
     fit2 <- mix(bindat, binpar, "binom", constr = mixconstr(consigma = "BINOM", size = c(20, 20, 20, 20)))
    
    These lines will be truncated in the PDF manual.
Flavors: r-devel-linux-x86_64-debian-clang, r-devel-linux-x86_64-debian-gcc, r-devel-linux-x86_64-fedora-clang, r-devel-linux-x86_64-fedora-gcc, r-patched-linux-x86_64, r-release-linux-x86_64