CRAN Package Check Results for Package mixedBayes

Last updated on 2024-04-19 01:04:42 CEST.

Flavor Version Tinstall Tcheck Ttotal Status Flags
r-devel-linux-x86_64-debian-clang 0.1.2 384.81 55.50 440.31 OK
r-devel-linux-x86_64-debian-gcc 0.1.2 284.66 38.07 322.73 OK
r-devel-linux-x86_64-fedora-clang 0.1.2 618.05 OK
r-devel-linux-x86_64-fedora-gcc 0.1.2 643.46 OK
r-prerel-macos-arm64 0.1.2 103.00 NOTE
r-prerel-macos-x86_64 0.1.2 132.00 NOTE
r-prerel-windows-x86_64 0.1.2 268.00 82.00 350.00 OK
r-patched-linux-x86_64 0.1.2 338.18 48.82 387.00 OK
r-release-linux-x86_64 0.1.2 358.46 49.18 407.64 OK
r-release-macos-arm64 0.1.2 111.00 NOTE
r-release-macos-x86_64 0.1.2 134.00 NOTE
r-release-windows-x86_64 0.1.2 281.00 94.00 375.00 OK
r-oldrel-macos-arm64 0.1.2 110.00 NOTE
r-oldrel-windows-x86_64 0.1.2 317.00 92.00 409.00 OK

Check Details

Version: 0.1.2
Check: installed package size
Result: NOTE installed size is 13.1Mb sub-directories of 1Mb or more: libs 13.0Mb Flavors: r-prerel-macos-arm64, r-prerel-macos-x86_64, r-release-macos-arm64, r-release-macos-x86_64, r-oldrel-macos-arm64