CRAN Package Check Results for Package mixedClust

Last updated on 2022-11-26 22:03:58 CET.

Flavor Version Tinstall Tcheck Ttotal Status Flags
r-devel-linux-x86_64-debian-clang 1.0.2 168.55 85.75 254.30 OK
r-devel-linux-x86_64-debian-gcc 1.0.2 136.80 65.32 202.12 WARN
r-devel-linux-x86_64-fedora-clang 1.0.2 393.86 OK
r-devel-linux-x86_64-fedora-gcc 1.0.2 354.50 WARN
r-devel-windows-x86_64 1.0.2 142.00 138.00 280.00 OK
r-patched-linux-x86_64 1.0.2 OK
r-release-linux-x86_64 1.0.2 144.49 82.99 227.48 OK
r-release-macos-arm64 1.0.2 85.00 NOTE
r-release-macos-x86_64 1.0.2 138.00 NOTE
r-release-windows-x86_64 1.0.2 144.00 138.00 282.00 OK
r-oldrel-macos-arm64 1.0.2 94.00 NOTE
r-oldrel-macos-x86_64 1.0.2 139.00 NOTE
r-oldrel-windows-ix86+x86_64 1.0.2 417.00 153.00 570.00 OK

Additional issues

donttest

Check Details

Version: 1.0.2
Check: whether package can be installed
Result: WARN
    Found the following significant warnings:
     /usr/include/x86_64-linux-gnu/bits/string_fortified.h:59:33: warning: ‘void* __builtin_memset(void*, int, long unsigned int)’ forming offset [176, 183] is out of the bounds [0, 176] of object ‘b’ with type ‘arma::vec’ {aka ‘arma::Col<double>’} [-Warray-bounds]
Flavor: r-devel-linux-x86_64-debian-gcc

Version: 1.0.2
Check: whether package can be installed
Result: WARN
    Found the following significant warnings:
     /usr/include/bits/string_fortified.h:59:33: warning: ‘void* __builtin_memset(void*, int, long unsigned int)’ forming offset [176, 183] is out of the bounds [0, 176] of object ‘b’ with type ‘arma::vec’ {aka ‘arma::Col<double>’} [-Warray-bounds]
Flavor: r-devel-linux-x86_64-fedora-gcc

Version: 1.0.2
Check: installed package size
Result: NOTE
     installed size is 7.5Mb
     sub-directories of 1Mb or more:
     libs 7.4Mb
Flavors: r-release-macos-arm64, r-release-macos-x86_64, r-oldrel-macos-arm64, r-oldrel-macos-x86_64