CRAN Package Check Results for Package mixer

Last updated on 2015-03-29 09:49:20.

Flavor Version Tinstall Tcheck Ttotal Status Flags
r-devel-linux-x86_64-debian-clang 1.8 18.09 23.84 41.93 NOTE
r-devel-linux-x86_64-debian-gcc 1.8 21.45 23.36 44.80 NOTE
r-devel-linux-x86_64-fedora-clang 1.8 92.59 NOTE
r-devel-linux-x86_64-fedora-gcc 1.8 81.42 NOTE
r-devel-osx-x86_64-clang 1.8 81.87 NOTE
r-prerel-windows-ix86+x86_64 1.8 140.00 54.00 194.00 NOTE
r-prerel-linux-x86_64 1.8 21.53 23.25 44.78 NOTE
r-prerel-solaris-sparc 1.8 540.20 NOTE
r-prerel-solaris-x86 1.8 104.00 NOTE
r-release-linux-x86_64 1.8 21.06 25.28 46.35 OK
r-release-osx-x86_64-mavericks 1.8 OK
r-release-osx-x86_64-snowleopard 1.8 OK
r-release-windows-ix86+x86_64 1.8 134.00 57.00 191.00 OK
r-oldrel-windows-ix86+x86_64 1.8 91.00 58.00 149.00 OK

Check Details

Version: 1.8
Check: DESCRIPTION meta-information
Result: NOTE
    Malformed Description field: should contain one or more complete sentences.
Flavors: r-devel-linux-x86_64-debian-clang, r-devel-linux-x86_64-debian-gcc, r-devel-linux-x86_64-fedora-clang, r-devel-linux-x86_64-fedora-gcc, r-devel-osx-x86_64-clang, r-prerel-windows-ix86+x86_64, r-prerel-linux-x86_64, r-prerel-solaris-sparc, r-prerel-solaris-x86