CRAN Package Check Results for Package mixer

Last updated on 2015-07-06 14:48:43.

Flavor Version Tinstall Tcheck Ttotal Status Flags
r-devel-linux-x86_64-debian-clang 1.8 18.66 23.49 42.15 NOTE
r-devel-linux-x86_64-debian-gcc 1.8 21.61 22.70 44.31 NOTE
r-devel-linux-x86_64-fedora-clang 1.8 91.60 NOTE
r-devel-linux-x86_64-fedora-gcc 1.8 77.61 NOTE
r-devel-osx-x86_64-clang 1.8 74.89 NOTE
r-devel-windows-ix86+x86_64 1.8 113.00 78.00 191.00 NOTE
r-patched-linux-x86_64 1.8 21.50 23.11 44.61 NOTE
r-patched-solaris-sparc 1.8 543.50 NOTE
r-patched-solaris-x86 1.8 103.10 NOTE
r-release-linux-x86_64 1.8 21.52 22.78 44.29 NOTE
r-release-osx-x86_64-mavericks 1.8 NOTE
r-release-windows-ix86+x86_64 1.8 110.00 66.00 176.00 NOTE
r-oldrel-windows-ix86+x86_64 1.8 134.00 57.00 191.00 OK

Check Details

Version: 1.8
Check: DESCRIPTION meta-information
Result: NOTE
    Malformed Description field: should contain one or more complete sentences.
Flavors: r-devel-linux-x86_64-debian-clang, r-devel-linux-x86_64-debian-gcc, r-devel-linux-x86_64-fedora-clang, r-devel-linux-x86_64-fedora-gcc, r-devel-osx-x86_64-clang, r-devel-windows-ix86+x86_64, r-patched-linux-x86_64, r-patched-solaris-sparc, r-patched-solaris-x86, r-release-linux-x86_64, r-release-osx-x86_64-mavericks, r-release-windows-ix86+x86_64

Version: 1.8
Check: R code for possible problems
Result: NOTE
    Gplot.graphics: no visible global function definition for ‘par’
    Gplot.network: no visible global function definition for ‘plot’
    Gplot.pie.nodes: no visible global function definition for ‘quantile’
    Gplot.vertex: no visible global function definition for ‘polygon’
    Gplot.vertex.label: no visible global function definition for ‘par’
    Gplot.vertex.label: no visible global function definition for
     ‘strwidth’
    Gplot.vertex.label: no visible global function definition for
     ‘strheight’
    Gplot.vertex.label: no visible global function definition for ‘rect’
    Gplot.vertex.label: no visible global function definition for ‘text’
    color.lightening: no visible global function definition for ‘rgb’
    draw.arc: no visible global function definition for ‘polygon’
    draw.cercle: no visible global function definition for ‘polygon’
    draw.edges: no visible global function definition for ‘polygon’
    draw.loops: no visible global function definition for ‘polygon’
    draw.rot.poly: no visible global function definition for ‘polygon’
    draw.rot.poly: no visible global function definition for ‘points’
    draw.sector: no visible global function definition for ‘polygon’
    graph.affiliation: no visible global function definition for
     ‘rmultinom’
    graph.affiliation: no visible global function definition for ‘rbinom’
    light.palette: no visible global function definition for ‘approx’
    light.palette: no visible global function definition for ‘rgb’
    mixture: no visible global function definition for ‘dpois’
    plot.mixer: no visible global function definition for ‘par’
    plotam: no visible global function definition for ‘plot’
    plotam: no visible global function definition for ‘rect’
    plotam: no visible global function definition for ‘abline’
    ploticl: no visible global function definition for ‘plot’
    ploticl: no visible global function definition for ‘lines’
    ploticl: no visible global function definition for ‘abline’
    plotmixture: no visible global function definition for ‘hist’
    plotmixture: no visible global function definition for ‘plot’
    plotmixture: no visible global function definition for ‘lines’
    plotmixture: no visible global function definition for ‘points’
    plotparam: no visible global function definition for ‘plot’
    plotparam: no visible global function definition for ‘points’
    plotparam: no visible global function definition for ‘text’
    spectralkmeans: no visible global function definition for ‘kmeans’
    Undefined global functions or variables:
     abline approx dpois hist kmeans lines par plot points polygon
     quantile rbinom rect rgb rmultinom strheight strwidth text
Flavors: r-devel-linux-x86_64-debian-clang, r-devel-linux-x86_64-debian-gcc, r-devel-linux-x86_64-fedora-clang, r-devel-linux-x86_64-fedora-gcc, r-devel-windows-ix86+x86_64