CRAN Package Check Results for Package mixer

Last updated on 2015-02-27 13:47:08.

Flavor Version Tinstall Tcheck Ttotal Status Flags
r-devel-linux-x86_64-debian-clang 1.8 17.52 27.20 44.73 NOTE
r-devel-linux-x86_64-debian-gcc 1.8 20.92 22.71 43.63 NOTE
r-devel-linux-x86_64-fedora-clang 1.8 91.23 NOTE
r-devel-linux-x86_64-fedora-gcc 1.8 77.15 NOTE
r-devel-osx-x86_64-clang 1.8 75.13 NOTE
r-devel-windows-ix86+x86_64 1.8 112.00 56.00 168.00 NOTE
r-patched-linux-x86_64 1.8 20.82 26.34 47.16 OK
r-patched-solaris-sparc 1.8 482.90 OK
r-patched-solaris-x86 1.8 111.40 OK
r-release-linux-ix86 1.8 27.54 32.97 60.51 OK
r-release-linux-x86_64 1.8 21.46 24.39 45.85 OK
r-release-osx-x86_64-mavericks 1.8 OK
r-release-osx-x86_64-snowleopard 1.8 OK
r-release-windows-ix86+x86_64 1.8 93.00 57.00 150.00 OK
r-oldrel-windows-ix86+x86_64 1.8 91.00 58.00 149.00 OK

Check Details

Version: 1.8
Check: DESCRIPTION meta-information
Result: NOTE
    Malformed Description field: should contain one or more complete sentences.
Flavors: r-devel-linux-x86_64-debian-clang, r-devel-linux-x86_64-debian-gcc, r-devel-linux-x86_64-fedora-clang, r-devel-linux-x86_64-fedora-gcc, r-devel-osx-x86_64-clang, r-devel-windows-ix86+x86_64