CRAN Package Check Results for Package mixer

Last updated on 2014-10-31 08:47:10.

Flavor Version Tinstall Tcheck Ttotal Status Flags
r-devel-linux-x86_64-debian-clang 1.7 17.67 24.34 42.01 NOTE
r-devel-linux-x86_64-debian-gcc 1.7 21.09 23.14 44.23 NOTE
r-devel-linux-x86_64-fedora-clang 1.7 92.41 NOTE
r-devel-linux-x86_64-fedora-gcc 1.7 79.15 NOTE
r-devel-osx-x86_64-clang 1.7 77.01 NOTE
r-devel-windows-ix86+x86_64 1.7 106.00 56.00 162.00 NOTE
r-patched-linux-x86_64 1.7 21.28 24.28 45.56 NOTE
r-patched-solaris-sparc 1.7 520.50 NOTE
r-patched-solaris-x86 1.7 110.40 NOTE
r-release-linux-ix86 1.7 28.98 32.93 61.91 NOTE
r-release-linux-x86_64 1.7 21.52 24.44 45.96 NOTE
r-release-osx-x86_64-mavericks 1.7 NOTE
r-release-windows-ix86+x86_64 1.7 136.00 55.00 191.00 NOTE
r-oldrel-windows-ix86+x86_64 1.7 107.00 55.00 162.00 NOTE

Check Details

Version: 1.7
Check: dependencies in R code
Result: NOTE
    Package in Depends field not imported from: ‘methods’
     These packages need to be imported from (in the NAMESPACE file)
     for when this namespace is loaded but not attached.
    See the information on DESCRIPTION files in the chapter ‘Creating R
    packages’ of the ‘Writing R Extensions’ manual.
Flavors: r-devel-linux-x86_64-debian-clang, r-devel-linux-x86_64-debian-gcc, r-devel-linux-x86_64-fedora-clang, r-devel-linux-x86_64-fedora-gcc, r-devel-osx-x86_64-clang, r-devel-windows-ix86+x86_64, r-patched-linux-x86_64, r-patched-solaris-sparc, r-patched-solaris-x86, r-release-linux-ix86, r-release-linux-x86_64, r-release-osx-x86_64-mavericks, r-release-windows-ix86+x86_64, r-oldrel-windows-ix86+x86_64

Version: 1.7
Check: compiled code
Result: NOTE
    File ‘mixer/libs/mixer.so’:
     Found ‘rand’, possibly from ‘rand’ (C)
     Objects: ‘Ermg.o’, ‘Graph.o’, ‘ModelDesigner.o’, ‘ModelImprover.o’,
     ‘SOCEm.o’
     Found ‘srand’, possibly from ‘srand’ (C)
     Object: ‘ermg_R.o’
    
    Compiled code should not call entry points which might terminate R nor
    write to stdout/stderr instead of to the console, nor the C RNG.
    
    See ‘Writing portable packages’ in the ‘Writing R Extensions’ manual.
Flavors: r-devel-linux-x86_64-debian-clang, r-devel-linux-x86_64-debian-gcc, r-devel-linux-x86_64-fedora-gcc, r-patched-linux-x86_64, r-patched-solaris-sparc, r-patched-solaris-x86

Version: 1.7
Check: compiled code
Result: NOTE
    File ‘mixer/libs/mixer.so’:
     Found ‘rand’, possibly from ‘rand’ (C)
     Objects: ‘Ermg.o’, ‘ModelDesigner.o’, ‘ModelImprover.o’, ‘SOCEm.o’
     Found ‘srand’, possibly from ‘srand’ (C)
     Object: ‘ermg_R.o’
    
    Compiled code should not call entry points which might terminate R nor
    write to stdout/stderr instead of to the console, nor the C RNG.
    
    See ‘Writing portable packages’ in the ‘Writing R Extensions’ manual.
Flavor: r-devel-linux-x86_64-fedora-clang

Version: 1.7
Check: compiled code
Result: NOTE
    File ‘mixer/libs/mixer.so’:
     Found ‘_rand’, possibly from ‘rand’ (C)
     Objects: ‘Ermg.o’, ‘ModelDesigner.o’, ‘ModelImprover.o’, ‘SOCEm.o’
     Found ‘_srand’, possibly from ‘srand’ (C)
     Object: ‘ermg_R.o’
    
    Compiled code should not call entry points which might terminate R nor
    write to stdout/stderr instead of to the console, nor the C RNG.
    
    See ‘Writing portable packages’ in the ‘Writing R Extensions’ manual.
Flavor: r-devel-osx-x86_64-clang

Version: 1.7
Check: compiled code
Result: NOTE
    File 'mixer/libs/i386/mixer.dll':
     Found 'rand', possibly from 'rand' (C)
     Objects: 'Ermg.o', 'Graph.o', 'ModelDesigner.o', 'ModelImprover.o',
     'SOCEm.o'
     Found 'srand', possibly from 'srand' (C)
     Object: 'ermg_R.o'
    File 'mixer/libs/x64/mixer.dll':
     Found 'rand', possibly from 'rand' (C)
     Objects: 'Ermg.o', 'Graph.o', 'ModelDesigner.o', 'ModelImprover.o',
     'SOCEm.o'
     Found 'srand', possibly from 'srand' (C)
     Object: 'ermg_R.o'
    
    Compiled code should not call entry points which might terminate R nor
    write to stdout/stderr instead of to the console, nor the C RNG.
    
    See 'Writing portable packages' in the 'Writing R Extensions' manual.
Flavor: r-devel-windows-ix86+x86_64