CRAN Package Check Results for Package mixer

Last updated on 2014-04-20 15:46:54.

Flavor Version Tinstall Tcheck Ttotal Status Flags
r-devel-linux-x86_64-debian-clang 1.7 20.56 28.89 49.44 NOTE
r-devel-linux-x86_64-debian-gcc 1.7 21.23 25.44 46.66 NOTE
r-devel-linux-x86_64-fedora-clang 1.7 91.36 NOTE
r-devel-linux-x86_64-fedora-gcc 1.7 82.39 NOTE
r-devel-macosx-x86_64-clang 1.7 71.47 NOTE
r-devel-macosx-x86_64-gcc 1.7 NOTE
r-devel-windows-ix86+x86_64 1.7 100.00 56.00 156.00 NOTE
r-patched-linux-x86_64 1.7 21.22 25.56 46.78 NOTE
r-patched-solaris-sparc 1.7 510.90 NOTE
r-patched-solaris-x86 1.7 110.50 NOTE
r-release-linux-ix86 NOTE
r-release-linux-x86_64 1.7 21.26 25.62 46.88 NOTE
r-release-windows-ix86+x86_64 1.7 170.00 73.00 243.00 NOTE
r-oldrel-windows-ix86+x86_64 1.7 107.00 55.00 162.00 NOTE

Check Details

Version: 1.7
Check: dependencies in R code
Result: NOTE
    Package in Depends field not imported from: ‘methods’
     These packages need to be imported from (in the NAMESPACE file)
     for when this namespace is loaded but not attached.
    See the information on DESCRIPTION files in the chapter ‘Creating R
    packages’ of the ‘Writing R Extensions’ manual.
Flavors: r-devel-linux-x86_64-debian-clang, r-devel-linux-x86_64-debian-gcc, r-devel-linux-x86_64-fedora-clang, r-devel-linux-x86_64-fedora-gcc, r-devel-macosx-x86_64-clang, r-devel-macosx-x86_64-gcc, r-devel-windows-ix86+x86_64, r-patched-linux-x86_64, r-patched-solaris-sparc, r-patched-solaris-x86, r-release-linux-ix86, r-release-linux-x86_64, r-release-windows-ix86+x86_64, r-oldrel-windows-ix86+x86_64