CRAN Package Check Results for Package mixer

Last updated on 2015-05-30 03:48:50.

Flavor Version Tinstall Tcheck Ttotal Status Flags
r-devel-linux-x86_64-debian-clang 1.8 18.62 23.44 42.07 NOTE
r-devel-linux-x86_64-debian-gcc 1.8 21.00 22.62 43.62 NOTE
r-devel-linux-x86_64-fedora-clang 1.8 92.20 NOTE
r-devel-linux-x86_64-fedora-gcc 1.8 78.55 NOTE
r-devel-osx-x86_64-clang 1.8 79.59 NOTE
r-devel-windows-ix86+x86_64 1.8 113.00 53.00 166.00 NOTE
r-patched-linux-x86_64 1.8 21.08 22.83 43.91 NOTE
r-patched-solaris-sparc 1.8 543.50 NOTE
r-patched-solaris-x86 1.8 105.70 NOTE
r-release-linux-x86_64 1.8 21.04 23.62 44.65 NOTE
r-release-osx-x86_64-mavericks 1.8 NOTE
r-release-osx-x86_64-snowleopard 1.8 NOTE
r-release-windows-ix86+x86_64 1.8 102.00 69.00 171.00 NOTE
r-oldrel-windows-ix86+x86_64 1.8 134.00 57.00 191.00 OK

Check Details

Version: 1.8
Check: DESCRIPTION meta-information
Result: NOTE
    Malformed Description field: should contain one or more complete sentences.
Flavors: r-devel-linux-x86_64-debian-clang, r-devel-linux-x86_64-debian-gcc, r-devel-linux-x86_64-fedora-clang, r-devel-linux-x86_64-fedora-gcc, r-devel-osx-x86_64-clang, r-devel-windows-ix86+x86_64, r-patched-linux-x86_64, r-patched-solaris-sparc, r-patched-solaris-x86, r-release-linux-x86_64, r-release-osx-x86_64-mavericks, r-release-osx-x86_64-snowleopard, r-release-windows-ix86+x86_64