CRAN Package Check Results for Package mixer

Last updated on 2015-04-28 15:46:49.

Flavor Version Tinstall Tcheck Ttotal Status Flags
r-devel-linux-x86_64-debian-clang 1.8 18.18 23.59 41.77 NOTE
r-devel-linux-x86_64-debian-gcc 1.8 21.36 22.89 44.25 NOTE
r-devel-linux-x86_64-fedora-clang 1.8 91.62 NOTE
r-devel-linux-x86_64-fedora-gcc 1.8 78.51 NOTE
r-devel-osx-x86_64-clang 1.8 77.42 NOTE
r-devel-windows-ix86+x86_64 1.8 114.00 59.00 173.00 NOTE
r-patched-linux-x86_64 1.8 21.19 23.63 44.82 NOTE
r-patched-solaris-sparc 1.8 540.20 NOTE
r-patched-solaris-x86 1.8 104.60 NOTE
r-release-linux-x86_64 1.8 21.41 23.85 45.26 NOTE
r-release-osx-x86_64-mavericks 1.8 NOTE
r-release-osx-x86_64-snowleopard 1.8 NOTE
r-release-windows-ix86+x86_64 1.8 102.00 69.00 171.00 NOTE
r-oldrel-windows-ix86+x86_64 1.8 134.00 57.00 191.00 OK

Check Details

Version: 1.8
Check: DESCRIPTION meta-information
Result: NOTE
    Malformed Description field: should contain one or more complete sentences.
Flavors: r-devel-linux-x86_64-debian-clang, r-devel-linux-x86_64-debian-gcc, r-devel-linux-x86_64-fedora-clang, r-devel-linux-x86_64-fedora-gcc, r-devel-osx-x86_64-clang, r-devel-windows-ix86+x86_64, r-patched-linux-x86_64, r-patched-solaris-sparc, r-patched-solaris-x86, r-release-linux-x86_64, r-release-osx-x86_64-mavericks, r-release-osx-x86_64-snowleopard, r-release-windows-ix86+x86_64