CRAN Package Check Results for Package mixer

Last updated on 2014-11-28 09:50:40.

Flavor Version Tinstall Tcheck Ttotal Status Flags
r-devel-linux-x86_64-debian-clang 1.7 17.65 24.48 42.13 NOTE
r-devel-linux-x86_64-debian-gcc 1.7 21.27 23.40 44.66 NOTE
r-devel-linux-x86_64-fedora-clang 1.7 95.78 NOTE
r-devel-linux-x86_64-fedora-gcc 1.7 84.18 NOTE
r-devel-osx-x86_64-clang 1.7 79.18 NOTE
r-devel-windows-ix86+x86_64 1.7 105.00 53.00 158.00 NOTE
r-patched-linux-x86_64 1.7 21.16 24.70 45.85 NOTE
r-patched-solaris-sparc 1.7 520.50 NOTE
r-patched-solaris-x86 1.7 108.80 NOTE
r-release-linux-ix86 1.7 27.53 32.78 60.31 NOTE
r-release-linux-x86_64 1.7 21.61 24.60 46.21 NOTE
r-release-osx-x86_64-mavericks 1.7 NOTE
r-release-windows-ix86+x86_64 1.7 103.00 57.00 160.00 NOTE
r-oldrel-windows-ix86+x86_64 1.7 107.00 55.00 162.00 NOTE

Check Details

Version: 1.7
Check: dependencies in R code
Result: NOTE
    Package in Depends field not imported from: ‘methods’
     These packages need to be imported from (in the NAMESPACE file)
     for when this namespace is loaded but not attached.
    See the information on DESCRIPTION files in the chapter ‘Creating R
    packages’ of the ‘Writing R Extensions’ manual.
Flavors: r-devel-linux-x86_64-debian-clang, r-devel-linux-x86_64-debian-gcc, r-devel-linux-x86_64-fedora-clang, r-devel-linux-x86_64-fedora-gcc, r-devel-osx-x86_64-clang, r-devel-windows-ix86+x86_64, r-patched-linux-x86_64, r-patched-solaris-sparc, r-patched-solaris-x86, r-release-linux-ix86, r-release-linux-x86_64, r-release-osx-x86_64-mavericks, r-release-windows-ix86+x86_64, r-oldrel-windows-ix86+x86_64

Version: 1.7
Check: compiled code
Result: NOTE
    File ‘mixer/libs/mixer.so’:
     Found ‘rand’, possibly from ‘rand’ (C)
     Objects: ‘Ermg.o’, ‘Graph.o’, ‘ModelDesigner.o’, ‘ModelImprover.o’,
     ‘SOCEm.o’
     Found ‘srand’, possibly from ‘srand’ (C)
     Object: ‘ermg_R.o’
    
    Compiled code should not call entry points which might terminate R nor
    write to stdout/stderr instead of to the console, nor the C RNG.
    
    See ‘Writing portable packages’ in the ‘Writing R Extensions’ manual.
Flavors: r-devel-linux-x86_64-debian-clang, r-devel-linux-x86_64-debian-gcc, r-devel-linux-x86_64-fedora-gcc, r-patched-linux-x86_64, r-patched-solaris-sparc, r-patched-solaris-x86, r-release-linux-ix86, r-release-linux-x86_64

Version: 1.7
Check: compiled code
Result: NOTE
    File ‘mixer/libs/mixer.so’:
     Found ‘rand’, possibly from ‘rand’ (C)
     Objects: ‘Ermg.o’, ‘ModelDesigner.o’, ‘ModelImprover.o’, ‘SOCEm.o’
     Found ‘srand’, possibly from ‘srand’ (C)
     Object: ‘ermg_R.o’
    
    Compiled code should not call entry points which might terminate R nor
    write to stdout/stderr instead of to the console, nor the C RNG.
    
    See ‘Writing portable packages’ in the ‘Writing R Extensions’ manual.
Flavor: r-devel-linux-x86_64-fedora-clang

Version: 1.7
Check: compiled code
Result: NOTE
    File ‘mixer/libs/mixer.so’:
     Found ‘_rand’, possibly from ‘rand’ (C)
     Objects: ‘Ermg.o’, ‘ModelDesigner.o’, ‘ModelImprover.o’, ‘SOCEm.o’
     Found ‘_srand’, possibly from ‘srand’ (C)
     Object: ‘ermg_R.o’
    
    Compiled code should not call entry points which might terminate R nor
    write to stdout/stderr instead of to the console, nor the C RNG.
    
    See ‘Writing portable packages’ in the ‘Writing R Extensions’ manual.
Flavor: r-devel-osx-x86_64-clang

Version: 1.7
Check: compiled code
Result: NOTE
    File 'mixer/libs/i386/mixer.dll':
     Found 'rand', possibly from 'rand' (C)
     Objects: 'Ermg.o', 'Graph.o', 'ModelDesigner.o', 'ModelImprover.o',
     'SOCEm.o'
     Found 'srand', possibly from 'srand' (C)
     Object: 'ermg_R.o'
    File 'mixer/libs/x64/mixer.dll':
     Found 'rand', possibly from 'rand' (C)
     Objects: 'Ermg.o', 'Graph.o', 'ModelDesigner.o', 'ModelImprover.o',
     'SOCEm.o'
     Found 'srand', possibly from 'srand' (C)
     Object: 'ermg_R.o'
    
    Compiled code should not call entry points which might terminate R nor
    write to stdout/stderr instead of to the console, nor the C RNG.
    
    See 'Writing portable packages' in the 'Writing R Extensions' manual.
Flavors: r-devel-windows-ix86+x86_64, r-release-windows-ix86+x86_64