CRAN Package Check Results for Package mixexp

Last updated on 2017-08-17 03:48:59.

Flavor Version Tinstall Tcheck Ttotal Status Flags
r-devel-linux-x86_64-debian-clang 1.2.5 2.38 37.14 39.52 NOTE
r-devel-linux-x86_64-debian-gcc 1.2.5 2.28 37.04 39.32 NOTE
r-devel-linux-x86_64-fedora-clang 1.2.5 69.93 NOTE
r-devel-linux-x86_64-fedora-gcc 1.2.5 68.88 NOTE
r-devel-windows-ix86+x86_64 1.2.5 8.00 76.00 84.00 OK
r-patched-linux-x86_64 1.2.5 2.72 37.83 40.55 NOTE
r-patched-solaris-x86 1.2.5 86.90 OK
r-release-linux-x86_64 1.2.5 2.48 37.81 40.29 NOTE
r-release-windows-ix86+x86_64 1.2.5 9.00 80.00 89.00 OK
r-release-osx-x86_64 1.2.5 OK
r-oldrel-windows-ix86+x86_64 1.2.5 9.00 73.00 82.00 OK
r-oldrel-osx-x86_64 1.2.5 OK

Check Details

Version: 1.2.5
Check: compiled code
Result: NOTE
    File ‘mixexp/libs/mixexp.so’:
     Found no calls to: ‘R_registerRoutines’, ‘R_useDynamicSymbols’
    
    It is good practice to register native routines and to disable symbol
    search.
    
    See ‘Writing portable packages’ in the ‘Writing R Extensions’ manual.
Flavors: r-devel-linux-x86_64-debian-clang, r-devel-linux-x86_64-debian-gcc, r-devel-linux-x86_64-fedora-clang, r-devel-linux-x86_64-fedora-gcc, r-patched-linux-x86_64, r-release-linux-x86_64