CRAN Package Check Results for Package mixexp

Last updated on 2017-06-23 18:46:38.

Flavor Version Tinstall Tcheck Ttotal Status Flags
r-devel-linux-x86_64-debian-clang 1.2.5 3.35 38.13 41.48 NOTE
r-devel-linux-x86_64-debian-gcc 1.2.5 2.64 36.79 39.44 NOTE
r-devel-linux-x86_64-fedora-clang 1.2.5 72.41 NOTE
r-devel-linux-x86_64-fedora-gcc 1.2.5 68.81 NOTE
r-devel-windows-ix86+x86_64 1.2.5 17.00 119.00 136.00 OK
r-patched-linux-x86_64 1.2.5 2.69 36.17 38.86 NOTE
r-patched-solaris-sparc 1.2.5 391.90 OK
r-patched-solaris-x86 1.2.5 83.00 OK
r-release-linux-x86_64 1.2.5 3.14 38.69 41.83 NOTE
r-release-windows-ix86+x86_64 1.2.5 8.00 115.00 123.00 OK
r-release-osx-x86_64 1.2.5 OK
r-oldrel-windows-ix86+x86_64 1.2.5 12.00 99.00 111.00 OK
r-oldrel-osx-x86_64 1.2.5 OK

Check Details

Version: 1.2.5
Check: compiled code
Result: NOTE
    File ‘mixexp/libs/mixexp.so’:
     Found no calls to: ‘R_registerRoutines’, ‘R_useDynamicSymbols’
    
    It is good practice to register native routines and to disable symbol
    search.
    
    See ‘Writing portable packages’ in the ‘Writing R Extensions’ manual.
Flavors: r-devel-linux-x86_64-debian-clang, r-devel-linux-x86_64-debian-gcc, r-devel-linux-x86_64-fedora-clang, r-devel-linux-x86_64-fedora-gcc, r-patched-linux-x86_64, r-release-linux-x86_64