CRAN Package Check Results for Package mixexp

Last updated on 2018-05-25 00:46:43 CEST.

Flavor Version Tinstall Tcheck Ttotal Status Flags
r-devel-linux-x86_64-debian-clang 1.2.5 7.69 48.89 56.58 NOTE
r-devel-linux-x86_64-debian-gcc 1.2.5 5.91 41.27 47.18 NOTE
r-devel-linux-x86_64-fedora-clang 1.2.5 74.23 NOTE
r-devel-linux-x86_64-fedora-gcc 1.2.5 71.15 NOTE
r-devel-windows-ix86+x86_64 1.2.5 14.00 122.00 136.00 OK
r-patched-linux-x86_64 1.2.5 7.27 50.40 57.67 NOTE
r-patched-solaris-x86 1.2.5 98.60 OK
r-release-linux-x86_64 1.2.5 6.70 50.97 57.67 NOTE
r-release-windows-ix86+x86_64 1.2.5 18.00 84.00 102.00 OK
r-release-osx-x86_64 1.2.5 OK
r-oldrel-windows-ix86+x86_64 1.2.5 12.00 81.00 93.00 OK
r-oldrel-osx-x86_64 1.2.5 OK

Check Details

Version: 1.2.5
Check: compiled code
Result: NOTE
    File ‘mixexp/libs/mixexp.so’:
     Found no calls to: ‘R_registerRoutines’, ‘R_useDynamicSymbols’
    
    It is good practice to register native routines and to disable symbol
    search.
    
    See ‘Writing portable packages’ in the ‘Writing R Extensions’ manual.
Flavors: r-devel-linux-x86_64-debian-clang, r-devel-linux-x86_64-debian-gcc, r-devel-linux-x86_64-fedora-clang, r-devel-linux-x86_64-fedora-gcc, r-patched-linux-x86_64, r-release-linux-x86_64