CRAN Package Check Results for Package mixexp

Last updated on 2014-04-24 07:52:31.

Flavor Version Tinstall Tcheck Ttotal Status Flags
r-devel-linux-x86_64-debian-clang 1.1.1 1.77 24.02 25.79 OK
r-devel-linux-x86_64-debian-gcc 1.1.1 3.73 24.48 28.21 OK
r-devel-linux-x86_64-fedora-clang 1.1.1 51.14 OK
r-devel-linux-x86_64-fedora-gcc 1.1.1 50.55 OK
r-devel-osx-x86_64-clang 1.1.1 45.75 OK
r-devel-osx-x86_64-gcc 1.1.1 OK
r-devel-windows-ix86+x86_64 1.1.1 7.00 58.00 65.00 OK
r-patched-linux-x86_64 1.1.1 1.76 24.63 26.39 OK
r-patched-solaris-sparc 1.1.1 257.30 OK
r-patched-solaris-x86 1.1.1 64.40 OK
r-release-linux-ix86 1.1.1 3.00 45.00 48.00 OK
r-release-linux-x86_64 1.1.1 1.76 24.98 26.73 OK
r-release-osx-x86_64-mavericks 1.1.1 WARN
r-release-osx-x86_64-snowleopard 1.1.1 OK
r-release-windows-ix86+x86_64 1.1.1 7.00 58.00 65.00 OK
r-oldrel-windows-ix86+x86_64 1.1.1 8.00 58.00 66.00 OK

Check Details

Version: 1.1.1
Check: PDF version of manual
Result: WARNING
    LaTeX errors when creating PDF version.
    This typically indicates Rd problems.
    LaTeX errors found:
    ! LaTeX Error: File `upquote.sty' not found.
    
    Type X to quit or <RETURN> to proceed,
    or enter new name. (Default extension: sty)
    
    3cd439a6/Rd2.tex:8: ==> Fatal error occurred, no output PDF file produced!
Flavor: r-release-osx-x86_64-mavericks