CRAN Package Check Results for Package mixexp

Last updated on 2017-02-25 23:47:51.

Flavor Version Tinstall Tcheck Ttotal Status Flags
r-devel-linux-x86_64-debian-clang 1.2.5 2.68 35.52 38.20 NOTE
r-devel-linux-x86_64-debian-gcc 1.2.5 2.35 35.91 38.26 NOTE
r-devel-linux-x86_64-fedora-clang 1.2.5 77.33 NOTE --no-stop-on-test-error
r-devel-linux-x86_64-fedora-gcc 1.2.5 67.20 NOTE --no-stop-on-test-error
r-devel-macos-x86_64-clang 1.2.5 57.59 NOTE --no-stop-on-test-error
r-devel-windows-ix86+x86_64 1.2.5 15.00 116.00 131.00 OK
r-patched-linux-x86_64 1.2.5 2.26 31.05 33.31 OK
r-patched-solaris-sparc 1.2.5 354.80 OK
r-patched-solaris-x86 1.2.5 76.40 OK
r-release-linux-x86_64 1.2.5 2.28 30.74 33.02 OK
r-release-osx-x86_64-mavericks 1.2.5 OK
r-release-windows-ix86+x86_64 1.2.5 12.00 138.00 150.00 OK
r-oldrel-windows-ix86+x86_64 1.2.5 17.00 77.00 94.00 OK

Check Details

Version: 1.2.5
Check: compiled code
Result: NOTE
    File ‘mixexp/libs/mixexp.so’:
     Found no calls to: ‘R_registerRoutines’, ‘R_useDynamicSymbols’
    
    It is good practice to register native routines and to disable symbol
    search.
    
    See ‘Writing portable packages’ in the ‘Writing R Extensions’ manual.
Flavors: r-devel-linux-x86_64-debian-clang, r-devel-linux-x86_64-debian-gcc

Version: 1.2.5
Flags: --no-stop-on-test-error
Check: compiled code
Result: NOTE
    File ‘mixexp/libs/mixexp.so’:
     Found no calls to: ‘R_registerRoutines’, ‘R_useDynamicSymbols’
    
    It is good practice to register native routines and to disable symbol
    search.
    
    See ‘Writing portable packages’ in the ‘Writing R Extensions’ manual.
Flavors: r-devel-linux-x86_64-fedora-clang, r-devel-linux-x86_64-fedora-gcc, r-devel-macos-x86_64-clang