CRAN Package Check Results for Package mixexp

Last updated on 2017-03-22 23:53:23.

Flavor Version Tinstall Tcheck Ttotal Status Flags
r-devel-linux-x86_64-debian-clang 1.2.5 2.66 37.12 39.78 NOTE
r-devel-linux-x86_64-debian-gcc 1.2.5 2.46 36.32 38.78 NOTE
r-devel-linux-x86_64-fedora-clang 1.2.5 68.24 NOTE --no-stop-on-test-error
r-devel-linux-x86_64-fedora-gcc 1.2.5 68.35 NOTE --no-stop-on-test-error
r-devel-macos-x86_64-clang 1.2.5 57.31 NOTE --no-stop-on-test-error
r-devel-windows-ix86+x86_64 1.2.5 9.00 79.00 88.00 OK
r-patched-linux-x86_64 1.2.5 2.19 31.20 33.38 OK
r-patched-solaris-sparc 1.2.5 391.90 OK
r-patched-solaris-x86 1.2.5 86.50 OK
r-release-linux-x86_64 1.2.5 2.33 30.90 33.23 OK
r-release-osx-x86_64-mavericks 1.2.5 OK
r-release-windows-ix86+x86_64 1.2.5 27.00 72.00 99.00 OK
r-oldrel-windows-ix86+x86_64 1.2.5 12.00 144.00 156.00 OK

Check Details

Version: 1.2.5
Check: compiled code
Result: NOTE
    File ‘mixexp/libs/mixexp.so’:
     Found no calls to: ‘R_registerRoutines’, ‘R_useDynamicSymbols’
    
    It is good practice to register native routines and to disable symbol
    search.
    
    See ‘Writing portable packages’ in the ‘Writing R Extensions’ manual.
Flavors: r-devel-linux-x86_64-debian-clang, r-devel-linux-x86_64-debian-gcc

Version: 1.2.5
Flags: --no-stop-on-test-error
Check: compiled code
Result: NOTE
    File ‘mixexp/libs/mixexp.so’:
     Found no calls to: ‘R_registerRoutines’, ‘R_useDynamicSymbols’
    
    It is good practice to register native routines and to disable symbol
    search.
    
    See ‘Writing portable packages’ in the ‘Writing R Extensions’ manual.
Flavors: r-devel-linux-x86_64-fedora-clang, r-devel-linux-x86_64-fedora-gcc, r-devel-macos-x86_64-clang