CRAN Package Check Results for Package mixexp

Last updated on 2015-05-28 19:47:35.

Flavor Version Tinstall Tcheck Ttotal Status Flags
r-devel-linux-x86_64-debian-clang 1.2.1 2.12 31.07 33.20 OK
r-devel-linux-x86_64-debian-gcc 1.2.1 2.12 30.71 32.82 OK
r-devel-linux-x86_64-fedora-clang 1.2.1 64.70 OK
r-devel-linux-x86_64-fedora-gcc 1.2.1 61.04 OK
r-devel-osx-x86_64-clang 1.2.1 62.26 OK
r-devel-windows-ix86+x86_64 1.2.1 9.00 63.00 72.00 OK
r-patched-linux-x86_64 1.2.1 2.13 30.12 32.25 OK
r-patched-solaris-sparc 1.2.1 392.70 OK
r-patched-solaris-x86 1.2.1 80.40 OK
r-release-linux-x86_64 1.2.1 2.12 30.61 32.73 OK
r-release-osx-x86_64-mavericks 1.2.1 OK
r-release-osx-x86_64-snowleopard 1.2.1 ERROR
r-release-windows-ix86+x86_64 1.2.1 8.00 67.00 75.00 OK
r-oldrel-windows-ix86+x86_64 1.2.1 13.00 137.00 150.00 OK

Check Details

Version: 1.2.1
Check: package dependencies
Result: ERROR
    Package required but not available: ‘daewr’
    
    See section ‘The DESCRIPTION file’ in the ‘Writing R Extensions’
    manual.
Flavor: r-release-osx-x86_64-snowleopard