CRAN Package Check Results for Package mixexp

Last updated on 2015-07-05 03:47:33.

Flavor Version Tinstall Tcheck Ttotal Status Flags
r-devel-linux-x86_64-debian-clang 1.2.1 2.21 32.44 34.65 NOTE
r-devel-linux-x86_64-debian-gcc 1.2.1 2.24 32.08 34.31 NOTE
r-devel-linux-x86_64-fedora-clang 1.2.1 65.63 NOTE
r-devel-linux-x86_64-fedora-gcc 1.2.1 61.12 NOTE
r-devel-osx-x86_64-clang 1.2.1 59.13 OK
r-devel-windows-ix86+x86_64 1.2.1 13.00 98.00 111.00 NOTE
r-patched-linux-x86_64 1.2.1 2.31 31.04 33.35 OK
r-patched-solaris-sparc 1.2.1 392.70 OK
r-patched-solaris-x86 1.2.1 80.10 OK
r-release-linux-x86_64 1.2.1 2.65 31.25 33.90 OK
r-release-osx-x86_64-mavericks 1.2.1 OK
r-release-windows-ix86+x86_64 1.2.1 17.00 74.00 91.00 OK
r-oldrel-windows-ix86+x86_64 1.2.1 15.00 148.00 163.00 OK

Check Details

Version: 1.2.1
Check: R code for possible problems
Result: NOTE
    DesignPoints: no visible global function definition for ‘runif’
    EffPlot: no visible global function definition for ‘lm’
    EffPlot: no visible global function definition for ‘plot’
    EffPlot: no visible global function definition for ‘lines’
    EffPlot: no visible global function definition for ‘text’
    Fillv: no visible global function definition for ‘combn’
    MixModel: no visible global function definition for ‘lm’
    MixModel: no visible global function definition for ‘vcov’
    MixModel: no visible global function definition for ‘pt’
    MixturePlot: no visible binding for global variable ‘heat.colors’
    MixturePlot: no visible global function definition for ‘lm’
    MixturePlot: no visible global function definition for ‘predict’
    ModelEff: no visible global function definition for ‘plot’
    ModelEff: no visible global function definition for ‘lines’
    ModelEff: no visible global function definition for ‘text’
    ModelPlot: no visible binding for global variable ‘heat.colors’
    ModelPlot : user.func: no visible global function definition for
     ‘predict’
    SCD: no visible global function definition for ‘combn’
    Undefined global functions or variables:
     combn heat.colors lines lm plot predict pt runif text vcov
Flavors: r-devel-linux-x86_64-debian-clang, r-devel-linux-x86_64-debian-gcc, r-devel-linux-x86_64-fedora-clang, r-devel-linux-x86_64-fedora-gcc, r-devel-windows-ix86+x86_64