CRAN Package Check Results for Package mixexp

Last updated on 2018-01-18 02:52:05 CET.

Flavor Version Tinstall Tcheck Ttotal Status Flags
r-devel-linux-x86_64-debian-clang 1.2.5 3.52 53.91 57.43 NOTE
r-devel-linux-x86_64-debian-gcc 1.2.5 2.71 45.71 48.42 NOTE
r-devel-linux-x86_64-fedora-clang 1.2.5 70.72 NOTE
r-devel-linux-x86_64-fedora-gcc 1.2.5 69.32 NOTE
r-devel-windows-ix86+x86_64 1.2.5 10.00 129.00 139.00 OK
r-patched-linux-x86_64 1.2.5 3.52 60.47 63.99 NOTE
r-patched-solaris-x86 1.2.5 97.00 OK
r-release-linux-x86_64 1.2.5 3.52 60.09 63.61 NOTE
r-release-windows-ix86+x86_64 1.2.5 8.00 89.00 97.00 OK
r-release-osx-x86_64 1.2.5 OK
r-oldrel-windows-ix86+x86_64 1.2.5 12.00 107.00 119.00 OK
r-oldrel-osx-x86_64 1.2.5 OK

Check Details

Version: 1.2.5
Check: compiled code
Result: NOTE
    File ‘mixexp/libs/mixexp.so’:
     Found no calls to: ‘R_registerRoutines’, ‘R_useDynamicSymbols’
    
    It is good practice to register native routines and to disable symbol
    search.
    
    See ‘Writing portable packages’ in the ‘Writing R Extensions’ manual.
Flavors: r-devel-linux-x86_64-debian-clang, r-devel-linux-x86_64-debian-gcc, r-devel-linux-x86_64-fedora-clang, r-devel-linux-x86_64-fedora-gcc, r-patched-linux-x86_64, r-release-linux-x86_64