CRAN Package Check Results for Package mixexp

Last updated on 2017-04-30 05:48:32.

Flavor Version Tinstall Tcheck Ttotal Status Flags
r-devel-linux-x86_64-debian-clang 1.2.5 2.54 36.43 38.97 NOTE
r-devel-linux-x86_64-debian-gcc 1.2.5 2.66 35.69 38.34 NOTE
r-devel-linux-x86_64-fedora-clang 1.2.5 70.17 NOTE --no-stop-on-test-error
r-devel-linux-x86_64-fedora-gcc 1.2.5 67.85 NOTE --no-stop-on-test-error
r-devel-windows-ix86+x86_64 1.2.5 15.00 87.00 102.00 OK
r-patched-linux-x86_64 1.2.5 2.46 36.10 38.56 NOTE
r-patched-solaris-sparc 1.2.5 391.90 OK
r-patched-solaris-x86 1.2.5 81.70 OK
r-release-linux-x86_64 1.2.5 2.59 36.01 38.60 NOTE
r-release-windows-ix86+x86_64 1.2.5 13.00 116.00 129.00 OK
r-release-osx-x86_64 1.2.5 OK
r-oldrel-windows-ix86+x86_64 1.2.5 14.00 99.00 113.00 OK
r-oldrel-osx-x86_64 1.2.5 OK

Check Details

Version: 1.2.5
Check: compiled code
Result: NOTE
    File ‘mixexp/libs/mixexp.so’:
     Found no calls to: ‘R_registerRoutines’, ‘R_useDynamicSymbols’
    
    It is good practice to register native routines and to disable symbol
    search.
    
    See ‘Writing portable packages’ in the ‘Writing R Extensions’ manual.
Flavors: r-devel-linux-x86_64-debian-clang, r-devel-linux-x86_64-debian-gcc, r-patched-linux-x86_64, r-release-linux-x86_64

Version: 1.2.5
Flags: --no-stop-on-test-error
Check: compiled code
Result: NOTE
    File ‘mixexp/libs/mixexp.so’:
     Found no calls to: ‘R_registerRoutines’, ‘R_useDynamicSymbols’
    
    It is good practice to register native routines and to disable symbol
    search.
    
    See ‘Writing portable packages’ in the ‘Writing R Extensions’ manual.
Flavors: r-devel-linux-x86_64-fedora-clang, r-devel-linux-x86_64-fedora-gcc