CRAN Package Check Results for Package mixexp

Last updated on 2017-10-23 01:46:48.

Flavor Version Tinstall Tcheck Ttotal Status Flags
r-devel-linux-x86_64-debian-clang 1.2.5 2.43 37.07 39.49 NOTE
r-devel-linux-x86_64-debian-gcc 1.2.5 3.21 40.98 44.18 NOTE
r-devel-linux-x86_64-fedora-clang 1.2.5 74.93 NOTE
r-devel-linux-x86_64-fedora-gcc 1.2.5 74.12 NOTE
r-devel-windows-ix86+x86_64 1.2.5 12.00 117.00 129.00 OK
r-patched-linux-x86_64 1.2.5 2.66 37.95 40.62 NOTE
r-patched-solaris-x86 1.2.5 91.80 OK
r-release-linux-x86_64 1.2.5 2.53 37.39 39.92 NOTE
r-release-windows-ix86+x86_64 1.2.5 15.00 121.00 136.00 OK
r-release-osx-x86_64 1.2.5 OK
r-oldrel-windows-ix86+x86_64 1.2.5 9.00 101.00 110.00 OK
r-oldrel-osx-x86_64 1.2.5 OK

Check Details

Version: 1.2.5
Check: compiled code
Result: NOTE
    File ‘mixexp/libs/mixexp.so’:
     Found no calls to: ‘R_registerRoutines’, ‘R_useDynamicSymbols’
    
    It is good practice to register native routines and to disable symbol
    search.
    
    See ‘Writing portable packages’ in the ‘Writing R Extensions’ manual.
Flavors: r-devel-linux-x86_64-debian-clang, r-devel-linux-x86_64-debian-gcc, r-devel-linux-x86_64-fedora-clang, r-devel-linux-x86_64-fedora-gcc, r-patched-linux-x86_64, r-release-linux-x86_64