CRAN Package Check Results for Package mixexp

Last updated on 2015-08-02 03:48:16.

Flavor Version Tinstall Tcheck Ttotal Status Flags
r-devel-linux-x86_64-debian-clang 1.2.1 2.38 31.87 34.25 NOTE
r-devel-linux-x86_64-debian-gcc 1.2.1 2.22 31.30 33.52 NOTE
r-devel-linux-x86_64-fedora-clang 1.2.1 66.80 NOTE
r-devel-linux-x86_64-fedora-gcc 1.2.1 62.50 NOTE
r-devel-osx-x86_64-clang 1.2.1 58.93 OK
r-devel-windows-ix86+x86_64 1.2.1 9.00 69.00 78.00 NOTE
r-patched-linux-x86_64 1.2.1 2.36 32.18 34.54 OK
r-patched-solaris-sparc 1.2.1 387.20 OK
r-patched-solaris-x86 1.2.1 81.50 OK
r-release-linux-x86_64 1.2.1 2.44 32.87 35.31 OK
r-release-osx-x86_64-mavericks 1.2.1 OK
r-release-windows-ix86+x86_64 1.2.1 12.00 102.00 114.00 OK
r-oldrel-windows-ix86+x86_64 1.2.1 17.00 105.00 122.00 OK

Check Details

Version: 1.2.1
Check: R code for possible problems
Result: NOTE
    DesignPoints: no visible global function definition for ‘runif’
    EffPlot: no visible global function definition for ‘lm’
    EffPlot: no visible global function definition for ‘plot’
    EffPlot: no visible global function definition for ‘lines’
    EffPlot: no visible global function definition for ‘text’
    Fillv: no visible global function definition for ‘combn’
    MixModel: no visible global function definition for ‘lm’
    MixModel: no visible global function definition for ‘vcov’
    MixModel: no visible global function definition for ‘pt’
    MixturePlot: no visible binding for global variable ‘heat.colors’
    MixturePlot: no visible global function definition for ‘lm’
    MixturePlot: no visible global function definition for ‘predict’
    ModelEff: no visible global function definition for ‘plot’
    ModelEff: no visible global function definition for ‘lines’
    ModelEff: no visible global function definition for ‘text’
    ModelPlot: no visible binding for global variable ‘heat.colors’
    ModelPlot : user.func: no visible global function definition for
     ‘predict’
    SCD: no visible global function definition for ‘combn’
    Undefined global functions or variables:
     combn heat.colors lines lm plot predict pt runif text vcov
    Consider adding
     importFrom("grDevices", "heat.colors")
     importFrom("graphics", "lines", "plot", "text")
     importFrom("stats", "lm", "predict", "pt", "runif", "vcov")
     importFrom("utils", "combn")
    to your NAMESPACE.
Flavors: r-devel-linux-x86_64-debian-clang, r-devel-linux-x86_64-debian-gcc, r-devel-linux-x86_64-fedora-clang, r-devel-linux-x86_64-fedora-gcc, r-devel-windows-ix86+x86_64