CRAN Package Check Results for Package mixlow

Last updated on 2015-04-26 00:47:31.

Flavor Version Tinstall Tcheck Ttotal Status Flags
r-devel-linux-x86_64-debian-clang 1.0.1 0.99 21.28 22.27 NOTE
r-devel-linux-x86_64-debian-gcc 1.0.1 0.99 22.08 23.08 NOTE
r-devel-linux-x86_64-fedora-clang 1.0.1 42.97 NOTE
r-devel-linux-x86_64-fedora-gcc 1.0.1 41.45 NOTE
r-devel-osx-x86_64-clang 1.0.1 42.22 NOTE
r-devel-windows-ix86+x86_64 1.0.1 5.00 31.00 36.00 NOTE
r-patched-linux-x86_64 1.0.1 0.97 21.14 22.10 NOTE
r-patched-solaris-sparc 1.0.1 275.90 NOTE
r-patched-solaris-x86 1.0.1 54.80 NOTE
r-release-linux-x86_64 1.0.1 0.99 21.42 22.41 NOTE
r-release-osx-x86_64-mavericks 1.0.1 NOTE
r-release-osx-x86_64-snowleopard 1.0.1 NOTE
r-release-windows-ix86+x86_64 1.0.1 4.00 32.00 36.00 NOTE
r-oldrel-windows-ix86+x86_64 1.0.1 4.00 39.00 43.00 NOTE

Check Details

Version: 1.0.1
Check: DESCRIPTION meta-information
Result: NOTE
    Malformed Description field: should contain one or more complete sentences.
Flavors: r-devel-windows-ix86+x86_64, r-release-windows-ix86+x86_64

Version: 1.0.1
Check: dependencies in R code
Result: NOTE
    'library' or 'require' call to 'nlme' which was already attached by Depends.
     Please remove these calls from your code.
    Package in Depends field not imported from: 'nlme'
     These packages need to be imported from (in the NAMESPACE file)
     for when this namespace is loaded but not attached.
Flavors: r-devel-windows-ix86+x86_64, r-release-windows-ix86+x86_64, r-oldrel-windows-ix86+x86_64

Version: 1.0.1
Check: R code for possible problems
Result: NOTE
    NlmeCall: no visible global function definition for 'nlme'
    NlmeSetupVarFunction: no visible global function definition for
     'varIdent'
    NlmeSetupVarFunction: no visible global function definition for
     'varPower'
    NlmeSetupVarFunction: no visible global function definition for
     'varConstPower'
Flavors: r-devel-windows-ix86+x86_64, r-release-windows-ix86+x86_64, r-oldrel-windows-ix86+x86_64