CRAN Package Check Results for Package mixlow

Last updated on 2015-01-29 20:48:57.

Flavor Version Tinstall Tcheck Ttotal Status Flags
r-devel-linux-x86_64-debian-clang 1.0.1 1.08 21.73 22.80 NOTE
r-devel-linux-x86_64-debian-gcc 1.0.1 1.04 21.40 22.44 NOTE
r-devel-linux-x86_64-fedora-clang 1.0.1 47.00 NOTE
r-devel-linux-x86_64-fedora-gcc 1.0.1 44.63 NOTE
r-devel-osx-x86_64-clang 1.0.1 46.12 NOTE
r-devel-windows-ix86+x86_64 1.0.1 6.00 34.00 40.00 NOTE
r-patched-linux-x86_64 1.0.1 1.18 24.44 25.62 NOTE
r-patched-solaris-sparc 1.0.1 295.30 NOTE
r-patched-solaris-x86 1.0.1 61.80 NOTE
r-release-linux-ix86 1.0.1 1.50 30.94 32.44 NOTE
r-release-linux-x86_64 1.0.1 1.16 23.68 24.85 NOTE
r-release-osx-x86_64-mavericks 1.0.1 NOTE
r-release-osx-x86_64-snowleopard 1.0.1 NOTE
r-release-windows-ix86+x86_64 1.0.1 4.00 38.00 42.00 NOTE
r-oldrel-windows-ix86+x86_64 1.0.1 5.00 40.00 45.00 NOTE

Check Details

Version: 1.0.1
Check: dependencies in R code
Result: NOTE
    'library' or 'require' call to ‘nlme’ which was already attached by Depends.
     Please remove these calls from your code.
    Package in Depends field not imported from: ‘nlme’
     These packages need to be imported from (in the NAMESPACE file)
     for when this namespace is loaded but not attached.
Flavors: r-devel-linux-x86_64-debian-clang, r-devel-linux-x86_64-debian-gcc, r-devel-linux-x86_64-fedora-clang, r-devel-linux-x86_64-fedora-gcc, r-devel-osx-x86_64-clang, r-devel-windows-ix86+x86_64

Version: 1.0.1
Check: S3 generic/method consistency
Result: NOTE
    Found the following apparent S3 methods exported but not registered:
     print.loeweData print.mixlowData print.nlmeData print.nlsData
     summary.loeweData summary.mixlowData summary.nlmeData summary.nlsData
     summary.trayData plot.loeweData plot.mixlowData plot.nlmeData
     plot.nlsData
    See section ‘Registering S3 methods’ in the ‘Writing R Extensions’
    manual.
Flavors: r-devel-linux-x86_64-debian-clang, r-devel-linux-x86_64-debian-gcc, r-devel-linux-x86_64-fedora-clang, r-devel-linux-x86_64-fedora-gcc, r-devel-osx-x86_64-clang

Version: 1.0.1
Check: R code for possible problems
Result: NOTE
    NlmeCall: no visible global function definition for ‘nlme’
    NlmeSetupVarFunction: no visible global function definition for
     ‘varIdent’
    NlmeSetupVarFunction: no visible global function definition for
     ‘varPower’
    NlmeSetupVarFunction: no visible global function definition for
     ‘varConstPower’
Flavors: r-devel-linux-x86_64-debian-clang, r-devel-linux-x86_64-debian-gcc, r-devel-linux-x86_64-fedora-clang, r-devel-linux-x86_64-fedora-gcc, r-devel-osx-x86_64-clang, r-devel-windows-ix86+x86_64, r-patched-linux-x86_64, r-patched-solaris-sparc, r-patched-solaris-x86, r-release-linux-ix86, r-release-linux-x86_64, r-release-osx-x86_64-mavericks, r-release-windows-ix86+x86_64

Version: 1.0.1
Check: dependencies in R code
Result: NOTE
    'library' or 'require' call to ‘nlme’ which was already attached by Depends.
     Please remove these calls from your code.
    Package in Depends field not imported from: ‘nlme’
     These packages need to be imported from (in the NAMESPACE file)
     for when this namespace is loaded but not attached.
    See the information on DESCRIPTION files in the chapter ‘Creating R
    packages’ of the ‘Writing R Extensions’ manual.
Flavors: r-patched-linux-x86_64, r-patched-solaris-sparc, r-patched-solaris-x86, r-release-linux-ix86, r-release-linux-x86_64, r-release-osx-x86_64-mavericks, r-release-windows-ix86+x86_64, r-oldrel-windows-ix86+x86_64

Version: 1.0.1
Check: dependencies in R code
Result: NOTE
    'library' or 'require' call to 'nlme' which was already attached by Depends.
     Please remove these calls from your code.
    See the information on DESCRIPTION files in the chapter 'Creating R
    packages' of the 'Writing R Extensions' manual.
Flavor: r-release-osx-x86_64-snowleopard