CRAN Package Check Results for Package mixlow

Last updated on 2014-04-25 09:52:18.

Flavor Version Tinstall Tcheck Ttotal Status Flags
r-devel-linux-x86_64-debian-clang 1.0.1 1.16 24.47 25.63 NOTE
r-devel-linux-x86_64-debian-gcc 1.0.1 1.16 24.39 25.55 NOTE
r-devel-linux-x86_64-fedora-clang 1.0.1 48.91 NOTE
r-devel-linux-x86_64-fedora-gcc 1.0.1 46.46 NOTE
r-devel-osx-x86_64-clang 1.0.1 42.73 NOTE
r-devel-osx-x86_64-gcc 1.0.1 NOTE
r-devel-windows-ix86+x86_64 1.0.1 4.00 36.00 40.00 NOTE
r-patched-linux-x86_64 1.0.1 1.15 23.96 25.11 NOTE
r-patched-solaris-sparc 1.0.1 280.50 NOTE
r-patched-solaris-x86 1.0.1 60.20 NOTE
r-release-linux-ix86 1.0.1 2.00 43.00 45.00 NOTE
r-release-linux-x86_64 1.0.1 1.18 24.52 25.69 NOTE
r-release-osx-x86_64-mavericks 1.0.1 WARN
r-release-osx-x86_64-snowleopard 1.0.1 NOTE
r-release-windows-ix86+x86_64 1.0.1 3.00 36.00 39.00 NOTE
r-oldrel-windows-ix86+x86_64 1.0.1 4.00 37.00 41.00 NOTE

Check Details

Version: 1.0.1
Check: dependencies in R code
Result: NOTE
    'library' or 'require' call to ‘nlme’ which was already attached by Depends.
     Please remove these calls from your code.
    Package in Depends field not imported from: ‘nlme’
     These packages need to be imported from (in the NAMESPACE file)
     for when this namespace is loaded but not attached.
    See the information on DESCRIPTION files in the chapter ‘Creating R
    packages’ of the ‘Writing R Extensions’ manual.
Flavors: r-devel-linux-x86_64-debian-clang, r-devel-linux-x86_64-debian-gcc, r-devel-linux-x86_64-fedora-clang, r-devel-linux-x86_64-fedora-gcc, r-devel-osx-x86_64-clang, r-devel-osx-x86_64-gcc, r-devel-windows-ix86+x86_64, r-patched-linux-x86_64, r-patched-solaris-sparc, r-patched-solaris-x86, r-release-linux-ix86, r-release-linux-x86_64, r-release-osx-x86_64-mavericks, r-release-windows-ix86+x86_64, r-oldrel-windows-ix86+x86_64

Version: 1.0.1
Check: PDF version of manual
Result: WARNING
    LaTeX errors when creating PDF version.
    This typically indicates Rd problems.
    LaTeX errors found:
    ! LaTeX Error: File `upquote.sty' not found.
    
    Type X to quit or <RETURN> to proceed,
    or enter new name. (Default extension: sty)
    
    332d1e0/Rd2.tex:8: ==> Fatal error occurred, no output PDF file produced!
Flavor: r-release-osx-x86_64-mavericks

Version: 1.0.1
Check: dependencies in R code
Result: NOTE
    'library' or 'require' call to 'nlme' which was already attached by Depends.
     Please remove these calls from your code.
    See the information on DESCRIPTION files in the chapter 'Creating R
    packages' of the 'Writing R Extensions' manual.
Flavor: r-release-osx-x86_64-snowleopard