CRAN Package Check Results for Package mixlow

Last updated on 2015-07-28 15:48:12.

Flavor Version Tinstall Tcheck Ttotal Status Flags
r-devel-linux-x86_64-debian-clang 1.0.1 0.99 21.50 22.49 NOTE
r-devel-linux-x86_64-debian-gcc 1.0.1 0.96 20.49 21.46 NOTE
r-devel-linux-x86_64-fedora-clang 1.0.1 41.56 NOTE
r-devel-linux-x86_64-fedora-gcc 1.0.1 39.87 NOTE
r-devel-osx-x86_64-clang 1.0.1 36.14 NOTE
r-devel-windows-ix86+x86_64 1.0.1 4.00 33.00 37.00 NOTE
r-patched-linux-x86_64 1.0.1 0.99 20.89 21.88 NOTE
r-patched-solaris-sparc 1.0.1 280.60 NOTE
r-patched-solaris-x86 1.0.1 54.70 NOTE
r-release-linux-x86_64 1.0.1 1.00 21.95 22.95 NOTE
r-release-osx-x86_64-mavericks 1.0.1 NOTE
r-release-windows-ix86+x86_64 1.0.1 6.00 33.00 39.00 NOTE
r-oldrel-windows-ix86+x86_64 1.0.1 4.00 41.00 45.00 NOTE

Check Details

Version: 1.0.1
Check: DESCRIPTION meta-information
Result: NOTE
    Malformed Description field: should contain one or more complete sentences.
Flavors: r-devel-linux-x86_64-debian-clang, r-devel-linux-x86_64-debian-gcc, r-devel-linux-x86_64-fedora-clang, r-devel-linux-x86_64-fedora-gcc, r-devel-osx-x86_64-clang, r-devel-windows-ix86+x86_64, r-patched-linux-x86_64, r-patched-solaris-sparc, r-patched-solaris-x86, r-release-linux-x86_64, r-release-osx-x86_64-mavericks, r-release-windows-ix86+x86_64

Version: 1.0.1
Check: dependencies in R code
Result: NOTE
    'library' or 'require' call to ‘nlme’ which was already attached by Depends.
     Please remove these calls from your code.
    Package in Depends field not imported from: ‘nlme’
     These packages need to be imported from (in the NAMESPACE file)
     for when this namespace is loaded but not attached.
Flavors: r-devel-linux-x86_64-debian-clang, r-devel-linux-x86_64-debian-gcc, r-devel-linux-x86_64-fedora-clang, r-devel-linux-x86_64-fedora-gcc, r-devel-osx-x86_64-clang, r-devel-windows-ix86+x86_64, r-patched-linux-x86_64, r-patched-solaris-sparc, r-patched-solaris-x86, r-release-linux-x86_64, r-release-osx-x86_64-mavericks, r-release-windows-ix86+x86_64, r-oldrel-windows-ix86+x86_64

Version: 1.0.1
Check: S3 generic/method consistency
Result: NOTE
    Found the following apparent S3 methods exported but not registered:
     plot.loeweData plot.mixlowData plot.nlmeData plot.nlsData
     print.loeweData print.mixlowData print.nlmeData print.nlsData
     summary.loeweData summary.mixlowData summary.nlmeData summary.nlsData
     summary.trayData
    See section ‘Registering S3 methods’ in the ‘Writing R Extensions’
    manual.
Flavors: r-devel-linux-x86_64-debian-clang, r-devel-linux-x86_64-debian-gcc, r-devel-linux-x86_64-fedora-clang, r-devel-linux-x86_64-fedora-gcc, r-devel-osx-x86_64-clang, r-patched-linux-x86_64, r-patched-solaris-sparc, r-patched-solaris-x86, r-release-linux-x86_64

Version: 1.0.1
Check: R code for possible problems
Result: NOTE
    LoeweGetCov: no visible global function definition for ‘qt’
    NlmeCalculateR2: no visible global function definition for ‘predict’
    NlmeCalculateR2: no visible global function definition for ‘cor’
    NlmeCall: no visible global function definition for ‘nlme’
    NlmeSetupCall: no visible global function definition for ‘as.formula’
    NlmeSetupCall: no visible global function definition for ‘anova’
    NlmeSetupCall: no visible global function definition for ‘BIC’
    NlmeSetupCall: no visible global function definition for ‘resid’
    NlmeSetupVarFunction: no visible global function definition for
     ‘varIdent’
    NlmeSetupVarFunction: no visible global function definition for
     ‘varPower’
    NlmeSetupVarFunction: no visible global function definition for
     ‘as.formula’
    NlmeSetupVarFunction: no visible global function definition for
     ‘varConstPower’
    NlsCallLambda: no visible global function definition for ‘nls’
    NlsCallLambda: no visible global function definition for ‘BIC’
    NlsCallNoLambda: no visible global function definition for ‘nls’
    NlsCallNoLambda: no visible global function definition for ‘BIC’
    NlsPlotGetData: no visible global function definition for ‘aggregate’
    doNlme: no visible global function definition for ‘aggregate’
    doNlme: no visible global function definition for ‘logLik’
    doNlme: no visible global function definition for ‘BIC’
    doNls: no visible global function definition for ‘nls.control’
    doNls: no visible global function definition for ‘aggregate’
    doNls: no visible global function definition for ‘rnorm’
    doNls: no visible global function definition for ‘predict’
    mixlowPlotGetData: no visible global function definition for
     ‘aggregate’
    plot.loeweData: no visible global function definition for ‘par’
    plot.loeweData: no visible global function definition for
     ‘dev.interactive’
    plot.loeweData: no visible global function definition for ‘plot’
    plot.loeweData: no visible global function definition for ‘lines’
    plot.loeweData: no visible global function definition for ‘abline’
    plot.loeweData: no visible global function definition for ‘grid’
    plot.loeweData: no visible global function definition for ‘legend’
    plot.mixlowData: no visible global function definition for ‘par’
    plot.mixlowData: no visible global function definition for
     ‘dev.interactive’
    plot.mixlowData: no visible global function definition for ‘plot’
    plot.mixlowData: no visible global function definition for ‘points’
    plot.mixlowData: no visible global function definition for ‘grid’
    plot.mixlowData: no visible global function definition for ‘lines’
    plot.mixlowData: no visible global function definition for ‘legend’
    plot.nlmeData: no visible global function definition for ‘par’
    plot.nlmeData: no visible global function definition for
     ‘dev.interactive’
    plot.nlmeData: no visible global function definition for ‘plot’
    plot.nlmeData: no visible global function definition for ‘points’
    plot.nlmeData: no visible global function definition for ‘lines’
    plot.nlmeData: no visible global function definition for ‘grid’
    plot.nlmeData: no visible global function definition for ‘legend’
    plot.nlmeData: no visible global function definition for ‘qqnorm’
    plot.nlmeData: no visible global function definition for ‘qqline’
    plot.nlmeData: no visible global function definition for ‘sd’
    plot.nlsData: no visible global function definition for ‘par’
    plot.nlsData: no visible global function definition for
     ‘dev.interactive’
    plot.nlsData: no visible global function definition for ‘plot’
    plot.nlsData: no visible global function definition for ‘points’
    plot.nlsData: no visible global function definition for ‘grid’
    plot.nlsData: no visible global function definition for ‘lines’
    plot.nlsData: no visible global function definition for ‘legend’
    prepareData: no visible global function definition for ‘nls’
    prepareData: no visible global function definition for ‘predict’
    Undefined global functions or variables:
     BIC abline aggregate anova as.formula cor dev.interactive grid legend
     lines logLik nlme nls nls.control par plot points predict qqline
     qqnorm qt resid rnorm sd varConstPower varIdent varPower
    Consider adding
     importFrom("grDevices", "dev.interactive")
     importFrom("graphics", "abline", "grid", "legend", "lines", "par",
     "plot", "points")
     importFrom("stats", "BIC", "aggregate", "anova", "as.formula", "cor",
     "logLik", "nls", "nls.control", "predict", "qqline",
     "qqnorm", "qt", "resid", "rnorm", "sd")
    to your NAMESPACE.
Flavors: r-devel-linux-x86_64-debian-clang, r-devel-linux-x86_64-debian-gcc, r-devel-linux-x86_64-fedora-clang, r-devel-linux-x86_64-fedora-gcc, r-devel-windows-ix86+x86_64

Version: 1.0.1
Check: R code for possible problems
Result: NOTE
    NlmeCall: no visible global function definition for ‘nlme’
    NlmeSetupVarFunction: no visible global function definition for
     ‘varIdent’
    NlmeSetupVarFunction: no visible global function definition for
     ‘varPower’
    NlmeSetupVarFunction: no visible global function definition for
     ‘varConstPower’
    Undefined global functions or variables:
     nlme varConstPower varIdent varPower
Flavor: r-devel-osx-x86_64-clang

Version: 1.0.1
Check: R code for possible problems
Result: NOTE
    NlmeCall: no visible global function definition for ‘nlme’
    NlmeSetupVarFunction: no visible global function definition for
     ‘varIdent’
    NlmeSetupVarFunction: no visible global function definition for
     ‘varPower’
    NlmeSetupVarFunction: no visible global function definition for
     ‘varConstPower’
Flavors: r-patched-linux-x86_64, r-patched-solaris-sparc, r-patched-solaris-x86, r-release-linux-x86_64, r-release-osx-x86_64-mavericks, r-release-windows-ix86+x86_64, r-oldrel-windows-ix86+x86_64