CRAN Package Check Results for Package mixlow

Last updated on 2014-10-25 01:49:45.

Flavor Version Tinstall Tcheck Ttotal Status Flags
r-devel-linux-x86_64-debian-clang 1.0.1 1.16 22.91 24.07 NOTE
r-devel-linux-x86_64-debian-gcc 1.0.1 1.13 23.67 24.80 NOTE
r-devel-linux-x86_64-fedora-clang 1.0.1 47.79 NOTE
r-devel-linux-x86_64-fedora-gcc 1.0.1 43.31 NOTE
r-devel-osx-x86_64-clang 1.0.1 46.27 NOTE
r-devel-windows-ix86+x86_64 1.0.1 4.00 34.00 38.00 NOTE
r-patched-linux-x86_64 1.0.1 1.17 25.39 26.56 NOTE
r-patched-solaris-sparc 1.0.1 275.90 NOTE
r-patched-solaris-x86 1.0.1 61.10 NOTE
r-release-linux-ix86 1.0.1 1.47 32.38 33.84 NOTE
r-release-linux-x86_64 1.0.1 1.13 23.91 25.04 NOTE
r-release-osx-x86_64-mavericks 1.0.1 NOTE
r-release-osx-x86_64-snowleopard 1.0.1 NOTE
r-release-windows-ix86+x86_64 1.0.1 4.00 37.00 41.00 NOTE
r-oldrel-windows-ix86+x86_64 1.0.1 4.00 36.00 40.00 NOTE

Check Details

Version: 1.0.1
Check: dependencies in R code
Result: NOTE
    'library' or 'require' call to ‘nlme’ which was already attached by Depends.
     Please remove these calls from your code.
    Package in Depends field not imported from: ‘nlme’
     These packages need to be imported from (in the NAMESPACE file)
     for when this namespace is loaded but not attached.
    See the information on DESCRIPTION files in the chapter ‘Creating R
    packages’ of the ‘Writing R Extensions’ manual.
Flavors: r-devel-linux-x86_64-debian-clang, r-devel-linux-x86_64-debian-gcc, r-devel-linux-x86_64-fedora-clang, r-devel-linux-x86_64-fedora-gcc, r-devel-osx-x86_64-clang, r-devel-windows-ix86+x86_64, r-patched-linux-x86_64, r-patched-solaris-sparc, r-patched-solaris-x86, r-release-linux-ix86, r-release-linux-x86_64, r-release-osx-x86_64-mavericks, r-release-windows-ix86+x86_64, r-oldrel-windows-ix86+x86_64

Version: 1.0.1
Check: R code for possible problems
Result: NOTE
    NlmeCall: no visible global function definition for ‘nlme’
    NlmeSetupVarFunction: no visible global function definition for
     ‘varIdent’
    NlmeSetupVarFunction: no visible global function definition for
     ‘varPower’
    NlmeSetupVarFunction: no visible global function definition for
     ‘varConstPower’
Flavors: r-devel-linux-x86_64-debian-clang, r-devel-linux-x86_64-debian-gcc, r-devel-linux-x86_64-fedora-clang, r-devel-linux-x86_64-fedora-gcc, r-devel-osx-x86_64-clang, r-devel-windows-ix86+x86_64, r-patched-linux-x86_64, r-patched-solaris-sparc, r-patched-solaris-x86

Version: 1.0.1
Check: dependencies in R code
Result: NOTE
    'library' or 'require' call to 'nlme' which was already attached by Depends.
     Please remove these calls from your code.
    See the information on DESCRIPTION files in the chapter 'Creating R
    packages' of the 'Writing R Extensions' manual.
Flavor: r-release-osx-x86_64-snowleopard