CRAN Package Check Results for Package mixlow

Last updated on 2014-07-25 21:47:55.

Flavor Version Tinstall Tcheck Ttotal Status Flags
r-devel-linux-x86_64-debian-clang 1.0.1 1.10 23.26 24.36 NOTE
r-devel-linux-x86_64-debian-gcc 1.0.1 1.10 23.05 24.15 NOTE
r-devel-linux-x86_64-fedora-clang 1.0.1 49.08 NOTE
r-devel-linux-x86_64-fedora-gcc 1.0.1 45.72 NOTE
r-devel-osx-x86_64-clang 1.0.1 45.63 NOTE
r-devel-windows-ix86+x86_64 1.0.1 4.00 38.00 42.00 NOTE
r-patched-linux-x86_64 1.0.1 1.10 23.11 24.21 NOTE
r-patched-solaris-sparc 1.0.1 280.50 NOTE
r-patched-solaris-x86 1.0.1 59.60 NOTE
r-release-linux-ix86 1.0.1 1.48 31.66 33.14 NOTE
r-release-linux-x86_64 1.0.1 1.12 23.37 24.49 NOTE
r-release-osx-x86_64-mavericks 1.0.1 NOTE
r-release-osx-x86_64-snowleopard 1.0.1 NOTE
r-release-windows-ix86+x86_64 1.0.1 4.00 35.00 39.00 NOTE
r-oldrel-windows-ix86+x86_64 1.0.1 3.00 36.00 39.00 NOTE

Check Details

Version: 1.0.1
Check: dependencies in R code
Result: NOTE
    'library' or 'require' call to ‘nlme’ which was already attached by Depends.
     Please remove these calls from your code.
    Package in Depends field not imported from: ‘nlme’
     These packages need to be imported from (in the NAMESPACE file)
     for when this namespace is loaded but not attached.
    See the information on DESCRIPTION files in the chapter ‘Creating R
    packages’ of the ‘Writing R Extensions’ manual.
Flavors: r-devel-linux-x86_64-debian-clang, r-devel-linux-x86_64-debian-gcc, r-devel-linux-x86_64-fedora-clang, r-devel-linux-x86_64-fedora-gcc, r-devel-osx-x86_64-clang, r-devel-windows-ix86+x86_64, r-patched-linux-x86_64, r-patched-solaris-sparc, r-patched-solaris-x86, r-release-linux-ix86, r-release-linux-x86_64, r-release-osx-x86_64-mavericks, r-release-windows-ix86+x86_64, r-oldrel-windows-ix86+x86_64

Version: 1.0.1
Check: dependencies in R code
Result: NOTE
    'library' or 'require' call to 'nlme' which was already attached by Depends.
     Please remove these calls from your code.
    See the information on DESCRIPTION files in the chapter 'Creating R
    packages' of the 'Writing R Extensions' manual.
Flavor: r-release-osx-x86_64-snowleopard