CRAN Package Check Results for Package mixlow

Last updated on 2014-09-23 19:48:08.

Flavor Version Tinstall Tcheck Ttotal Status Flags
r-devel-linux-x86_64-debian-clang 1.0.1 1.03 22.69 23.72 NOTE
r-devel-linux-x86_64-debian-gcc 1.0.1 1.08 22.34 23.42 NOTE
r-devel-linux-x86_64-fedora-clang 1.0.1 45.13 NOTE
r-devel-linux-x86_64-fedora-gcc 1.0.1 43.54 NOTE
r-devel-osx-x86_64-clang 1.0.1 45.08 NOTE
r-devel-windows-ix86+x86_64 1.0.1 4.00 34.00 38.00 NOTE
r-patched-linux-x86_64 1.0.1 1.70 23.28 24.98 NOTE
r-patched-solaris-sparc 1.0.1 294.40 NOTE
r-patched-solaris-x86 1.0.1 60.40 NOTE
r-release-linux-ix86 1.0.1 1.51 31.87 33.38 NOTE
r-release-linux-x86_64 1.0.1 1.22 24.02 25.24 NOTE
r-release-osx-x86_64-mavericks 1.0.1 NOTE
r-release-osx-x86_64-snowleopard 1.0.1 NOTE
r-release-windows-ix86+x86_64 1.0.1 3.00 38.00 41.00 NOTE
r-oldrel-windows-ix86+x86_64 1.0.1 4.00 35.00 39.00 NOTE

Check Details

Version: 1.0.1
Check: dependencies in R code
Result: NOTE
    'library' or 'require' call to ‘nlme’ which was already attached by Depends.
     Please remove these calls from your code.
    Package in Depends field not imported from: ‘nlme’
     These packages need to be imported from (in the NAMESPACE file)
     for when this namespace is loaded but not attached.
    See the information on DESCRIPTION files in the chapter ‘Creating R
    packages’ of the ‘Writing R Extensions’ manual.
Flavors: r-devel-linux-x86_64-debian-clang, r-devel-linux-x86_64-debian-gcc, r-devel-linux-x86_64-fedora-clang, r-devel-linux-x86_64-fedora-gcc, r-devel-osx-x86_64-clang, r-devel-windows-ix86+x86_64, r-patched-linux-x86_64, r-patched-solaris-sparc, r-patched-solaris-x86, r-release-linux-ix86, r-release-linux-x86_64, r-release-osx-x86_64-mavericks, r-release-windows-ix86+x86_64, r-oldrel-windows-ix86+x86_64

Version: 1.0.1
Check: R code for possible problems
Result: NOTE
    NlmeCall: no visible global function definition for ‘nlme’
    NlmeSetupVarFunction: no visible global function definition for
     ‘varIdent’
    NlmeSetupVarFunction: no visible global function definition for
     ‘varPower’
    NlmeSetupVarFunction: no visible global function definition for
     ‘varConstPower’
Flavors: r-devel-linux-x86_64-debian-clang, r-devel-linux-x86_64-debian-gcc, r-devel-linux-x86_64-fedora-clang, r-devel-linux-x86_64-fedora-gcc, r-devel-osx-x86_64-clang, r-devel-windows-ix86+x86_64

Version: 1.0.1
Check: dependencies in R code
Result: NOTE
    'library' or 'require' call to 'nlme' which was already attached by Depends.
     Please remove these calls from your code.
    See the information on DESCRIPTION files in the chapter 'Creating R
    packages' of the 'Writing R Extensions' manual.
Flavor: r-release-osx-x86_64-snowleopard