CRAN Package Check Results for Package mixlow

Last updated on 2015-05-29 13:49:13.

Flavor Version Tinstall Tcheck Ttotal Status Flags
r-devel-linux-x86_64-debian-clang 1.0.1 1.48 21.31 22.80 NOTE
r-devel-linux-x86_64-debian-gcc 1.0.1 0.95 22.03 22.98 NOTE
r-devel-linux-x86_64-fedora-clang 1.0.1 42.34 NOTE
r-devel-linux-x86_64-fedora-gcc 1.0.1 39.65 NOTE
r-devel-osx-x86_64-clang 1.0.1 42.91 NOTE
r-devel-windows-ix86+x86_64 1.0.1 5.00 34.00 39.00 NOTE
r-patched-linux-x86_64 1.0.1 1.00 21.72 22.72 NOTE
r-patched-solaris-sparc 1.0.1 272.90 NOTE
r-patched-solaris-x86 1.0.1 55.00 NOTE
r-release-linux-x86_64 1.0.1 0.99 22.05 23.04 NOTE
r-release-osx-x86_64-mavericks 1.0.1 NOTE
r-release-osx-x86_64-snowleopard 1.0.1 NOTE
r-release-windows-ix86+x86_64 1.0.1 4.00 33.00 37.00 NOTE
r-oldrel-windows-ix86+x86_64 1.0.1 4.00 36.00 40.00 NOTE

Check Details

Version: 1.0.1
Check: DESCRIPTION meta-information
Result: NOTE
    Malformed Description field: should contain one or more complete sentences.
Flavors: r-devel-linux-x86_64-debian-clang, r-devel-linux-x86_64-debian-gcc, r-devel-linux-x86_64-fedora-clang, r-devel-linux-x86_64-fedora-gcc, r-devel-osx-x86_64-clang, r-devel-windows-ix86+x86_64, r-patched-linux-x86_64, r-patched-solaris-sparc, r-patched-solaris-x86, r-release-linux-x86_64, r-release-osx-x86_64-mavericks, r-release-osx-x86_64-snowleopard, r-release-windows-ix86+x86_64

Version: 1.0.1
Check: dependencies in R code
Result: NOTE
    'library' or 'require' call to ‘nlme’ which was already attached by Depends.
     Please remove these calls from your code.
    Package in Depends field not imported from: ‘nlme’
     These packages need to be imported from (in the NAMESPACE file)
     for when this namespace is loaded but not attached.
Flavors: r-devel-linux-x86_64-debian-clang, r-devel-linux-x86_64-debian-gcc, r-devel-linux-x86_64-fedora-clang, r-devel-linux-x86_64-fedora-gcc, r-devel-osx-x86_64-clang, r-devel-windows-ix86+x86_64, r-patched-linux-x86_64, r-patched-solaris-sparc, r-patched-solaris-x86, r-release-linux-x86_64, r-release-osx-x86_64-mavericks, r-release-osx-x86_64-snowleopard, r-release-windows-ix86+x86_64, r-oldrel-windows-ix86+x86_64

Version: 1.0.1
Check: S3 generic/method consistency
Result: NOTE
    Found the following apparent S3 methods exported but not registered:
     plot.loeweData plot.mixlowData plot.nlmeData plot.nlsData
     print.loeweData print.mixlowData print.nlmeData print.nlsData
     summary.loeweData summary.mixlowData summary.nlmeData summary.nlsData
     summary.trayData
    See section ‘Registering S3 methods’ in the ‘Writing R Extensions’
    manual.
Flavors: r-devel-linux-x86_64-debian-clang, r-devel-linux-x86_64-debian-gcc, r-devel-linux-x86_64-fedora-clang, r-devel-linux-x86_64-fedora-gcc, r-devel-osx-x86_64-clang, r-patched-linux-x86_64, r-patched-solaris-sparc, r-patched-solaris-x86, r-release-linux-x86_64

Version: 1.0.1
Check: R code for possible problems
Result: NOTE
    NlmeCall: no visible global function definition for ‘nlme’
    NlmeSetupVarFunction: no visible global function definition for
     ‘varIdent’
    NlmeSetupVarFunction: no visible global function definition for
     ‘varPower’
    NlmeSetupVarFunction: no visible global function definition for
     ‘varConstPower’
Flavors: r-devel-linux-x86_64-debian-clang, r-devel-linux-x86_64-debian-gcc, r-devel-linux-x86_64-fedora-clang, r-devel-linux-x86_64-fedora-gcc, r-devel-osx-x86_64-clang, r-devel-windows-ix86+x86_64, r-patched-linux-x86_64, r-patched-solaris-sparc, r-patched-solaris-x86, r-release-linux-x86_64, r-release-osx-x86_64-mavericks, r-release-osx-x86_64-snowleopard, r-release-windows-ix86+x86_64, r-oldrel-windows-ix86+x86_64