CRAN Package Check Results for Package mixlow

Last updated on 2014-08-21 19:48:50.

Flavor Version Tinstall Tcheck Ttotal Status Flags
r-devel-linux-x86_64-debian-clang 1.0.1 1.09 22.52 23.61 NOTE
r-devel-linux-x86_64-debian-gcc 1.0.1 1.04 22.25 23.30 NOTE
r-devel-linux-x86_64-fedora-clang 1.0.1 47.42 NOTE
r-devel-linux-x86_64-fedora-gcc 1.0.1 44.30 NOTE
r-devel-osx-x86_64-clang 1.0.1 42.92 NOTE
r-devel-windows-ix86+x86_64 1.0.1 4.00 35.00 39.00 NOTE
r-patched-linux-x86_64 1.0.1 1.09 23.54 24.63 NOTE
r-patched-solaris-sparc 1.0.1 294.40 NOTE
r-patched-solaris-x86 1.0.1 59.10 NOTE
r-release-linux-ix86 1.0.1 1.49 32.49 33.98 NOTE
r-release-linux-x86_64 1.0.1 1.12 23.22 24.34 NOTE
r-release-osx-x86_64-mavericks 1.0.1 NOTE
r-release-osx-x86_64-snowleopard 1.0.1 NOTE
r-release-windows-ix86+x86_64 1.0.1 4.00 38.00 42.00 NOTE
r-oldrel-windows-ix86+x86_64 1.0.1 4.00 38.00 42.00 NOTE

Check Details

Version: 1.0.1
Check: dependencies in R code
Result: NOTE
    'library' or 'require' call to ‘nlme’ which was already attached by Depends.
     Please remove these calls from your code.
    Package in Depends field not imported from: ‘nlme’
     These packages need to be imported from (in the NAMESPACE file)
     for when this namespace is loaded but not attached.
    See the information on DESCRIPTION files in the chapter ‘Creating R
    packages’ of the ‘Writing R Extensions’ manual.
Flavors: r-devel-linux-x86_64-debian-clang, r-devel-linux-x86_64-debian-gcc, r-devel-linux-x86_64-fedora-clang, r-devel-linux-x86_64-fedora-gcc, r-devel-osx-x86_64-clang, r-devel-windows-ix86+x86_64, r-patched-linux-x86_64, r-patched-solaris-sparc, r-patched-solaris-x86, r-release-linux-ix86, r-release-linux-x86_64, r-release-osx-x86_64-mavericks, r-release-windows-ix86+x86_64, r-oldrel-windows-ix86+x86_64

Version: 1.0.1
Check: R code for possible problems
Result: NOTE
    NlmeCall: no visible global function definition for ‘nlme’
    NlmeSetupVarFunction: no visible global function definition for
     ‘varIdent’
    NlmeSetupVarFunction: no visible global function definition for
     ‘varPower’
    NlmeSetupVarFunction: no visible global function definition for
     ‘varConstPower’
Flavors: r-devel-linux-x86_64-fedora-clang, r-devel-linux-x86_64-fedora-gcc, r-devel-osx-x86_64-clang

Version: 1.0.1
Check: dependencies in R code
Result: NOTE
    'library' or 'require' call to 'nlme' which was already attached by Depends.
     Please remove these calls from your code.
    See the information on DESCRIPTION files in the chapter 'Creating R
    packages' of the 'Writing R Extensions' manual.
Flavor: r-release-osx-x86_64-snowleopard