CRAN Package Check Results for Package mixmeta

Last updated on 2022-05-18 04:49:40 CEST.

Flavor Version Tinstall Tcheck Ttotal Status Flags
r-devel-linux-x86_64-debian-clang 1.2.0 7.11 88.68 95.79 OK
r-devel-linux-x86_64-debian-gcc 1.2.0 4.39 63.56 67.95 OK
r-devel-linux-x86_64-fedora-clang 1.2.0 105.65 NOTE
r-devel-linux-x86_64-fedora-gcc 1.2.0 111.05 OK
r-devel-windows-x86_64 1.2.0 48.00 97.00 145.00 OK
r-patched-linux-x86_64 1.2.0 8.97 80.59 89.56 OK
r-release-linux-x86_64 1.2.0 5.96 82.01 87.97 OK
r-release-macos-arm64 1.2.0 26.00 OK
r-release-macos-x86_64 1.2.0 40.00 OK
r-release-windows-x86_64 1.2.0 49.00 96.00 145.00 OK
r-oldrel-macos-arm64 1.2.0 35.00 OK
r-oldrel-macos-x86_64 1.2.0 40.00 OK
r-oldrel-windows-ix86+x86_64 1.2.0 12.00 95.00 107.00 OK

Check Details

Version: 1.2.0
Check: Rd cross-references
Result: NOTE
    Undeclared package ‘mvmeta’ in Rd xrefs
Flavor: r-devel-linux-x86_64-fedora-clang