Last updated on 2025-01-25 03:49:58 CET.
Flavor | Version | Tinstall | Tcheck | Ttotal | Status | Flags |
---|---|---|---|---|---|---|
r-devel-linux-x86_64-debian-clang | 1.2.0 | 5.64 | 62.38 | 68.02 | NOTE | |
r-devel-linux-x86_64-debian-gcc | 1.2.0 | 3.50 | 40.56 | 44.06 | NOTE | |
r-devel-linux-x86_64-fedora-clang | 1.2.0 | 117.21 | NOTE | |||
r-devel-linux-x86_64-fedora-gcc | 1.2.0 | 106.18 | NOTE | |||
r-devel-windows-x86_64 | 1.2.0 | 7.00 | 81.00 | 88.00 | NOTE | |
r-patched-linux-x86_64 | 1.2.0 | 7.12 | 57.73 | 64.85 | NOTE | |
r-release-linux-x86_64 | 1.2.0 | 3.98 | 60.92 | 64.90 | NOTE | |
r-release-macos-arm64 | 1.2.0 | 27.00 | NOTE | |||
r-release-macos-x86_64 | 1.2.0 | 42.00 | NOTE | |||
r-release-windows-x86_64 | 1.2.0 | 7.00 | 81.00 | 88.00 | NOTE | |
r-oldrel-macos-arm64 | 1.2.0 | 30.00 | NOTE | |||
r-oldrel-macos-x86_64 | 1.2.0 | 51.00 | NOTE | |||
r-oldrel-windows-x86_64 | 1.2.0 | 8.00 | 101.00 | 109.00 | NOTE |
Version: 1.2.0
Check: Rd files
Result: NOTE
checkRd: (-1) mixmeta-package.Rd:115: Escaped LaTeX specials: \&
checkRd: (-1) mixmeta.ml.Rd:56: Escaped LaTeX specials: \&
checkRd: (-1) ml.igls.Rd:62: Escaped LaTeX specials: \&
Flavors: r-devel-linux-x86_64-debian-clang, r-devel-linux-x86_64-debian-gcc, r-devel-linux-x86_64-fedora-clang, r-devel-linux-x86_64-fedora-gcc, r-devel-windows-x86_64, r-patched-linux-x86_64, r-release-linux-x86_64, r-release-macos-arm64, r-release-macos-x86_64, r-release-windows-x86_64, r-oldrel-macos-arm64, r-oldrel-macos-x86_64, r-oldrel-windows-x86_64