CRAN Package Check Results for Package mixmeta

Last updated on 2024-02-22 01:57:34 CET.

Flavor Version Tinstall Tcheck Ttotal Status Flags
r-devel-linux-x86_64-debian-clang 1.2.0 NOTE
r-devel-linux-x86_64-debian-gcc 1.2.0 4.75 57.99 62.74 NOTE
r-devel-linux-x86_64-fedora-clang 1.2.0 103.31 NOTE
r-devel-linux-x86_64-fedora-gcc 1.2.0 100.70 NOTE
r-devel-windows-x86_64 1.2.0 7.00 80.00 87.00 NOTE
r-patched-linux-x86_64 1.2.0 8.84 79.42 88.26 NOTE
r-release-linux-x86_64 1.2.0 5.74 80.29 86.03 NOTE
r-release-macos-arm64 1.2.0 30.00 NOTE
r-release-macos-x86_64 1.2.0 51.00 NOTE
r-release-windows-x86_64 1.2.0 8.00 100.00 108.00 NOTE
r-oldrel-macos-arm64 1.2.0 30.00 OK
r-oldrel-windows-x86_64 1.2.0 10.00 99.00 109.00 OK

Check Details

Version: 1.2.0
Check: Rd files
Result: NOTE checkRd: (-1) mixmeta-package.Rd:115: Escaped LaTeX specials: \& checkRd: (-1) mixmeta.ml.Rd:56: Escaped LaTeX specials: \& checkRd: (-1) ml.igls.Rd:62: Escaped LaTeX specials: \& Flavors: r-devel-linux-x86_64-debian-clang, r-devel-linux-x86_64-debian-gcc, r-devel-linux-x86_64-fedora-clang, r-devel-linux-x86_64-fedora-gcc, r-devel-windows-x86_64, r-patched-linux-x86_64, r-release-linux-x86_64, r-release-macos-arm64, r-release-macos-x86_64, r-release-windows-x86_64

Version: 1.2.0
Check: Rd cross-references
Result: NOTE Undeclared package ‘mvmeta’ in Rd xrefs Flavor: r-devel-linux-x86_64-fedora-clang