CRAN Package Check Results for Package mixreg

Last updated on 2015-05-30 06:46:54.

Flavor Version Tinstall Tcheck Ttotal Status Flags
r-devel-linux-x86_64-debian-clang 0.0-5 0.66 14.79 15.44 NOTE
r-devel-linux-x86_64-debian-gcc 0.0-5 0.61 14.76 15.37 NOTE
r-devel-linux-x86_64-fedora-clang 0.0-5 29.56 NOTE
r-devel-linux-x86_64-fedora-gcc 0.0-5 27.11 NOTE
r-devel-osx-x86_64-clang 0.0-5 30.65 NOTE
r-devel-windows-ix86+x86_64 0.0-5 3.00 22.00 25.00 NOTE
r-patched-linux-x86_64 0.0-5 0.58 14.40 14.98 NOTE
r-patched-solaris-sparc 0.0-5 193.10 NOTE
r-patched-solaris-x86 0.0-5 37.30 NOTE
r-release-linux-x86_64 0.0-5 0.59 14.94 15.53 NOTE
r-release-osx-x86_64-mavericks 0.0-5 NOTE
r-release-osx-x86_64-snowleopard 0.0-5 NOTE
r-release-windows-ix86+x86_64 0.0-5 2.00 27.00 29.00 NOTE
r-oldrel-windows-ix86+x86_64 0.0-5 4.00 23.00 27.00 OK

Check Details

Version: 0.0-5
Check: DESCRIPTION meta-information
Result: NOTE
    Malformed Title field: should not end in a period.
Flavors: r-devel-linux-x86_64-debian-clang, r-devel-linux-x86_64-debian-gcc, r-devel-linux-x86_64-fedora-clang, r-devel-linux-x86_64-fedora-gcc, r-devel-osx-x86_64-clang, r-devel-windows-ix86+x86_64, r-patched-linux-x86_64, r-patched-solaris-sparc, r-patched-solaris-x86, r-release-linux-x86_64, r-release-osx-x86_64-mavericks, r-release-osx-x86_64-snowleopard, r-release-windows-ix86+x86_64

Version: 0.0-5
Check: S3 generic/method consistency
Result: NOTE
    Found the following apparent S3 methods exported but not registered:
     plot.cband plot.mresid
    See section ‘Registering S3 methods’ in the ‘Writing R Extensions’
    manual.
Flavors: r-devel-linux-x86_64-debian-clang, r-devel-linux-x86_64-debian-gcc, r-devel-linux-x86_64-fedora-clang, r-devel-linux-x86_64-fedora-gcc, r-devel-osx-x86_64-clang, r-patched-linux-x86_64, r-patched-solaris-sparc, r-patched-solaris-x86, r-release-linux-x86_64