CRAN Package Check Results for Package mixreg

Last updated on 2015-03-01 03:48:39.

Flavor Version Tinstall Tcheck Ttotal Status Flags
r-devel-linux-x86_64-debian-clang 0.0-5 0.61 14.78 15.39 NOTE
r-devel-linux-x86_64-debian-gcc 0.0-5 0.59 14.41 15.00 NOTE
r-devel-linux-x86_64-fedora-clang 0.0-5 29.41 NOTE
r-devel-linux-x86_64-fedora-gcc 0.0-5 27.70 NOTE
r-devel-osx-x86_64-clang 0.0-5 31.29 NOTE
r-devel-windows-ix86+x86_64 0.0-5 3.00 24.00 27.00 NOTE
r-patched-linux-x86_64 0.0-5 0.65 16.10 16.75 OK
r-patched-solaris-sparc 0.0-5 209.10 OK
r-patched-solaris-x86 0.0-5 42.60 OK
r-release-linux-ix86 0.0-5 0.94 21.87 22.80 OK
r-release-linux-x86_64 0.0-5 0.68 16.56 17.24 OK
r-release-osx-x86_64-mavericks 0.0-5 OK
r-release-osx-x86_64-snowleopard 0.0-5 OK
r-release-windows-ix86+x86_64 0.0-5 2.00 25.00 27.00 OK
r-oldrel-windows-ix86+x86_64 0.0-5 2.00 26.00 28.00 OK

Check Details

Version: 0.0-5
Check: DESCRIPTION meta-information
Result: NOTE
    Malformed Title field: should not end in a period.
Flavors: r-devel-linux-x86_64-debian-clang, r-devel-linux-x86_64-debian-gcc, r-devel-linux-x86_64-fedora-clang, r-devel-linux-x86_64-fedora-gcc, r-devel-osx-x86_64-clang, r-devel-windows-ix86+x86_64

Version: 0.0-5
Check: S3 generic/method consistency
Result: NOTE
    Found the following apparent S3 methods exported but not registered:
     plot.cband plot.mresid
    See section ‘Registering S3 methods’ in the ‘Writing R Extensions’
    manual.
Flavors: r-devel-linux-x86_64-debian-clang, r-devel-linux-x86_64-debian-gcc, r-devel-linux-x86_64-fedora-clang, r-devel-linux-x86_64-fedora-gcc, r-devel-osx-x86_64-clang