CRAN Package Check Results for Package mixreg

Last updated on 2015-04-01 02:48:20.

Flavor Version Tinstall Tcheck Ttotal Status Flags
r-devel-linux-x86_64-debian-clang 0.0-5 0.60 14.58 15.18 NOTE
r-devel-linux-x86_64-debian-gcc 0.0-5 0.60 14.19 14.79 NOTE
r-devel-linux-x86_64-fedora-clang 0.0-5 30.47 NOTE
r-devel-linux-x86_64-fedora-gcc 0.0-5 30.49 NOTE
r-devel-osx-x86_64-clang 0.0-5 34.37 NOTE
r-prerel-windows-ix86+x86_64 0.0-5 3.00 22.00 25.00 NOTE
r-prerel-linux-x86_64 0.0-5 0.61 14.72 15.33 NOTE
r-prerel-solaris-sparc 0.0-5 194.20 NOTE
r-prerel-solaris-x86 0.0-5 36.60 NOTE
r-release-linux-x86_64 0.0-5 0.69 15.50 16.19 OK
r-release-osx-x86_64-mavericks 0.0-5 OK
r-release-osx-x86_64-snowleopard 0.0-5 OK
r-release-windows-ix86+x86_64 0.0-5 4.00 23.00 27.00 OK
r-oldrel-windows-ix86+x86_64 0.0-5 2.00 26.00 28.00 OK

Check Details

Version: 0.0-5
Check: DESCRIPTION meta-information
Result: NOTE
    Malformed Title field: should not end in a period.
Flavors: r-devel-linux-x86_64-debian-clang, r-devel-linux-x86_64-debian-gcc, r-devel-linux-x86_64-fedora-clang, r-devel-linux-x86_64-fedora-gcc, r-devel-osx-x86_64-clang, r-prerel-windows-ix86+x86_64, r-prerel-linux-x86_64, r-prerel-solaris-sparc, r-prerel-solaris-x86

Version: 0.0-5
Check: S3 generic/method consistency
Result: NOTE
    Found the following apparent S3 methods exported but not registered:
     plot.cband plot.mresid
    See section ‘Registering S3 methods’ in the ‘Writing R Extensions’
    manual.
Flavors: r-devel-linux-x86_64-debian-clang, r-devel-linux-x86_64-debian-gcc, r-devel-linux-x86_64-fedora-clang, r-devel-linux-x86_64-fedora-gcc, r-devel-osx-x86_64-clang, r-prerel-linux-x86_64