CRAN Package Check Results for Package mixsep

Last updated on 2014-10-20 11:48:36.

Flavor Version Tinstall Tcheck Ttotal Status Flags
r-devel-linux-x86_64-debian-clang 0.2.1-2 1.07 24.46 25.53 NOTE
r-devel-linux-x86_64-debian-gcc 0.2.1-2 1.06 24.31 25.38 NOTE
r-devel-linux-x86_64-fedora-clang 0.2.1-2 44.98 NOTE
r-devel-linux-x86_64-fedora-gcc 0.2.1-2 41.34 NOTE
r-devel-osx-x86_64-clang 0.2.1-2 61.06 NOTE
r-devel-windows-ix86+x86_64 0.2.1-2 9.00 42.00 51.00 NOTE
r-patched-linux-x86_64 0.2.1-2 1.09 25.28 26.36 NOTE
r-patched-solaris-sparc 0.2.1-2 241.80 NOTE
r-patched-solaris-x86 0.2.1-2 56.50 NOTE
r-release-linux-ix86 0.2.1-2 1.78 32.04 33.82 NOTE
r-release-linux-x86_64 0.2.1-2 1.06 26.10 27.16 NOTE
r-release-osx-x86_64-mavericks 0.2.1-2 ERROR
r-release-osx-x86_64-snowleopard 0.2.1-2 OK
r-release-windows-ix86+x86_64 0.2.1-2 9.00 45.00 54.00 NOTE
r-oldrel-windows-ix86+x86_64 0.2.1-2 9.00 46.00 55.00 NOTE

Check Details

Version: 0.2.1-2
Check: dependencies in R code
Result: NOTE
    Packages in Depends field not imported from:
     ‘MASS’ ‘RODBC’ ‘tcltk’ ‘tcltk2’
     These packages need to be imported from (in the NAMESPACE file)
     for when this namespace is loaded but not attached.
    See the information on DESCRIPTION files in the chapter ‘Creating R
    packages’ of the ‘Writing R Extensions’ manual.
Flavors: r-devel-linux-x86_64-debian-clang, r-devel-linux-x86_64-debian-gcc, r-devel-linux-x86_64-fedora-clang, r-devel-linux-x86_64-fedora-gcc, r-devel-osx-x86_64-clang, r-devel-windows-ix86+x86_64, r-patched-linux-x86_64, r-patched-solaris-sparc, r-patched-solaris-x86

Version: 0.2.1-2
Check: R code for possible problems
Result: NOTE
    Found an obsolete/platform-specific call in the following function:
     ‘mixsep’
    Found the platform-specific devices:
     ‘windows’ ‘x11’
    dev.new() is the preferred way to open a new device, in the unlikely
    event one is needed.
    ahat: no visible global function definition for ‘ginv’
    ahat.locus: no visible global function definition for ‘ginv’
    handleFixed: no visible global function definition for ‘tkmessageBox’
    mixsep: no visible global function definition for ‘tclVar’
    mixsep: no visible global function definition for ‘tkfont.create’
    mixsep : getDB : getQuery: no visible global function definition for
     ‘odbcDriverConnect’
    mixsep : getDB : getQuery: no visible global function definition for
     ‘tclvalue’
    mixsep : getDB : getQuery: no visible global function definition for
     ‘sqlQuery’
    mixsep : getDB : getQuery: no visible global function definition for
     ‘tkmessageBox’
    mixsep : getDB : getQuery: no visible global function definition for
     ‘tkget’
    mixsep : getDB : getQuery: no visible global function definition for
     ‘tkinsert’
    mixsep : getDB : getQuery: no visible global function definition for
     ‘odbcClose’
    mixsep : getDB : rmDBsample: no visible global function definition for
     ‘tkcurselection’
    mixsep : getDB : rmDBsample: no visible global function definition for
     ‘tkdelete’
    mixsep : getDB : addDBsample: no visible global function definition for
     ‘tclvalue’
    mixsep : getDB : addDBsample: no visible global function definition for
     ‘tkget’
    mixsep : getDB : addDBsample: no visible global function definition for
     ‘tkcurselection’
    mixsep : getDB : addDBsample: no visible global function definition for
     ‘odbcDriverConnect’
    mixsep : getDB : addDBsample: no visible global function definition for
     ‘sqlQuery’
    mixsep : getDB : addDBsample: no visible global function definition for
     ‘tkinsert’
    mixsep : getDB : addDBsample: no visible global function definition for
     ‘odbcClose’
    mixsep : getDB: no visible global function definition for ‘tclVar’
    mixsep : getDB: no visible global function definition for ‘tclvalue<-’
    mixsep : getDB: no visible global function definition for ‘tclvalue’
    mixsep : getDB: no visible global function definition for ‘tktoplevel’
    mixsep : getDB: no visible global function definition for ‘tcl’
    mixsep : getDB: no visible global function definition for ‘tkwinfo’
    mixsep : getDB: no visible global function definition for
     ‘tkwm.geometry’
    mixsep : getDB: no visible global function definition for ‘tkwm.title’
    mixsep : getDB: no visible global function definition for ‘tkgrid’
    mixsep : getDB: no visible global function definition for ‘tklabel’
    mixsep : getDB: no visible global function definition for ‘tkframe’
    mixsep : getDB: no visible global function definition for
     ‘tkradiobutton’
    mixsep : getDB: no visible global function definition for ‘tkentry’
    mixsep : getDB: no visible global function definition for ‘tkbind’
    mixsep : getDB: no visible global function definition for ‘tkbutton’
    mixsep : getDB: no visible global function definition for ‘tkfocus’
    mixsep : getDB: no visible global function definition for ‘tkscrollbar’
    mixsep : getDB : <anonymous>: no visible global function definition for
     ‘tkyview’
    mixsep : getDB: no visible global function definition for ‘tklistbox’
    mixsep : getDB : <anonymous>: no visible global function definition for
     ‘tkset’
    mixsep : getDB : <anonymous>: no visible global function definition for
     ‘tkselection.set’
    mixsep : getDB : <anonymous>: no visible global function definition for
     ‘tclvalue’
    mixsep : getDB : <anonymous>: no visible global function definition for
     ‘tcl’
    mixsep : getDB: no visible global function definition for
     ‘tkgrid.configure’
    mixsep : getDB : <anonymous>: no visible global function definition for
     ‘tkdestroy’
    mixsep : getFile: no visible global function definition for ‘tclvalue’
    mixsep : getFile: no visible global function definition for
     ‘tkgetOpenFile’
    mixsep : getFile: no visible global function definition for
     ‘tclvalue<-’
    mixsep : getFile: no visible global function definition for
     ‘tktoplevel’
    mixsep : getFile: no visible global function definition for ‘tcl’
    mixsep : getFile: no visible global function definition for ‘tkwinfo’
    mixsep : getFile: no visible global function definition for
     ‘tkwm.geometry’
    mixsep : getFile: no visible global function definition for
     ‘tkwm.title’
    mixsep : getFile: no visible global function definition for ‘tclVar’
    mixsep : getFile: no visible global function definition for ‘tkbind’
    mixsep : getFile : <anonymous>: no visible global function definition
     for ‘tclvalue<-’
    mixsep : getFile: no visible global function definition for ‘tkframe’
    mixsep : getFile: no visible global function definition for ‘tkgrid’
    mixsep : getFile: no visible global function definition for ‘tklabel’
    mixsep : getFile: no visible global function definition for
     ‘tkcheckbutton’
    mixsep : getFile: no visible global function definition for ‘tkbutton’
    mixsep : getFile : <anonymous>: no visible global function definition
     for ‘tkdestroy’
    mixsep : getFile: no visible global function definition for
     ‘tkwait.variable’
    mixsep : getFile: no visible global function definition for ‘tkinsert’
    mixsep : getFile: no visible global function definition for
     ‘tkselection.clear’
    mixsep : getFile: no visible global function definition for
     ‘tkselection.set’
    mixsep : removeFile: no visible global function definition for
     ‘tkmessageBox’
    mixsep : removeFile: no visible global function definition for
     ‘tkcurselection’
    mixsep : removeFile: no visible global function definition for
     ‘tclvalue’
    mixsep : removeFile: no visible global function definition for
     ‘tkdelete’
    mixsep : removeFile: no visible global function definition for
     ‘tclvalue<-’
    mixsep : removeFile: no visible global function definition for ‘tclVar’
    mixsep : openAnalysis: no visible global function definition for
     ‘tkmessageBox’
    mixsep : openAnalysis: no visible global function definition for
     ‘tkcurselection’
    mixsep : openAnalysis: no visible global function definition for
     ‘tclvalue<-’
    mixsep : openAnalysis: no visible global function definition for
     ‘tk2notetab.select’
    mixsep : killMs: no visible global function definition for
     ‘tkmessageBox’
    mixsep : killMs: no visible global function definition for ‘tclvalue’
    mixsep : killMs: no visible global function definition for ‘tclvalue<-’
    mixsep : killMs: no visible global function definition for ‘tkdestroy’
    mixsep : colSelected: no visible global function definition for
     ‘tclvalue’
    mixsep : colSelected: no visible global function definition for
     ‘tkmessageBox’
    mixsep : continueData: no visible global function definition for
     ‘tclvalue’
    mixsep : continueData: no visible global function definition for
     ‘tclvalue<-’
    mixsep : continueData: no visible global function definition for
     ‘tk2notetab.select’
    mixsep : resetData: no visible global function definition for
     ‘tclvalue<-’
    mixsep : callMixsep: no visible global function definition for
     ‘tkconfigure’
    mixsep : callMixsep: no visible global function definition for ‘tcl’
    mixsep : callMixsep: no visible global function definition for
     ‘tclvalue’
    mixsep : callMixsep: no visible global function definition for
     ‘tkmessageBox’
    mixsep : callMixsep: no visible global function definition for
     ‘tclvalue<-’
    mixsep : callMixsep: no visible global function definition for ‘tclVar’
    mixsep : callMixsep: no visible global function definition for
     ‘tk2notetab.select’
    mixsep : plotEpg: no visible global function definition for ‘tclvalue’
    mixsep : plotEpg: no visible global function definition for
     ‘tkcurselection’
    mixsep : plotEpg: no visible global function definition for
     ‘tkmessageBox’
    mixsep : plotEpg: no visible global function definition for
     ‘tclvalue<-’
    mixsep : exportResult: no visible global function definition for
     ‘tclvalue’
    mixsep : exportResult: no visible global function definition for
     ‘tkgetSaveFile’
    mixsep : exportResult: no visible global function definition for
     ‘tkmessageBox’
    mixsep : TAB2: no visible global function definition for ‘tkdestroy’
    mixsep : TAB2: no visible global function definition for ‘tkframe’
    mixsep : TAB2: no visible global function definition for ‘tclvalue’
    mixsep : TAB2: no visible global function definition for ‘tkgrid’
    mixsep : TAB2: no visible global function definition for ‘tklabel’
    mixsep : TAB2: no visible global function definition for ‘tclVar’
    mixsep : TAB2: no visible global function definition for ‘tclvalue<-’
    mixsep : TAB2: no visible global function definition for ‘tkbind’
    mixsep : TAB2 : <anonymous>: no visible global function definition for
     ‘tcl’
    mixsep : TAB2: no visible global function definition for
     ‘tkradiobutton’
    mixsep : TAB2 : kitNormal: no visible global function definition for
     ‘tkconfigure’
    mixsep : TAB2 : kitDisable: no visible global function definition for
     ‘tkconfigure’
    mixsep : TAB2: no visible global function definition for ‘tcl’
    mixsep : TAB2: no visible global function definition for ‘tkbutton’
    mixsep : TAB2: no visible global function definition for ‘tkfocus’
    mixsep : TAB2: no visible global function definition for
     ‘tkcheckbutton’
    mixsep : TAB3: no visible global function definition for ‘tkdestroy’
    mixsep : TAB3: no visible global function definition for ‘tkframe’
    mixsep : TAB3: no visible global function definition for ‘tclvalue’
    mixsep : TAB3: no visible global function definition for ‘tkgrid’
    mixsep : TAB3: no visible global function definition for ‘tklabel’
    mixsep : TAB3: no visible global function definition for ‘tclVar’
    mixsep : TAB3: no visible global function definition for ‘tclvalue<-’
    mixsep : TAB3: no visible global function definition for
     ‘tkradiobutton’
    mixsep : TAB3 : altHelp: no visible global function definition for
     ‘tkmessageBox’
    mixsep : TAB3: no visible global function definition for ‘tkbind’
    mixsep : TAB3: no visible global function definition for
     ‘tkcheckbutton’
    mixsep : TAB3 : sigHelp: no visible global function definition for
     ‘tkmessageBox’
    mixsep : TAB3 : dropHelp: no visible global function definition for
     ‘tkmessageBox’
    mixsep : TAB3: no visible global function definition for ‘tkbutton’
    mixsep : TAB3: no visible global function definition for ‘tkfocus’
    mixsep : TAB4: no visible global function definition for ‘tkdestroy’
    mixsep : TAB4: no visible global function definition for ‘tkframe’
    mixsep : TAB4: no visible global function definition for ‘tclvalue’
    mixsep : TAB4: no visible global function definition for ‘tclVar’
    mixsep : TAB4: no visible global function definition for ‘tclvalue<-’
    mixsep : TAB4: no visible global function definition for ‘tkgrid’
    mixsep : TAB4: no visible global function definition for ‘tklabel’
    mixsep : TAB4: no visible global function definition for ‘tkscrollbar’
    mixsep : TAB4 : <anonymous>: no visible global function definition for
     ‘tkyview’
    mixsep : TAB4: no visible global function definition for ‘tklistbox’
    mixsep : TAB4 : <anonymous>: no visible global function definition for
     ‘tkset’
    mixsep : TAB4: no visible global function definition for
     ‘tkradiobutton’
    mixsep : TAB4: no visible global function definition for ‘tcl’
    mixsep : TAB4: no visible global function definition for
     ‘tkselection.set’
    mixsep : TAB4: no visible global function definition for ‘tkinsert’
    mixsep : TAB4: no visible global function definition for ‘tkconfigure’
    mixsep : TAB4 : setBM: no visible global function definition for ‘tcl’
    mixsep : TAB4 : setBM: no visible global function definition for
     ‘tclvalue’
    mixsep : TAB4: no visible global function definition for ‘tkbind’
    mixsep : TAB4: no visible global function definition for
     ‘tkcheckbutton’
    mixsep : TAB4: no visible global function definition for ‘tkbutton’
    mixsep : TAB4: no visible global function definition for ‘tkfocus’
    mixsep: no visible global function definition for ‘tktoplevel’
    mixsep: no visible global function definition for ‘tcl’
    mixsep: no visible global function definition for ‘tkbind’
    mixsep : <anonymous>: no visible global function definition for
     ‘tclvalue<-’
    mixsep: no visible global function definition for ‘tclvalue<-’
    mixsep: no visible global function definition for ‘tkwm.title’
    mixsep: no visible global function definition for ‘tclvalue’
    mixsep: no visible global function definition for ‘tk2notebook’
    mixsep: no visible global function definition for ‘tkpack’
    mixsep: no visible global function definition for ‘tk2notetab’
    mixsep: no visible global function definition for ‘tkframe’
    mixsep: no visible global function definition for ‘tkgrid’
    mixsep: no visible global function definition for ‘tklabel’
    mixsep: no visible global function definition for ‘tkscrollbar’
    mixsep : <anonymous>: no visible global function definition for
     ‘tkyview’
    mixsep: no visible global function definition for ‘tklistbox’
    mixsep : <anonymous>: no visible global function definition for ‘tkset’
    mixsep : <anonymous>: no visible global function definition for
     ‘tkselection.set’
    mixsep : <anonymous>: no visible global function definition for
     ‘tclvalue’
    mixsep : <anonymous>: no visible global function definition for ‘tcl’
    mixsep: no visible global function definition for ‘tkgrid.configure’
    mixsep: no visible global function definition for ‘tkinsert’
    mixsep: no visible global function definition for ‘tkselection.set’
    mixsep: no visible global function definition for ‘tkbutton’
    mixsep: no visible global function definition for ‘tkfocus’
    mixsep: no visible global function definition for ‘tkwait.window’
    mixturesep : <anonymous>: no visible binding for global variable ‘area’
    that.locus: no visible global function definition for ‘ginv’
Flavors: r-devel-linux-x86_64-debian-clang, r-devel-linux-x86_64-debian-gcc, r-devel-linux-x86_64-fedora-clang, r-devel-linux-x86_64-fedora-gcc, r-devel-osx-x86_64-clang, r-patched-linux-x86_64, r-patched-solaris-sparc, r-patched-solaris-x86

Version: 0.2.1-2
Check: R code for possible problems
Result: NOTE
    ahat: no visible global function definition for 'ginv'
    ahat.locus: no visible global function definition for 'ginv'
    handleFixed: no visible global function definition for 'tkmessageBox'
    mixsep: no visible global function definition for 'tclVar'
    mixsep: no visible global function definition for 'tkfont.create'
    mixsep : getDB : getQuery: no visible global function definition for
     'odbcDriverConnect'
    mixsep : getDB : getQuery: no visible global function definition for
     'tclvalue'
    mixsep : getDB : getQuery: no visible global function definition for
     'sqlQuery'
    mixsep : getDB : getQuery: no visible global function definition for
     'tkmessageBox'
    mixsep : getDB : getQuery: no visible global function definition for
     'tkget'
    mixsep : getDB : getQuery: no visible global function definition for
     'tkinsert'
    mixsep : getDB : getQuery: no visible global function definition for
     'odbcClose'
    mixsep : getDB : rmDBsample: no visible global function definition for
     'tkcurselection'
    mixsep : getDB : rmDBsample: no visible global function definition for
     'tkdelete'
    mixsep : getDB : addDBsample: no visible global function definition for
     'tclvalue'
    mixsep : getDB : addDBsample: no visible global function definition for
     'tkget'
    mixsep : getDB : addDBsample: no visible global function definition for
     'tkcurselection'
    mixsep : getDB : addDBsample: no visible global function definition for
     'odbcDriverConnect'
    mixsep : getDB : addDBsample: no visible global function definition for
     'sqlQuery'
    mixsep : getDB : addDBsample: no visible global function definition for
     'tkinsert'
    mixsep : getDB : addDBsample: no visible global function definition for
     'odbcClose'
    mixsep : getDB: no visible global function definition for 'tclVar'
    mixsep : getDB: no visible global function definition for 'tclvalue<-'
    mixsep : getDB: no visible global function definition for 'tclvalue'
    mixsep : getDB: no visible global function definition for 'tktoplevel'
    mixsep : getDB: no visible global function definition for 'tcl'
    mixsep : getDB: no visible global function definition for 'tkwinfo'
    mixsep : getDB: no visible global function definition for
     'tkwm.geometry'
    mixsep : getDB: no visible global function definition for 'tkwm.title'
    mixsep : getDB: no visible global function definition for 'tkgrid'
    mixsep : getDB: no visible global function definition for 'tklabel'
    mixsep : getDB: no visible global function definition for 'tkframe'
    mixsep : getDB: no visible global function definition for
     'tkradiobutton'
    mixsep : getDB: no visible global function definition for 'tkentry'
    mixsep : getDB: no visible global function definition for 'tkbind'
    mixsep : getDB: no visible global function definition for 'tkbutton'
    mixsep : getDB: no visible global function definition for 'tkfocus'
    mixsep : getDB: no visible global function definition for 'tkscrollbar'
    mixsep : getDB : <anonymous>: no visible global function definition for
     'tkyview'
    mixsep : getDB: no visible global function definition for 'tklistbox'
    mixsep : getDB : <anonymous>: no visible global function definition for
     'tkset'
    mixsep : getDB : <anonymous>: no visible global function definition for
     'tkselection.set'
    mixsep : getDB : <anonymous>: no visible global function definition for
     'tclvalue'
    mixsep : getDB : <anonymous>: no visible global function definition for
     'tcl'
    mixsep : getDB: no visible global function definition for
     'tkgrid.configure'
    mixsep : getDB : <anonymous>: no visible global function definition for
     'tkdestroy'
    mixsep : getFile: no visible global function definition for 'tclvalue'
    mixsep : getFile: no visible global function definition for
     'tkgetOpenFile'
    mixsep : getFile: no visible global function definition for
     'tclvalue<-'
    mixsep : getFile: no visible global function definition for
     'tktoplevel'
    mixsep : getFile: no visible global function definition for 'tcl'
    mixsep : getFile: no visible global function definition for 'tkwinfo'
    mixsep : getFile: no visible global function definition for
     'tkwm.geometry'
    mixsep : getFile: no visible global function definition for
     'tkwm.title'
    mixsep : getFile: no visible global function definition for 'tclVar'
    mixsep : getFile: no visible global function definition for 'tkbind'
    mixsep : getFile : <anonymous>: no visible global function definition
     for 'tclvalue<-'
    mixsep : getFile: no visible global function definition for 'tkframe'
    mixsep : getFile: no visible global function definition for 'tkgrid'
    mixsep : getFile: no visible global function definition for 'tklabel'
    mixsep : getFile: no visible global function definition for
     'tkcheckbutton'
    mixsep : getFile: no visible global function definition for 'tkbutton'
    mixsep : getFile : <anonymous>: no visible global function definition
     for 'tkdestroy'
    mixsep : getFile: no visible global function definition for
     'tkwait.variable'
    mixsep : getFile: no visible global function definition for 'tkinsert'
    mixsep : getFile: no visible global function definition for
     'tkselection.clear'
    mixsep : getFile: no visible global function definition for
     'tkselection.set'
    mixsep : removeFile: no visible global function definition for
     'tkmessageBox'
    mixsep : removeFile: no visible global function definition for
     'tkcurselection'
    mixsep : removeFile: no visible global function definition for
     'tclvalue'
    mixsep : removeFile: no visible global function definition for
     'tkdelete'
    mixsep : removeFile: no visible global function definition for
     'tclvalue<-'
    mixsep : removeFile: no visible global function definition for 'tclVar'
    mixsep : openAnalysis: no visible global function definition for
     'tkmessageBox'
    mixsep : openAnalysis: no visible global function definition for
     'tkcurselection'
    mixsep : openAnalysis: no visible global function definition for
     'tclvalue<-'
    mixsep : openAnalysis: no visible global function definition for
     'tk2notetab.select'
    mixsep : killMs: no visible global function definition for
     'tkmessageBox'
    mixsep : killMs: no visible global function definition for 'tclvalue'
    mixsep : killMs: no visible global function definition for 'tclvalue<-'
    mixsep : killMs: no visible global function definition for 'tkdestroy'
    mixsep : colSelected: no visible global function definition for
     'tclvalue'
    mixsep : colSelected: no visible global function definition for
     'tkmessageBox'
    mixsep : continueData: no visible global function definition for
     'tclvalue'
    mixsep : continueData: no visible global function definition for
     'tclvalue<-'
    mixsep : continueData: no visible global function definition for
     'tk2notetab.select'
    mixsep : resetData: no visible global function definition for
     'tclvalue<-'
    mixsep : callMixsep: no visible global function definition for
     'tkconfigure'
    mixsep : callMixsep: no visible global function definition for 'tcl'
    mixsep : callMixsep: no visible global function definition for
     'tclvalue'
    mixsep : callMixsep: no visible global function definition for
     'tkmessageBox'
    mixsep : callMixsep: no visible global function definition for
     'tclvalue<-'
    mixsep : callMixsep: no visible global function definition for 'tclVar'
    mixsep : callMixsep: no visible global function definition for
     'tk2notetab.select'
    mixsep : plotEpg: no visible global function definition for 'tclvalue'
    mixsep : plotEpg: no visible global function definition for
     'tkcurselection'
    mixsep : plotEpg: no visible global function definition for
     'tkmessageBox'
    mixsep : plotEpg: no visible global function definition for
     'tclvalue<-'
    mixsep : exportResult: no visible global function definition for
     'tclvalue'
    mixsep : exportResult: no visible global function definition for
     'tkgetSaveFile'
    mixsep : exportResult: no visible global function definition for
     'tkmessageBox'
    mixsep : TAB2: no visible global function definition for 'tkdestroy'
    mixsep : TAB2: no visible global function definition for 'tkframe'
    mixsep : TAB2: no visible global function definition for 'tclvalue'
    mixsep : TAB2: no visible global function definition for 'tkgrid'
    mixsep : TAB2: no visible global function definition for 'tklabel'
    mixsep : TAB2: no visible global function definition for 'tclVar'
    mixsep : TAB2: no visible global function definition for 'tclvalue<-'
    mixsep : TAB2: no visible global function definition for 'tkbind'
    mixsep : TAB2 : <anonymous>: no visible global function definition for
     'tcl'
    mixsep : TAB2: no visible global function definition for
     'tkradiobutton'
    mixsep : TAB2 : kitNormal: no visible global function definition for
     'tkconfigure'
    mixsep : TAB2 : kitDisable: no visible global function definition for
     'tkconfigure'
    mixsep : TAB2: no visible global function definition for 'tcl'
    mixsep : TAB2: no visible global function definition for 'tkbutton'
    mixsep : TAB2: no visible global function definition for 'tkfocus'
    mixsep : TAB2: no visible global function definition for
     'tkcheckbutton'
    mixsep : TAB3: no visible global function definition for 'tkdestroy'
    mixsep : TAB3: no visible global function definition for 'tkframe'
    mixsep : TAB3: no visible global function definition for 'tclvalue'
    mixsep : TAB3: no visible global function definition for 'tkgrid'
    mixsep : TAB3: no visible global function definition for 'tklabel'
    mixsep : TAB3: no visible global function definition for 'tclVar'
    mixsep : TAB3: no visible global function definition for 'tclvalue<-'
    mixsep : TAB3: no visible global function definition for
     'tkradiobutton'
    mixsep : TAB3 : altHelp: no visible global function definition for
     'tkmessageBox'
    mixsep : TAB3: no visible global function definition for 'tkbind'
    mixsep : TAB3: no visible global function definition for
     'tkcheckbutton'
    mixsep : TAB3 : sigHelp: no visible global function definition for
     'tkmessageBox'
    mixsep : TAB3 : dropHelp: no visible global function definition for
     'tkmessageBox'
    mixsep : TAB3: no visible global function definition for 'tkbutton'
    mixsep : TAB3: no visible global function definition for 'tkfocus'
    mixsep : TAB4: no visible global function definition for 'tkdestroy'
    mixsep : TAB4: no visible global function definition for 'tkframe'
    mixsep : TAB4: no visible global function definition for 'tclvalue'
    mixsep : TAB4: no visible global function definition for 'tclVar'
    mixsep : TAB4: no visible global function definition for 'tclvalue<-'
    mixsep : TAB4: no visible global function definition for 'tkgrid'
    mixsep : TAB4: no visible global function definition for 'tklabel'
    mixsep : TAB4: no visible global function definition for 'tkscrollbar'
    mixsep : TAB4 : <anonymous>: no visible global function definition for
     'tkyview'
    mixsep : TAB4: no visible global function definition for 'tklistbox'
    mixsep : TAB4 : <anonymous>: no visible global function definition for
     'tkset'
    mixsep : TAB4: no visible global function definition for
     'tkradiobutton'
    mixsep : TAB4: no visible global function definition for 'tcl'
    mixsep : TAB4: no visible global function definition for
     'tkselection.set'
    mixsep : TAB4: no visible global function definition for 'tkinsert'
    mixsep : TAB4: no visible global function definition for 'tkconfigure'
    mixsep : TAB4 : setBM: no visible global function definition for 'tcl'
    mixsep : TAB4 : setBM: no visible global function definition for
     'tclvalue'
    mixsep : TAB4: no visible global function definition for 'tkbind'
    mixsep : TAB4: no visible global function definition for
     'tkcheckbutton'
    mixsep : TAB4: no visible global function definition for 'tkbutton'
    mixsep : TAB4: no visible global function definition for 'tkfocus'
    mixsep: no visible global function definition for 'tktoplevel'
    mixsep: no visible global function definition for 'tcl'
    mixsep: no visible global function definition for 'tkbind'
    mixsep : <anonymous>: no visible global function definition for
     'tclvalue<-'
    mixsep: no visible global function definition for 'tclvalue<-'
    mixsep: no visible global function definition for 'tkwm.title'
    mixsep: no visible global function definition for 'tclvalue'
    mixsep: no visible global function definition for 'tk2notebook'
    mixsep: no visible global function definition for 'tkpack'
    mixsep: no visible global function definition for 'tk2notetab'
    mixsep: no visible global function definition for 'tkframe'
    mixsep: no visible global function definition for 'tkgrid'
    mixsep: no visible global function definition for 'tklabel'
    mixsep: no visible global function definition for 'tkscrollbar'
    mixsep : <anonymous>: no visible global function definition for
     'tkyview'
    mixsep: no visible global function definition for 'tklistbox'
    mixsep : <anonymous>: no visible global function definition for 'tkset'
    mixsep : <anonymous>: no visible global function definition for
     'tkselection.set'
    mixsep : <anonymous>: no visible global function definition for
     'tclvalue'
    mixsep : <anonymous>: no visible global function definition for 'tcl'
    mixsep: no visible global function definition for 'tkgrid.configure'
    mixsep: no visible global function definition for 'tkinsert'
    mixsep: no visible global function definition for 'tkselection.set'
    mixsep: no visible global function definition for 'tkbutton'
    mixsep: no visible global function definition for 'tkfocus'
    mixsep: no visible global function definition for 'tkwait.window'
    mixturesep : <anonymous>: no visible binding for global variable 'area'
    that.locus: no visible global function definition for 'ginv'
Flavor: r-devel-windows-ix86+x86_64

Version: 0.2.1-2
Check: dependencies in R code
Result: NOTE
    Packages in Depends field not imported from:
     ‘MASS’ ‘RODBC’ ‘tcltk2’
     These packages need to be imported from (in the NAMESPACE file)
     for when this namespace is loaded but not attached.
    See the information on DESCRIPTION files in the chapter ‘Creating R
    packages’ of the ‘Writing R Extensions’ manual.
Flavors: r-release-linux-ix86, r-release-linux-x86_64, r-release-windows-ix86+x86_64, r-oldrel-windows-ix86+x86_64

Version: 0.2.1-2
Check: R code for possible problems
Result: NOTE
    Found an obsolete/platform-specific call in the following function:
     ‘mixsep’
    Found the platform-specific devices:
     ‘windows’ ‘x11’
    dev.new() is the preferred way to open a new device, in the unlikely
    event one is needed.
Flavors: r-release-linux-ix86, r-release-linux-x86_64

Version: 0.2.1-2
Check: package dependencies
Result: ERROR
    Package required but not available: ‘RODBC’
    
    See the information on DESCRIPTION files in the chapter ‘Creating R
    packages’ of the ‘Writing R Extensions’ manual.
Flavor: r-release-osx-x86_64-mavericks