CRAN Package Check Results for Package mixsep

Last updated on 2014-07-23 11:49:41.

Flavor Version Tinstall Tcheck Ttotal Status Flags
r-devel-linux-x86_64-debian-clang 0.2.1-2 1.04 21.28 22.31 NOTE
r-devel-linux-x86_64-debian-gcc 0.2.1-2 1.13 22.17 23.30 NOTE
r-devel-linux-x86_64-fedora-clang 0.2.1-2 46.09 NOTE
r-devel-linux-x86_64-fedora-gcc 0.2.1-2 44.26 NOTE
r-devel-osx-x86_64-clang 0.2.1-2 47.67 NOTE
r-devel-windows-ix86+x86_64 0.2.1-2 9.00 41.00 50.00 NOTE
r-patched-linux-x86_64 0.2.1-2 1.10 21.34 22.44 NOTE
r-patched-solaris-sparc 0.2.1-2 251.00 NOTE
r-patched-solaris-x86 0.2.1-2 61.40 NOTE
r-release-linux-ix86 0.2.1-2 1.60 32.09 33.68 NOTE
r-release-linux-x86_64 0.2.1-2 1.23 22.02 23.25 NOTE
r-release-osx-x86_64-mavericks 0.2.1-2 ERROR
r-release-osx-x86_64-snowleopard 0.2.1-2 OK
r-release-windows-ix86+x86_64 0.2.1-2 9.00 43.00 52.00 NOTE
r-oldrel-windows-ix86+x86_64 0.2.1-2 10.00 45.00 55.00 NOTE

Check Details

Version: 0.2.1-2
Check: dependencies in R code
Result: NOTE
    Packages in Depends field not imported from:
     ‘MASS’ ‘RODBC’ ‘tcltk2’
     These packages need to be imported from (in the NAMESPACE file)
     for when this namespace is loaded but not attached.
    See the information on DESCRIPTION files in the chapter ‘Creating R
    packages’ of the ‘Writing R Extensions’ manual.
Flavors: r-devel-linux-x86_64-debian-clang, r-devel-linux-x86_64-debian-gcc, r-devel-linux-x86_64-fedora-clang, r-devel-linux-x86_64-fedora-gcc, r-devel-osx-x86_64-clang, r-devel-windows-ix86+x86_64, r-patched-linux-x86_64, r-patched-solaris-sparc, r-patched-solaris-x86, r-release-linux-ix86, r-release-linux-x86_64, r-release-windows-ix86+x86_64, r-oldrel-windows-ix86+x86_64

Version: 0.2.1-2
Check: R code for possible problems
Result: NOTE
    Found an obsolete/platform-specific call in the following function:
     ‘mixsep’
    Found the platform-specific devices:
     ‘windows’ ‘x11’
    dev.new() is the preferred way to open a new device, in the unlikely
    event one is needed.
Flavors: r-devel-linux-x86_64-debian-clang, r-devel-linux-x86_64-debian-gcc, r-devel-linux-x86_64-fedora-clang, r-devel-linux-x86_64-fedora-gcc, r-devel-osx-x86_64-clang, r-patched-linux-x86_64, r-patched-solaris-sparc, r-patched-solaris-x86, r-release-linux-ix86, r-release-linux-x86_64

Version: 0.2.1-2
Check: package dependencies
Result: ERROR
    Package required but not available: ‘RODBC’
    
    See the information on DESCRIPTION files in the chapter ‘Creating R
    packages’ of the ‘Writing R Extensions’ manual.
Flavor: r-release-osx-x86_64-mavericks