CRAN Package Check Results for Package mixsep

Last updated on 2014-04-23 07:55:03.

Flavor Version Tinstall Tcheck Ttotal Status Flags
r-devel-linux-x86_64-debian-clang 0.2.1-2 1.15 22.48 23.63 NOTE
r-devel-linux-x86_64-debian-gcc 0.2.1-2 1.14 23.04 24.18 NOTE
r-devel-linux-x86_64-fedora-clang 0.2.1-2 45.83 NOTE
r-devel-linux-x86_64-fedora-gcc 0.2.1-2 43.59 NOTE
r-devel-osx-x86_64-clang 0.2.1-2 44.65 NOTE
r-devel-osx-x86_64-gcc 0.2.1-2 NOTE
r-devel-windows-ix86+x86_64 0.2.1-2 9.00 43.00 52.00 NOTE
r-patched-linux-x86_64 0.2.1-2 1.18 23.09 24.27 NOTE
r-patched-solaris-sparc 0.2.1-2 251.00 NOTE
r-patched-solaris-x86 0.2.1-2 70.50 NOTE
r-release-linux-ix86 0.2.1-2 2.00 44.00 46.00 NOTE
r-release-linux-x86_64 0.2.1-2 1.09 22.69 23.78 NOTE
r-release-osx-x86_64-mavericks 0.2.1-2 ERROR
r-release-osx-x86_64-snowleopard 0.2.1-2 OK
r-release-windows-ix86+x86_64 0.2.1-2 10.00 42.00 52.00 NOTE
r-oldrel-windows-ix86+x86_64 0.2.1-2 11.00 47.00 58.00 NOTE

Check Details

Version: 0.2.1-2
Check: dependencies in R code
Result: NOTE
    Packages in Depends field not imported from:
     ‘MASS’ ‘RODBC’ ‘tcltk2’
     These packages need to be imported from (in the NAMESPACE file)
     for when this namespace is loaded but not attached.
    See the information on DESCRIPTION files in the chapter ‘Creating R
    packages’ of the ‘Writing R Extensions’ manual.
Flavors: r-devel-linux-x86_64-debian-clang, r-devel-linux-x86_64-debian-gcc, r-devel-linux-x86_64-fedora-clang, r-devel-linux-x86_64-fedora-gcc, r-devel-osx-x86_64-clang, r-devel-osx-x86_64-gcc, r-devel-windows-ix86+x86_64, r-patched-linux-x86_64, r-patched-solaris-sparc, r-patched-solaris-x86, r-release-linux-ix86, r-release-linux-x86_64, r-release-windows-ix86+x86_64, r-oldrel-windows-ix86+x86_64

Version: 0.2.1-2
Check: R code for possible problems
Result: NOTE
    Found an obsolete/platform-specific call in the following function:
     ‘mixsep’
    Found the platform-specific devices:
     ‘windows’ ‘x11’
    dev.new() is the preferred way to open a new device, in the unlikely
    event one is needed.
Flavors: r-devel-linux-x86_64-debian-clang, r-devel-linux-x86_64-debian-gcc, r-devel-linux-x86_64-fedora-clang, r-devel-linux-x86_64-fedora-gcc, r-devel-osx-x86_64-clang, r-patched-linux-x86_64, r-patched-solaris-sparc, r-patched-solaris-x86, r-release-linux-ix86, r-release-linux-x86_64

Version: 0.2.1-2
Check: package dependencies
Result: ERROR
    Package required but not available: ‘RODBC’
    
    See the information on DESCRIPTION files in the chapter ‘Creating R
    packages’ of the ‘Writing R Extensions’ manual.
Flavor: r-release-osx-x86_64-mavericks