CRAN Package Check Results for Package mixsmsn

Last updated on 2014-10-23 05:46:45.

Flavor Version Tinstall Tcheck Ttotal Status Flags
r-devel-linux-x86_64-debian-clang 1.0-9 0.75 26.22 26.97 NOTE
r-devel-linux-x86_64-debian-gcc 1.0-9 0.73 24.54 25.27 NOTE
r-devel-linux-x86_64-fedora-clang 1.0-9 49.12 NOTE
r-devel-linux-x86_64-fedora-gcc 1.0-9 44.16 NOTE
r-devel-osx-x86_64-clang 1.0-9 52.46 NOTE
r-devel-windows-ix86+x86_64 1.0-9 3.00 32.00 35.00 NOTE
r-patched-linux-x86_64 1.0-9 0.77 27.85 28.62 NOTE
r-patched-solaris-sparc 1.0-9 279.00 NOTE
r-patched-solaris-x86 1.0-9 58.30 NOTE
r-release-linux-ix86 1.0-9 1.06 33.25 34.32 NOTE
r-release-linux-x86_64 1.0-9 0.75 25.51 26.26 NOTE
r-release-osx-x86_64-mavericks 1.0-9 NOTE
r-release-osx-x86_64-snowleopard 1.0-9 OK
r-release-windows-ix86+x86_64 1.0-9 4.00 36.00 40.00 NOTE
r-oldrel-windows-ix86+x86_64 1.0-9 3.00 33.00 36.00 NOTE

Check Details

Version: 1.0-9
Check: dependencies in R code
Result: NOTE
    Package in Depends field not imported from: ‘mvtnorm’
     These packages need to be imported from (in the NAMESPACE file)
     for when this namespace is loaded but not attached.
    See the information on DESCRIPTION files in the chapter ‘Creating R
    packages’ of the ‘Writing R Extensions’ manual.
Flavors: r-devel-linux-x86_64-debian-clang, r-devel-linux-x86_64-debian-gcc, r-devel-linux-x86_64-fedora-clang, r-devel-linux-x86_64-fedora-gcc, r-devel-osx-x86_64-clang, r-devel-windows-ix86+x86_64, r-patched-linux-x86_64, r-patched-solaris-sparc, r-patched-solaris-x86, r-release-linux-ix86, r-release-linux-x86_64, r-release-osx-x86_64-mavericks, r-release-windows-ix86+x86_64, r-oldrel-windows-ix86+x86_64

Version: 1.0-9
Check: R code for possible problems
Result: NOTE
    dmvSN: no visible global function definition for ‘dmvnorm’
    dmvSNC: no visible global function definition for ‘dmvnorm’
    gen.SN.multi: no visible global function definition for ‘rmvnorm’
    im.smsn: no visible global function definition for ‘dmvnorm’
    imm.smsn: no visible global function definition for ‘dmvnorm’
    mix.contour : mixed.Normal: no visible global function definition for
     ‘dmvnorm’
    mix.contour : mixed.SN: no visible global function definition for
     ‘dmvnorm’
    mix.contour : mixed.SNC: no visible global function definition for
     ‘dmvnorm’
    smsn.mmix: no visible global function definition for ‘dmvnorm’
Flavors: r-devel-linux-x86_64-debian-clang, r-devel-linux-x86_64-debian-gcc, r-devel-linux-x86_64-fedora-clang, r-devel-linux-x86_64-fedora-gcc, r-devel-osx-x86_64-clang, r-devel-windows-ix86+x86_64, r-patched-linux-x86_64, r-patched-solaris-sparc, r-patched-solaris-x86