CRAN Package Check Results for Package mixsmsn

Last updated on 2015-08-28 21:46:48.

Flavor Version Tinstall Tcheck Ttotal Status Flags
r-devel-linux-x86_64-debian-clang 1.0-9 0.67 22.92 23.60 NOTE
r-devel-linux-x86_64-debian-gcc 1.0-9 0.67 22.73 23.40 NOTE
r-devel-linux-x86_64-fedora-clang 1.0-9 44.10 NOTE
r-devel-linux-x86_64-fedora-gcc 1.0-9 40.98 NOTE
r-devel-osx-x86_64-clang 1.0-9 40.23 NOTE
r-devel-windows-ix86+x86_64 1.0-9 6.00 40.00 46.00 NOTE
r-patched-linux-x86_64 1.0-9 0.79 23.28 24.08 NOTE
r-patched-solaris-sparc 1.0-9 282.50 NOTE
r-patched-solaris-x86 1.0-9 55.80 NOTE
r-release-linux-x86_64 1.0-9 0.90 24.64 25.54 NOTE
r-release-osx-x86_64-mavericks 1.0-9 NOTE
r-release-windows-ix86+x86_64 1.0-9 3.00 39.00 42.00 NOTE
r-oldrel-windows-ix86+x86_64 1.0-9 6.00 41.00 47.00 NOTE

Check Details

Version: 1.0-9
Check: DESCRIPTION meta-information
Result: NOTE
    Malformed Title field: should not end in a period.
Flavors: r-devel-linux-x86_64-debian-clang, r-devel-linux-x86_64-debian-gcc, r-devel-linux-x86_64-fedora-clang, r-devel-linux-x86_64-fedora-gcc, r-devel-osx-x86_64-clang, r-devel-windows-ix86+x86_64, r-patched-linux-x86_64, r-patched-solaris-sparc, r-patched-solaris-x86, r-release-linux-x86_64, r-release-osx-x86_64-mavericks, r-release-windows-ix86+x86_64

Version: 1.0-9
Check: dependencies in R code
Result: NOTE
    Package in Depends field not imported from: ‘mvtnorm’
     These packages need to be imported from (in the NAMESPACE file)
     for when this namespace is loaded but not attached.
Flavors: r-devel-linux-x86_64-debian-clang, r-devel-linux-x86_64-debian-gcc, r-devel-linux-x86_64-fedora-clang, r-devel-linux-x86_64-fedora-gcc, r-devel-osx-x86_64-clang, r-devel-windows-ix86+x86_64, r-patched-linux-x86_64, r-patched-solaris-sparc, r-patched-solaris-x86, r-release-linux-x86_64, r-release-osx-x86_64-mavericks, r-release-windows-ix86+x86_64, r-oldrel-windows-ix86+x86_64

Version: 1.0-9
Check: R code for possible problems
Result: NOTE
    dSN: no visible global function definition for ‘dnorm’
    dSN: no visible global function definition for ‘pnorm’
    dSNC: no visible global function definition for ‘dnorm’
    dSNC: no visible global function definition for ‘pnorm’
    dSS : f: no visible global function definition for ‘dnorm’
    dSS : f: no visible global function definition for ‘pnorm’
    dSS: no visible global function definition for ‘integrate’
    dmvSN: no visible global function definition for ‘dmvnorm’
    dmvSN: no visible global function definition for ‘pnorm’
    dmvSNC: no visible global function definition for ‘dmvnorm’
    dmvSNC: no visible global function definition for ‘pnorm’
    dmvSS: no visible global function definition for ‘mahalanobis’
    dmvSS : f: no visible global function definition for ‘pnorm’
    dmvSS: no visible global function definition for ‘integrate’
    dmvt.ls: no visible global function definition for ‘mahalanobis’
    dmvt.ls: no visible global function definition for ‘pt’
    dt.ls: no visible global function definition for ‘dt’
    dt.ls: no visible global function definition for ‘pt’
    gen.SCN.multi: no visible global function definition for ‘runif’
    gen.SN.multi: no visible global function definition for ‘rnorm’
    gen.SN.multi: no visible global function definition for ‘rmvnorm’
    gen.SS.multi: no visible global function definition for ‘runif’
    gen.ST.multi: no visible global function definition for ‘rgamma’
    gen.Skew.normal: no visible global function definition for ‘rnorm’
    gen.Skew.slash: no visible global function definition for ‘runif’
    gen.Skew.t: no visible global function definition for ‘rgamma’
    im.smsn : I.Phi: no visible global function definition for ‘pt’
    im.smsn: no visible global function definition for ‘mahalanobis’
    im.smsn: no visible global function definition for ‘rgamma’
    im.smsn: no visible global function definition for ‘pnorm’
    im.smsn : I.Phi: no visible global function definition for ‘dnorm’
    im.smsn : I.Phi: no visible global function definition for ‘pnorm’
    im.smsn : I.phi: no visible global function definition for ‘dnorm’
    im.smsn: no visible global function definition for ‘dmvnorm’
    im.smsn: no visible global function definition for ‘dnorm’
    im.smsn : I.Phi : f: no visible global function definition for ‘pnorm’
    im.smsn : I.Phi : f: no visible global function definition for ‘dgamma’
    im.smsn : I.Phi: no visible global function definition for ‘integrate’
    im.smsn : I.phi: no visible global function definition for ‘pgamma’
    im.smsn: no visible global function definition for ‘runif’
    imm.smsn : I.Phi: no visible global function definition for ‘pt’
    imm.smsn: no visible global function definition for ‘mahalanobis’
    imm.smsn: no visible global function definition for ‘rgamma’
    imm.smsn: no visible global function definition for ‘pnorm’
    imm.smsn : I.Phi: no visible global function definition for ‘dnorm’
    imm.smsn : I.Phi: no visible global function definition for ‘pnorm’
    imm.smsn : I.phi: no visible global function definition for ‘dnorm’
    imm.smsn: no visible global function definition for ‘dmvnorm’
    imm.smsn: no visible global function definition for ‘dnorm’
    imm.smsn : I.Phi: no visible global function definition for ‘runif’
    imm.smsn : I.Phi: no visible global function definition for ‘pgamma’
    imm.smsn : I.Phi: no visible global function definition for ‘qgamma’
    imm.smsn : I.phi: no visible global function definition for ‘pgamma’
    imm.smsn: no visible global function definition for ‘runif’
    mix.contour : mixed.Normal: no visible global function definition for
     ‘dmvnorm’
    mix.contour: no visible global function definition for ‘contour’
    mix.contour: no visible global function definition for ‘points’
    mix.contour : mixed.SN: no visible global function definition for
     ‘dmvnorm’
    mix.contour : mixed.SN: no visible global function definition for
     ‘pnorm’
    mix.contour : mixed.ST: no visible global function definition for
     ‘mahalanobis’
    mix.contour : mixed.ST: no visible global function definition for ‘pt’
    mix.contour : mixed.SNC: no visible global function definition for
     ‘dmvnorm’
    mix.contour : mixed.SNC: no visible global function definition for
     ‘pnorm’
    mix.contour: no visible global function definition for ‘title’
    mix.dens: no visible global function definition for ‘plot’
    mix.hist: no visible global function definition for ‘hist’
    mix.hist: no visible global function definition for ‘lines’
    mix.lines: no visible global function definition for ‘lines’
    rmix: no visible global function definition for ‘runif’
    rmmix: no visible global function definition for ‘runif’
    smsn.mix: no visible global function definition for ‘kmeans’
    smsn.mix: no visible global function definition for ‘var’
    smsn.mix: no visible global function definition for ‘pt’
    smsn.mix: no visible global function definition for ‘optimize’
    smsn.mix: no visible global function definition for ‘dnorm’
    smsn.mix: no visible global function definition for ‘pnorm’
    smsn.mix: no visible global function definition for ‘optim’
    smsn.mix: no visible global function definition for ‘pgamma’
    smsn.mix : faux: no visible global function definition for ‘pnorm’
    smsn.mix: no visible global function definition for ‘integrate’
    smsn.mmix: no visible global function definition for ‘kmeans’
    smsn.mmix: no visible global function definition for ‘var’
    smsn.mmix: no visible global function definition for ‘mahalanobis’
    smsn.mmix: no visible global function definition for ‘pt’
    smsn.mmix: no visible global function definition for ‘optimize’
    smsn.mmix: no visible global function definition for ‘dmvnorm’
    smsn.mmix: no visible global function definition for ‘pnorm’
    smsn.mmix: no visible global function definition for ‘dnorm’
    smsn.mmix: no visible global function definition for ‘optim’
    smsn.mmix : faux: no visible global function definition for ‘pnorm’
    smsn.mmix: no visible global function definition for ‘integrate’
    smsn.mmix: no visible global function definition for ‘pgamma’
    Undefined global functions or variables:
     contour dgamma dmvnorm dnorm dt hist integrate kmeans lines
     mahalanobis optim optimize pgamma plot pnorm points pt qgamma rgamma
     rmvnorm rnorm runif title var
    Consider adding
     importFrom("graphics", "contour", "hist", "lines", "plot", "points",
     "title")
     importFrom("stats", "dgamma", "dnorm", "dt", "integrate", "kmeans",
     "mahalanobis", "optim", "optimize", "pgamma", "pnorm", "pt",
     "qgamma", "rgamma", "rnorm", "runif", "var")
    to your NAMESPACE.
Flavors: r-devel-linux-x86_64-debian-clang, r-devel-linux-x86_64-debian-gcc, r-devel-linux-x86_64-fedora-clang, r-devel-linux-x86_64-fedora-gcc, r-devel-windows-ix86+x86_64

Version: 1.0-9
Check: R code for possible problems
Result: NOTE
    dmvSN: no visible global function definition for ‘dmvnorm’
    dmvSNC: no visible global function definition for ‘dmvnorm’
    gen.SN.multi: no visible global function definition for ‘rmvnorm’
    im.smsn: no visible global function definition for ‘dmvnorm’
    imm.smsn: no visible global function definition for ‘dmvnorm’
    mix.contour : mixed.Normal: no visible global function definition for
     ‘dmvnorm’
    mix.contour : mixed.SN: no visible global function definition for
     ‘dmvnorm’
    mix.contour : mixed.SNC: no visible global function definition for
     ‘dmvnorm’
    smsn.mmix: no visible global function definition for ‘dmvnorm’
    Undefined global functions or variables:
     dmvnorm rmvnorm
Flavor: r-devel-osx-x86_64-clang

Version: 1.0-9
Check: R code for possible problems
Result: NOTE
    dmvSN: no visible global function definition for ‘dmvnorm’
    dmvSNC: no visible global function definition for ‘dmvnorm’
    gen.SN.multi: no visible global function definition for ‘rmvnorm’
    im.smsn: no visible global function definition for ‘dmvnorm’
    imm.smsn: no visible global function definition for ‘dmvnorm’
    mix.contour : mixed.Normal: no visible global function definition for
     ‘dmvnorm’
    mix.contour : mixed.SN: no visible global function definition for
     ‘dmvnorm’
    mix.contour : mixed.SNC: no visible global function definition for
     ‘dmvnorm’
    smsn.mmix: no visible global function definition for ‘dmvnorm’
Flavors: r-patched-linux-x86_64, r-patched-solaris-sparc, r-patched-solaris-x86, r-release-linux-x86_64, r-release-osx-x86_64-mavericks, r-release-windows-ix86+x86_64, r-oldrel-windows-ix86+x86_64