Last updated on 2025-01-14 03:49:30 CET.
Flavor | Version | Tinstall | Tcheck | Ttotal | Status | Flags |
---|---|---|---|---|---|---|
r-devel-linux-x86_64-debian-clang | 1.1-10 | 11.46 | 46.00 | 57.46 | NOTE | |
r-devel-linux-x86_64-debian-gcc | 1.1-10 | 6.92 | 30.97 | 37.89 | NOTE | |
r-devel-linux-x86_64-fedora-clang | 1.1-10 | 100.15 | OK | |||
r-devel-linux-x86_64-fedora-gcc | 1.1-10 | 87.27 | OK | |||
r-devel-windows-x86_64 | 1.1-10 | 9.00 | 61.00 | 70.00 | NOTE | |
r-patched-linux-x86_64 | 1.1-10 | 10.51 | 43.64 | 54.15 | OK | |
r-release-linux-x86_64 | 1.1-10 | 10.67 | 43.45 | 54.12 | OK | |
r-release-macos-arm64 | 1.1-10 | 25.00 | OK | |||
r-release-macos-x86_64 | 1.1-10 | 52.00 | OK | |||
r-release-windows-x86_64 | 1.1-10 | 10.00 | 59.00 | 69.00 | OK | |
r-oldrel-macos-arm64 | 1.1-10 | 26.00 | OK | |||
r-oldrel-macos-x86_64 | 1.1-10 | 43.00 | OK | |||
r-oldrel-windows-x86_64 | 1.1-10 | 10.00 | 69.00 | 79.00 | OK |
Version: 1.1-10
Check: Rd cross-references
Result: NOTE
Found the following Rd file(s) with Rd \link{} targets missing package
anchors:
mix.hist.Rd: histogram
Please provide package anchors for all Rd \link{} targets not in the
package itself and the base packages.
Flavors: r-devel-linux-x86_64-debian-clang, r-devel-linux-x86_64-debian-gcc, r-devel-windows-x86_64