CRAN Package Check Results for Package mixsmsn

Last updated on 2015-04-02 08:49:35.

Flavor Version Tinstall Tcheck Ttotal Status Flags
r-devel-linux-x86_64-debian-clang 1.0-9 0.80 23.15 23.95 NOTE
r-devel-linux-x86_64-debian-gcc 1.0-9 0.68 23.09 23.77 NOTE
r-devel-linux-x86_64-fedora-clang 1.0-9 46.01 NOTE
r-devel-linux-x86_64-fedora-gcc 1.0-9 43.42 NOTE
r-devel-osx-x86_64-clang 1.0-9 49.29 NOTE
r-prerel-windows-ix86+x86_64 1.0-9 4.00 33.00 37.00 NOTE
r-prerel-linux-x86_64 1.0-9 0.70 23.25 23.95 NOTE
r-prerel-solaris-sparc 1.0-9 279.10 NOTE
r-prerel-solaris-x86 1.0-9 53.00 NOTE
r-release-linux-x86_64 1.0-9 0.76 25.28 26.04 NOTE
r-release-osx-x86_64-mavericks 1.0-9 NOTE
r-release-osx-x86_64-snowleopard 1.0-9 OK
r-release-windows-ix86+x86_64 1.0-9 5.00 36.00 41.00 NOTE
r-oldrel-windows-ix86+x86_64 1.0-9 3.00 38.00 41.00 NOTE

Check Details

Version: 1.0-9
Check: DESCRIPTION meta-information
Result: NOTE
    Malformed Title field: should not end in a period.
Flavors: r-devel-linux-x86_64-debian-clang, r-devel-linux-x86_64-debian-gcc, r-devel-linux-x86_64-fedora-clang, r-devel-linux-x86_64-fedora-gcc, r-devel-osx-x86_64-clang, r-prerel-windows-ix86+x86_64, r-prerel-linux-x86_64, r-prerel-solaris-sparc, r-prerel-solaris-x86

Version: 1.0-9
Check: dependencies in R code
Result: NOTE
    Package in Depends field not imported from: ‘mvtnorm’
     These packages need to be imported from (in the NAMESPACE file)
     for when this namespace is loaded but not attached.
Flavors: r-devel-linux-x86_64-debian-clang, r-devel-linux-x86_64-debian-gcc, r-devel-linux-x86_64-fedora-clang, r-devel-linux-x86_64-fedora-gcc, r-devel-osx-x86_64-clang, r-prerel-windows-ix86+x86_64, r-prerel-linux-x86_64, r-prerel-solaris-sparc, r-prerel-solaris-x86, r-release-linux-x86_64, r-release-windows-ix86+x86_64

Version: 1.0-9
Check: R code for possible problems
Result: NOTE
    dmvSN: no visible global function definition for ‘dmvnorm’
    dmvSNC: no visible global function definition for ‘dmvnorm’
    gen.SN.multi: no visible global function definition for ‘rmvnorm’
    im.smsn: no visible global function definition for ‘dmvnorm’
    imm.smsn: no visible global function definition for ‘dmvnorm’
    mix.contour : mixed.Normal: no visible global function definition for
     ‘dmvnorm’
    mix.contour : mixed.SN: no visible global function definition for
     ‘dmvnorm’
    mix.contour : mixed.SNC: no visible global function definition for
     ‘dmvnorm’
    smsn.mmix: no visible global function definition for ‘dmvnorm’
Flavors: r-devel-linux-x86_64-debian-clang, r-devel-linux-x86_64-debian-gcc, r-devel-linux-x86_64-fedora-clang, r-devel-linux-x86_64-fedora-gcc, r-devel-osx-x86_64-clang, r-prerel-windows-ix86+x86_64, r-prerel-linux-x86_64, r-prerel-solaris-sparc, r-prerel-solaris-x86, r-release-linux-x86_64, r-release-osx-x86_64-mavericks, r-release-windows-ix86+x86_64

Version: 1.0-9
Check: dependencies in R code
Result: NOTE
    Package in Depends field not imported from: ‘mvtnorm’
     These packages need to be imported from (in the NAMESPACE file)
     for when this namespace is loaded but not attached.
    See the information on DESCRIPTION files in the chapter ‘Creating R
    packages’ of the ‘Writing R Extensions’ manual.
Flavors: r-release-osx-x86_64-mavericks, r-oldrel-windows-ix86+x86_64