CRAN Package Check Results for Package mixsmsn

Last updated on 2014-04-25 05:47:19.

Flavor Version Tinstall Tcheck Ttotal Status Flags
r-devel-linux-x86_64-debian-clang 1.0-9 0.77 25.68 26.45 NOTE
r-devel-linux-x86_64-debian-gcc 1.0-9 0.79 26.85 27.64 NOTE
r-devel-linux-x86_64-fedora-clang 1.0-9 50.49 NOTE
r-devel-linux-x86_64-fedora-gcc 1.0-9 48.33 NOTE
r-devel-osx-x86_64-clang 1.0-9 42.12 NOTE
r-devel-osx-x86_64-gcc 1.0-9 NOTE
r-devel-windows-ix86+x86_64 1.0-9 3.00 36.00 39.00 NOTE
r-patched-linux-x86_64 1.0-9 0.78 25.89 26.67 NOTE
r-patched-solaris-sparc 1.0-9 281.30 NOTE
r-patched-solaris-x86 1.0-9 58.10 NOTE
r-release-linux-ix86 1.0-9 1.00 44.00 45.00 NOTE
r-release-linux-x86_64 1.0-9 0.76 26.07 26.83 NOTE
r-release-osx-x86_64-mavericks 1.0-9 NOTE
r-release-osx-x86_64-snowleopard 1.0-9 OK
r-release-windows-ix86+x86_64 1.0-9 4.00 33.00 37.00 NOTE
r-oldrel-windows-ix86+x86_64 1.0-9 3.00 35.00 38.00 NOTE

Check Details

Version: 1.0-9
Check: dependencies in R code
Result: NOTE
    Package in Depends field not imported from: ‘mvtnorm’
     These packages need to be imported from (in the NAMESPACE file)
     for when this namespace is loaded but not attached.
    See the information on DESCRIPTION files in the chapter ‘Creating R
    packages’ of the ‘Writing R Extensions’ manual.
Flavors: r-devel-linux-x86_64-debian-clang, r-devel-linux-x86_64-debian-gcc, r-devel-linux-x86_64-fedora-clang, r-devel-linux-x86_64-fedora-gcc, r-devel-osx-x86_64-clang, r-devel-osx-x86_64-gcc, r-devel-windows-ix86+x86_64, r-patched-linux-x86_64, r-patched-solaris-sparc, r-patched-solaris-x86, r-release-linux-ix86, r-release-linux-x86_64, r-release-osx-x86_64-mavericks, r-release-windows-ix86+x86_64, r-oldrel-windows-ix86+x86_64