CRAN Package Check Results for Package mixstock

Last updated on 2014-04-21 09:48:04.

Flavor Version Tinstall Tcheck Ttotal Status Flags
r-devel-linux-x86_64-debian-clang 0.9.5.1 2.24 35.06 37.30 NOTE
r-devel-linux-x86_64-debian-gcc 0.9.5.1 2.54 35.09 37.64 NOTE
r-devel-linux-x86_64-fedora-clang 0.9.5.1 75.86 NOTE
r-devel-linux-x86_64-fedora-gcc 0.9.5.1 70.55 NOTE
r-devel-macosx-x86_64-clang 0.9.5.1 62.51 NOTE
r-devel-macosx-x86_64-gcc 0.9.5.1 NOTE
r-devel-windows-ix86+x86_64 0.9.5.1 11.00 64.00 75.00 NOTE
r-patched-linux-x86_64 0.9.5.1 2.50 34.13 36.63 NOTE
r-patched-solaris-sparc 0.9.5.1 426.50 NOTE
r-patched-solaris-x86 0.9.5.1 94.30 NOTE
r-release-linux-ix86 NOTE
r-release-linux-x86_64 0.9.5.1 2.49 33.74 36.22 NOTE
r-release-macosx-x86_64 0.9.5.1 NOTE
r-release-windows-ix86+x86_64 0.9.5.1 12.00 69.00 81.00 NOTE
r-oldrel-windows-ix86+x86_64 0.9.5.1 10.00 68.00 78.00 NOTE

Memtest notes: UBSAN valgrind valgrind

Check Details

Version: 0.9.5.1
Check: package dependencies
Result: NOTE
    Package suggested but not available for checking: ‘coefplot2’
Flavors: r-devel-linux-x86_64-debian-clang, r-devel-linux-x86_64-debian-gcc, r-devel-linux-x86_64-fedora-clang, r-devel-linux-x86_64-fedora-gcc, r-devel-macosx-x86_64-clang, r-devel-windows-ix86+x86_64, r-patched-linux-x86_64, r-patched-solaris-sparc, r-patched-solaris-x86, r-release-linux-ix86, r-release-linux-x86_64, r-release-macosx-x86_64, r-release-windows-ix86+x86_64, r-oldrel-windows-ix86+x86_64

Version: 0.9.5.1
Check: dependencies in R code
Result: NOTE
    'library' or 'require' calls to packages already attached by Depends:
     ‘abind’ ‘coda’ ‘lattice’ ‘plotrix’
     Please remove these calls from your code.
    Packages in Depends field not imported from:
     ‘abind’ ‘coda’ ‘plotrix’
     These packages need to be imported from (in the NAMESPACE file)
     for when this namespace is loaded but not attached.
    See the information on DESCRIPTION files in the chapter ‘Creating R
    packages’ of the ‘Writing R Extensions’ manual.
Flavors: r-devel-linux-x86_64-debian-clang, r-devel-linux-x86_64-debian-gcc, r-devel-linux-x86_64-fedora-clang, r-devel-linux-x86_64-fedora-gcc, r-devel-macosx-x86_64-clang, r-devel-macosx-x86_64-gcc, r-devel-windows-ix86+x86_64, r-patched-linux-x86_64, r-patched-solaris-sparc, r-patched-solaris-x86, r-release-linux-ix86, r-release-linux-x86_64, r-release-windows-ix86+x86_64, r-oldrel-windows-ix86+x86_64

Version: 0.9.5.1
Check: files in ‘vignettes’
Result: NOTE
    The following files look like leftovers/mistakes:
     ‘mixstock.bbl’, ‘mixstock.blg’, ‘mixstock.dvi’, ‘nmark.Rd’
    Please remove them from your package.
Flavors: r-devel-linux-x86_64-debian-clang, r-devel-linux-x86_64-debian-gcc, r-devel-linux-x86_64-fedora-clang, r-devel-linux-x86_64-fedora-gcc, r-devel-macosx-x86_64-clang, r-devel-macosx-x86_64-gcc, r-patched-linux-x86_64, r-patched-solaris-sparc, r-patched-solaris-x86, r-release-linux-ix86, r-release-linux-x86_64, r-release-macosx-x86_64

Version: 0.9.5.1
Check: Rd line widths
Result: NOTE
    Rd file 'loglik2.C.Rd':
     \usage lines wider than 90 characters:
     loglik2.C(p, sourcesamp, mixsamp = NULL, verbose = FALSE, transf = c("full", "part", "none"), full = FALSE, cond = FALSE, debug = FALSE ... [TRUNCATED]
    
    Rd file 'uml.Rd':
     \usage lines wider than 90 characters:
     uml.ds(x,grad=uml.grad,start.type="lsolve",fuzz=0,bounds=1e-4,ndepfac=1000,method="L-BFGS-B",debug=FALSE,control=NULL,
    
    These lines will be truncated in the PDF manual.
Flavors: r-devel-linux-x86_64-fedora-clang, r-devel-linux-x86_64-fedora-gcc

Version: 0.9.5.1
Check: package dependencies
Result: NOTE
    Packages suggested but not available for checking: ‘coefplot2’ ‘ggplot2’
Flavor: r-devel-macosx-x86_64-gcc

Version: 0.9.5.1
Check: files in 'vignettes'
Result: NOTE
    The following files look like leftovers/mistakes:
     'mixstock.bbl', 'mixstock.blg', 'mixstock.dvi', 'nmark.Rd'
    Please remove them from your package.
    * checking examples ...
Flavors: r-devel-windows-ix86+x86_64, r-release-windows-ix86+x86_64, r-oldrel-windows-ix86+x86_64

Version: 0.9.5.1
Check: dependencies in R code
Result: NOTE
    'library' or 'require' calls to packages already attached by Depends:
     'abind' 'coda' 'lattice' 'plotrix'
     Please remove these calls from your code.
    Packages in Depends field not imported from:
     'abind' 'coda' 'plotrix'
     These packages need to be imported from for the case when
     this namespace is loaded but not attached.
    See the information on DESCRIPTION files in the chapter 'Creating R
    packages' of the 'Writing R Extensions' manual.
Flavor: r-release-macosx-x86_64

Version: 0.9.5.1
Check: re-building of vignette outputs
Result: NOTE
    Error in re-building vignettes:
     ...
    Loading required package: coda
    Loading required package: lattice
    Loading required package: plotrix
    Loading required package: abind
    Warning in plot.mixstock.data(lahanas98, mix.off = 2, leg.space = 0.4) :
     some legend text may be truncated: increase leg.space?
    Error in texi2dvi(file = file, pdf = TRUE, clean = clean, quiet = quiet, :
     Running 'texi2dvi' on 'mixstock.tex' failed.
    BibTeX errors:
    The top-level auxiliary file: mixstock.aux
    I couldn't open style file chicago.bst
    ---line 19 of file mixstock.aux
     : \bibstyle{chicago
     : }
    I'm skipping whatever remains of this command
    I found no style file---while reading file mixstock.aux
    Calls: buildVignettes -> texi2pdf -> texi2dvi
    Execution halted
Flavor: r-release-macosx-x86_64