CRAN Package Check Results for Package mixtools

Last updated on 2015-03-31 11:49:48.

Flavor Version Tinstall Tcheck Ttotal Status Flags
r-devel-linux-x86_64-debian-clang 1.0.2 2.82 134.32 137.14 NOTE
r-devel-linux-x86_64-debian-gcc 1.0.2 2.83 134.74 137.58 NOTE
r-devel-linux-x86_64-fedora-clang 1.0.2 268.67 NOTE
r-devel-linux-x86_64-fedora-gcc 1.0.2 269.82 NOTE
r-devel-osx-x86_64-clang 1.0.2 194.40 NOTE
r-prerel-windows-ix86+x86_64 1.0.2 21.00 298.00 319.00 OK
r-prerel-linux-x86_64 1.0.2 3.34 141.81 145.15 NOTE
r-prerel-solaris-sparc 1.0.2 1246.10 OK --no-build-vignettes
r-prerel-solaris-x86 1.0.2 287.20 OK
r-release-linux-x86_64 1.0.2 2.96 140.72 143.69 OK
r-release-osx-x86_64-mavericks 1.0.2 OK
r-release-osx-x86_64-snowleopard 1.0.2 OK
r-release-windows-ix86+x86_64 1.0.2 19.00 302.00 321.00 OK
r-oldrel-windows-ix86+x86_64 1.0.2 22.00 318.00 340.00 OK

Check Details

Version: 1.0.2
Check: S3 generic/method consistency
Result: NOTE
    Found the following apparent S3 methods exported but not registered:
     density.npEM density.spEM plot.mixEM plot.mixMCMC plot.npEM plot.spEM
     plot.spEMN01 plotseq.npEM print.npEM print.summary.npEM summary.mixEM
     summary.npEM
    See section ‘Registering S3 methods’ in the ‘Writing R Extensions’
    manual.
Flavors: r-devel-linux-x86_64-debian-clang, r-devel-linux-x86_64-debian-gcc, r-devel-linux-x86_64-fedora-clang, r-devel-linux-x86_64-fedora-gcc, r-devel-osx-x86_64-clang, r-prerel-linux-x86_64