CRAN Package Check Results for Package mixtools

Last updated on 2014-04-24 09:49:04.

Flavor Version Tinstall Tcheck Ttotal Status Flags
r-devel-linux-x86_64-debian-clang 1.0.1 3.02 142.46 145.48 OK
r-devel-linux-x86_64-debian-gcc 1.0.1 3.03 145.92 148.95 OK
r-devel-linux-x86_64-fedora-clang 1.0.1 290.29 OK
r-devel-linux-x86_64-fedora-gcc 1.0.1 286.36 OK
r-devel-osx-x86_64-clang 1.0.1 167.83 OK
r-devel-osx-x86_64-gcc 1.0.1 OK
r-devel-windows-ix86+x86_64 1.0.1 19.00 290.00 309.00 OK
r-patched-linux-x86_64 1.0.1 2.96 144.46 147.42 OK
r-patched-solaris-sparc 1.0.1 1757.30 OK
r-patched-solaris-x86 1.0.1 303.60 OK
r-release-linux-ix86 1.0.1 6.00 284.00 290.00 OK
r-release-linux-x86_64 1.0.1 3.08 149.92 153.00 OK
r-release-osx-x86_64-mavericks 1.0.1 WARN
r-release-osx-x86_64-snowleopard 1.0.1 OK
r-release-windows-ix86+x86_64 1.0.1 18.00 300.00 318.00 OK
r-oldrel-windows-ix86+x86_64 1.0.1 20.00 311.00 331.00 OK

Check Details

Version: 1.0.1
Check: PDF version of manual
Result: WARNING
    LaTeX errors when creating PDF version.
    This typically indicates Rd problems.
    LaTeX errors found:
    ! LaTeX Error: File `upquote.sty' not found.
    
    Type X to quit or <RETURN> to proceed,
    or enter new name. (Default extension: sty)
    
    96ee4dd/Rd2.tex:8: ==> Fatal error occurred, no output PDF file produced!
Flavor: r-release-osx-x86_64-mavericks