CRAN Package Check Results for Package mixtools

Last updated on 2015-09-04 11:47:42.

Flavor Version Tinstall Tcheck Ttotal Status Flags
r-devel-linux-x86_64-debian-clang 1.0.3 2.69 135.30 137.99 NOTE
r-devel-linux-x86_64-debian-gcc 1.0.3 2.58 134.11 136.70 NOTE
r-devel-linux-x86_64-fedora-clang 1.0.3 266.14 NOTE
r-devel-linux-x86_64-fedora-gcc 1.0.3 255.08 NOTE
r-devel-osx-x86_64-clang 1.0.3 175.38 OK
r-devel-windows-ix86+x86_64 1.0.3 21.00 310.00 331.00 NOTE
r-patched-linux-x86_64 1.0.3 2.91 134.74 137.64 OK
r-patched-solaris-sparc 1.0.3 1245.50 OK --no-build-vignettes
r-patched-solaris-x86 1.0.3 291.40 OK
r-release-linux-x86_64 1.0.3 2.84 133.48 136.32 OK
r-release-osx-x86_64-mavericks 1.0.3 OK
r-release-windows-ix86+x86_64 1.0.3 27.00 391.00 418.00 OK
r-oldrel-windows-ix86+x86_64 1.0.3 27.00 366.00 393.00 OK

Check Details

Version: 1.0.3
Check: R code for possible problems
Result: NOTE
    .onAttach: no visible global function definition for
     ‘packageDescription’
    boot.comp: no visible global function definition for ‘par’
    boot.comp: no visible global function definition for ‘segments’
    compCDF: no visible global function definition for ‘plot’
    compCDF: no visible global function definition for ‘lines’
    ellipse: no visible global function definition for ‘plot’
    ellipse: no visible global function definition for ‘lines’
    ise.npEM: no visible global function definition for ‘plot’
    ise.npEM: no visible global function definition for ‘legend’
    ise.npEM: no visible global function definition for ‘lines’
    plot.mixEM: no visible global function definition for ‘par’
    plot.mixEM: no visible global function definition for ‘plot’
    plot.mixEM: no visible global function definition for ‘lines’
    plot.mixEM: no visible global function definition for ‘hist’
    plot.mixEM : <anonymous>: no visible global function definition for
     ‘points’
    plot.mixEM: no visible global function definition for ‘layout’
    plot.mixEM: no visible global function definition for ‘layout.show’
    plot.mixEM: no visible global function definition for ‘barplot’
    plot.mixEM: no visible global function definition for ‘points’
    plot.mixEM: no visible global function definition for ‘abline’
    plot.mixMCMC: no visible global function definition for ‘par’
    plot.mixMCMC: no visible global function definition for ‘plot’
    plot.npEM: no visible global function definition for ‘par’
    plot.npEM: no visible binding for global variable ‘plot’
    plot.npEM: no visible binding for global variable ‘lines’
    plot.npEM: no visible global function definition for ‘legend’
    plot.spEM: no visible global function definition for ‘par’
    plot.spEM: no visible binding for global variable ‘plot’
    plot.spEM: no visible binding for global variable ‘lines’
    plot.spEM: no visible global function definition for ‘legend’
    plot.spEMN01: no visible global function definition for ‘plot’
    plot.spEMN01: no visible global function definition for ‘lines’
    plotFDR: no visible global function definition for ‘plot’
    plotFDR: no visible global function definition for ‘lines’
    plotFDR: no visible global function definition for ‘abline’
    plotFDR: no visible global function definition for ‘legend’
    plotseq.npEM: no visible global function definition for ‘par’
    plotseq.npEM: no visible global function definition for ‘plot’
    plotseq.npEM: no visible global function definition for ‘lines’
    post.beta: no visible global function definition for ‘par’
    post.beta: no visible global function definition for ‘plot’
    post.beta : <anonymous>: no visible global function definition for
     ‘points’
    post.beta : <anonymous>: no visible global function definition for
     ‘abline’
    regcr: no visible global function definition for ‘chull’
    regcr: no visible global function definition for ‘lines’
    segregmix.init : <anonymous>: no visible global function definition for
     ‘tail’
    spEMsymlocN01: no visible binding for global variable ‘plot’
    spEMsymlocN01: no visible binding for global variable ‘lines’
    Undefined global functions or variables:
     abline barplot chull hist layout layout.show legend lines
     packageDescription par plot points segments tail
    Consider adding
     importFrom("grDevices", "chull")
     importFrom("graphics", "abline", "barplot", "hist", "layout",
     "layout.show", "legend", "lines", "par", "plot", "points",
     "segments")
     importFrom("utils", "packageDescription", "tail")
    to your NAMESPACE.
Flavors: r-devel-linux-x86_64-debian-clang, r-devel-linux-x86_64-debian-gcc, r-devel-linux-x86_64-fedora-clang, r-devel-linux-x86_64-fedora-gcc, r-devel-windows-ix86+x86_64