CRAN Package Check Results for Package mixtools

Last updated on 2015-02-28 19:51:11.

Flavor Version Tinstall Tcheck Ttotal Status Flags
r-devel-linux-x86_64-debian-clang 1.0.2 2.78 135.13 137.90 NOTE
r-devel-linux-x86_64-debian-gcc 1.0.2 2.79 133.83 136.62 NOTE
r-devel-linux-x86_64-fedora-clang 1.0.2 266.13 NOTE
r-devel-linux-x86_64-fedora-gcc 1.0.2 256.26 NOTE
r-devel-osx-x86_64-clang 1.0.2 185.82 NOTE
r-devel-windows-ix86+x86_64 1.0.2 29.00 312.00 341.00 OK
r-patched-linux-x86_64 1.0.2 2.93 142.04 144.97 OK
r-patched-solaris-sparc 1.0.2 1263.90 OK --no-build-vignettes
r-patched-solaris-x86 1.0.2 304.50 OK
r-release-linux-ix86 1.0.2 4.01 217.59 221.60 OK
r-release-linux-x86_64 1.0.2 2.95 141.17 144.12 OK
r-release-osx-x86_64-mavericks 1.0.2 OK
r-release-osx-x86_64-snowleopard 1.0.2 OK
r-release-windows-ix86+x86_64 1.0.2 19.00 306.00 325.00 OK
r-oldrel-windows-ix86+x86_64 1.0.2 23.00 331.00 354.00 OK

Check Details

Version: 1.0.2
Check: S3 generic/method consistency
Result: NOTE
    Found the following apparent S3 methods exported but not registered:
     density.npEM density.spEM plot.mixEM plot.mixMCMC plot.npEM plot.spEM
     plot.spEMN01 plotseq.npEM print.npEM print.summary.npEM summary.mixEM
     summary.npEM
    See section ‘Registering S3 methods’ in the ‘Writing R Extensions’
    manual.
Flavors: r-devel-linux-x86_64-debian-clang, r-devel-linux-x86_64-debian-gcc, r-devel-linux-x86_64-fedora-clang, r-devel-linux-x86_64-fedora-gcc, r-devel-osx-x86_64-clang