CRAN Package Check Results for Package mixtools

Last updated on 2015-01-30 01:48:08.

Flavor Version Tinstall Tcheck Ttotal Status Flags
r-devel-linux-x86_64-debian-clang 1.0.2 2.76 135.14 137.90 NOTE
r-devel-linux-x86_64-debian-gcc 1.0.2 2.83 134.96 137.80 NOTE
r-devel-linux-x86_64-fedora-clang 1.0.2 276.99 NOTE
r-devel-linux-x86_64-fedora-gcc 1.0.2 266.71 NOTE
r-devel-osx-x86_64-clang 1.0.2 189.90 NOTE
r-devel-windows-ix86+x86_64 1.0.2 26.00 297.00 323.00 OK
r-patched-linux-x86_64 1.0.2 2.94 140.84 143.78 OK
r-patched-solaris-sparc 1.0.2 1263.90 OK --no-build-vignettes
r-patched-solaris-x86 1.0.2 306.90 OK
r-release-linux-ix86 1.0.2 3.96 212.97 216.93 OK
r-release-linux-x86_64 1.0.2 2.94 140.86 143.79 OK
r-release-osx-x86_64-mavericks 1.0.2 OK
r-release-osx-x86_64-snowleopard 1.0.2 OK
r-release-windows-ix86+x86_64 1.0.2 20.00 312.00 332.00 OK
r-oldrel-windows-ix86+x86_64 1.0.2 20.00 353.00 373.00 OK

Check Details

Version: 1.0.2
Check: S3 generic/method consistency
Result: NOTE
    Found the following apparent S3 methods exported but not registered:
     plotseq.npEM print.npEM print.summary.npEM summary.mixEM summary.npEM
     plot.mixEM plot.mixMCMC plot.npEM plot.spEM plot.spEMN01 density.npEM
     density.spEM
    See section ‘Registering S3 methods’ in the ‘Writing R Extensions’
    manual.
Flavors: r-devel-linux-x86_64-debian-clang, r-devel-linux-x86_64-debian-gcc, r-devel-linux-x86_64-fedora-clang, r-devel-linux-x86_64-fedora-gcc, r-devel-osx-x86_64-clang