CRAN Package Check Results for Package mixtools

Last updated on 2015-04-18 21:49:09.

Flavor Version Tinstall Tcheck Ttotal Status Flags
r-devel-linux-x86_64-debian-clang 1.0.2 2.83 135.55 138.38 NOTE
r-devel-linux-x86_64-debian-gcc 1.0.2 2.79 135.45 138.24 NOTE
r-devel-linux-x86_64-fedora-clang 1.0.2 267.21 NOTE
r-devel-linux-x86_64-fedora-gcc 1.0.2 257.69 NOTE
r-devel-osx-x86_64-clang 1.0.2 179.99 NOTE
r-patched-linux-x86_64 1.0.2 2.83 135.26 138.09 NOTE
r-patched-solaris-sparc 1.0.2 1246.10 OK --no-build-vignettes
r-patched-solaris-x86 1.0.2 287.60 OK
r-release-linux-x86_64 1.0.2 2.81 136.13 138.94 NOTE
r-release-osx-x86_64-mavericks 1.0.2 OK
r-release-osx-x86_64-snowleopard 1.0.2 OK
r-release-windows-ix86+x86_64 1.0.2 18.00 350.00 368.00 NOTE
r-oldrel-windows-ix86+x86_64 1.0.2 17.00 384.00 401.00 OK

Check Details

Version: 1.0.2
Check: S3 generic/method consistency
Result: NOTE
    Found the following apparent S3 methods exported but not registered:
     density.npEM density.spEM plot.mixEM plot.mixMCMC plot.npEM plot.spEM
     plot.spEMN01 plotseq.npEM print.npEM print.summary.npEM summary.mixEM
     summary.npEM
    See section ‘Registering S3 methods’ in the ‘Writing R Extensions’
    manual.
Flavors: r-devel-linux-x86_64-debian-clang, r-devel-linux-x86_64-debian-gcc, r-devel-linux-x86_64-fedora-clang, r-devel-linux-x86_64-fedora-gcc, r-devel-osx-x86_64-clang, r-patched-linux-x86_64, r-release-linux-x86_64

Version: 1.0.2
Check: re-building of vignette outputs
Result: NOTE
    Error in re-building vignettes:
     ...
    Loading required package: boot
    Loading required package: MASS
    Loading required package: segmented
    mixtools package, version 1.0.2, Released May 14 2014
    This package is based upon work supported by the National Science Foundation under Grant No. SES-0518772.
    
    The following object is masked from package:datasets:
    
     CO2
    
    The following objects are masked from CO2data (pos = 3):
    
     CO2, GNP, country
    
    The following object is masked from package:datasets:
    
     CO2
    
    Error in find_vignette_product(name, by = "texi2pdf", engine = engine) :
     Failed to locate the 'texi2pdf' output file (by engine 'utils::Sweave') for vignette with name 'mixtools'. The following files exist in directory '.': 'CO2reg1.pdf', 'CO2reg2.pdf', 'ISEnpEM5rm.pdf', 'WDcutpoint3comp.pdf', 'WDcutpoint4comp.pdf', 'gauss3rm.pdf', 'geyserEM1.pdf', 'geyserEM2.pdf', 'gnpdata.pdf', 'lamplot.pdf', 'mixtools-geyser.pdf', 'mixtools.Rnw', 'mixtools.bib', 'mixtools.tex', 'npEM5rm.pdf', 'spsymmfig1.pdf', 'spsymmfig2.pdf', 'truepdf5rm_block1.pdf', 'truepdf5rm_block2.pdf'
    Calls: buildVignettes -> find_vignette_product
    Execution halted
Flavor: r-release-windows-ix86+x86_64