CRAN Package Check Results for Package mixtools

Last updated on 2017-02-26 05:48:44.

Flavor Version Tinstall Tcheck Ttotal Status Flags
r-devel-linux-x86_64-debian-clang 1.0.4 3.34 103.95 107.30 NOTE
r-devel-linux-x86_64-debian-gcc 1.0.4 3.16 104.37 107.53 NOTE
r-devel-linux-x86_64-fedora-clang 1.0.4 298.61 NOTE --no-stop-on-test-error
r-devel-linux-x86_64-fedora-gcc 1.0.4 288.63 NOTE --no-stop-on-test-error
r-devel-macos-x86_64-clang 1.0.4 132.19 NOTE --no-stop-on-test-error
r-devel-windows-ix86+x86_64 1.0.4 34.00 305.00 339.00 OK
r-patched-linux-x86_64 1.0.4 2.98 104.15 107.12 OK
r-patched-solaris-sparc 1.0.4 1221.80 OK --no-build-vignettes
r-patched-solaris-x86 1.0.4 204.10 OK
r-release-linux-x86_64 1.0.4 2.77 102.83 105.59 OK
r-release-osx-x86_64-mavericks 1.0.4 OK
r-release-windows-ix86+x86_64 1.0.4 29.00 294.00 323.00 OK
r-oldrel-windows-ix86+x86_64 1.0.4 45.00 318.00 363.00 OK

Check Details

Version: 1.0.4
Check: compiled code
Result: NOTE
    File ‘mixtools/libs/mixtools.so’:
     Found no calls to: ‘R_registerRoutines’, ‘R_useDynamicSymbols’
    
    It is good practice to register native routines and to disable symbol
    search.
    
    See ‘Writing portable packages’ in the ‘Writing R Extensions’ manual.
Flavors: r-devel-linux-x86_64-debian-clang, r-devel-linux-x86_64-debian-gcc

Version: 1.0.4
Flags: --no-stop-on-test-error
Check: compiled code
Result: NOTE
    File ‘mixtools/libs/mixtools.so’:
     Found no calls to: ‘R_registerRoutines’, ‘R_useDynamicSymbols’
    
    It is good practice to register native routines and to disable symbol
    search.
    
    See ‘Writing portable packages’ in the ‘Writing R Extensions’ manual.
Flavors: r-devel-linux-x86_64-fedora-clang, r-devel-linux-x86_64-fedora-gcc, r-devel-macos-x86_64-clang