CRAN Package Check Results for Package mixture

Last updated on 2015-09-05 03:47:07.

Flavor Version Tinstall Tcheck Ttotal Status Flags
r-devel-linux-x86_64-debian-clang 1.4 2.21 12.66 14.87 NOTE
r-devel-linux-x86_64-debian-gcc 1.4 2.78 12.26 15.03 NOTE
r-devel-linux-x86_64-fedora-clang 1.4 28.27 NOTE
r-devel-linux-x86_64-fedora-gcc 1.4 25.98 NOTE
r-devel-osx-x86_64-clang 1.4 27.08 NOTE
r-devel-windows-ix86+x86_64 1.4 9.00 41.00 50.00 NOTE
r-patched-linux-x86_64 1.4 2.87 12.93 15.80 NOTE
r-patched-solaris-sparc 1.4 196.60 NOTE
r-patched-solaris-x86 1.4 42.70 NOTE
r-release-linux-x86_64 1.4 4.90 13.03 17.94 NOTE
r-release-osx-x86_64-mavericks 1.4 NOTE
r-release-windows-ix86+x86_64 1.4 10.00 29.00 39.00 NOTE
r-oldrel-windows-ix86+x86_64 1.4 9.00 32.00 41.00 NOTE

Check Details

Version: 1.4
Check: R code for possible problems
Result: NOTE
    EMp1: no visible global function definition for ‘cov.wt’
    EMp1: no visible global function definition for ‘mahalanobis’
    igpark: no visible global function definition for ‘kmeans’
    loglik: no visible global function definition for ‘mahalanobis’
    m.step: no visible global function definition for ‘cov.wt’
    plot.gpcm: no visible global function definition for ‘plot’
    plot.gpcm: no visible global function definition for ‘lines’
    plot.gpcm: no visible global function definition for ‘legend’
    run_em: no visible binding for global variable ‘data’
    rwgpar: no visible global function definition for ‘rexp’
    weights: no visible global function definition for ‘mahalanobis’
    Undefined global functions or variables:
     cov.wt data kmeans legend lines mahalanobis plot rexp
    Consider adding
     importFrom("graphics", "legend", "lines", "plot")
     importFrom("stats", "cov.wt", "kmeans", "mahalanobis", "rexp")
     importFrom("utils", "data")
    to your NAMESPACE.
Flavors: r-devel-linux-x86_64-debian-clang, r-devel-linux-x86_64-debian-gcc, r-devel-linux-x86_64-fedora-clang, r-devel-linux-x86_64-fedora-gcc, r-devel-windows-ix86+x86_64

Version: 1.4
Check: for GNU extensions in Makefiles
Result: NOTE
    GNU make is a SystemRequirements.
Flavors: r-devel-linux-x86_64-debian-clang, r-devel-linux-x86_64-debian-gcc, r-devel-linux-x86_64-fedora-clang, r-devel-linux-x86_64-fedora-gcc, r-devel-osx-x86_64-clang, r-devel-windows-ix86+x86_64, r-patched-linux-x86_64, r-patched-solaris-sparc, r-patched-solaris-x86, r-release-linux-x86_64, r-release-osx-x86_64-mavericks, r-release-windows-ix86+x86_64, r-oldrel-windows-ix86+x86_64