CRAN Package Check Results for Package mixture

Last updated on 2015-04-25 03:47:47.

Flavor Version Tinstall Tcheck Ttotal Status Flags
r-devel-linux-x86_64-debian-clang 1.4 2.36 13.78 16.14 NOTE
r-devel-linux-x86_64-debian-gcc 1.4 2.85 13.01 15.86 NOTE
r-devel-linux-x86_64-fedora-clang 1.4 30.17 NOTE
r-devel-linux-x86_64-fedora-gcc 1.4 27.74 NOTE
r-devel-osx-x86_64-clang 1.4 31.02 NOTE
r-devel-windows-ix86+x86_64 1.4 8.00 32.00 40.00 NOTE
r-patched-linux-x86_64 1.4 2.84 13.67 16.51 NOTE
r-patched-solaris-sparc 1.4 210.40 NOTE
r-patched-solaris-x86 1.4 41.50 NOTE
r-release-linux-x86_64 1.4 2.87 12.92 15.79 NOTE
r-release-osx-x86_64-mavericks 1.4 NOTE
r-release-osx-x86_64-snowleopard 1.4 NOTE
r-release-windows-ix86+x86_64 1.4 8.00 32.00 40.00 NOTE
r-oldrel-windows-ix86+x86_64 1.4 9.00 32.00 41.00 NOTE

Check Details

Version: 1.4
Check: for GNU extensions in Makefiles
Result: NOTE
    GNU make is a SystemRequirements.
Flavors: r-devel-windows-ix86+x86_64, r-patched-linux-x86_64, r-release-windows-ix86+x86_64, r-oldrel-windows-ix86+x86_64