CRAN Package Check Results for Package mixture

Last updated on 2017-10-18 02:47:12.

Flavor Version Tinstall Tcheck Ttotal Status Flags
r-devel-linux-x86_64-debian-clang 1.4 2.94 16.15 19.09 NOTE
r-devel-linux-x86_64-debian-gcc 1.4 3.84 18.04 21.87 NOTE
r-devel-linux-x86_64-fedora-clang 1.4 32.19 NOTE
r-devel-linux-x86_64-fedora-gcc 1.4 31.18 NOTE
r-devel-windows-ix86+x86_64 1.4 11.00 41.00 52.00 NOTE
r-patched-linux-x86_64 1.4 3.20 15.60 18.80 NOTE
r-patched-solaris-x86 1.4 44.40 NOTE
r-release-linux-x86_64 1.4 3.12 16.11 19.23 NOTE
r-release-windows-ix86+x86_64 1.4 9.00 37.00 46.00 NOTE
r-release-osx-x86_64 1.4 NOTE
r-oldrel-windows-ix86+x86_64 1.4 14.00 38.00 52.00 NOTE
r-oldrel-osx-x86_64 1.4 NOTE

Check Details

Version: 1.4
Check: R code for possible problems
Result: NOTE
    EMp1: no visible global function definition for ‘cov.wt’
    EMp1: no visible global function definition for ‘mahalanobis’
    igpark: no visible global function definition for ‘kmeans’
    loglik: no visible global function definition for ‘mahalanobis’
    m.step: no visible global function definition for ‘cov.wt’
    plot.gpcm: no visible global function definition for ‘plot’
    plot.gpcm: no visible global function definition for ‘lines’
    plot.gpcm: no visible global function definition for ‘legend’
    run_em: no visible binding for global variable ‘data’
    rwgpar: no visible global function definition for ‘rexp’
    weights: no visible global function definition for ‘mahalanobis’
    Undefined global functions or variables:
     cov.wt data kmeans legend lines mahalanobis plot rexp
    Consider adding
     importFrom("graphics", "legend", "lines", "plot")
     importFrom("stats", "cov.wt", "kmeans", "mahalanobis", "rexp")
     importFrom("utils", "data")
    to your NAMESPACE file.
Flavors: r-devel-linux-x86_64-debian-clang, r-devel-linux-x86_64-debian-gcc, r-devel-linux-x86_64-fedora-clang, r-devel-linux-x86_64-fedora-gcc, r-devel-windows-ix86+x86_64, r-patched-linux-x86_64, r-patched-solaris-x86, r-release-linux-x86_64, r-release-windows-ix86+x86_64, r-release-osx-x86_64, r-oldrel-windows-ix86+x86_64, r-oldrel-osx-x86_64

Version: 1.4
Check: for GNU extensions in Makefiles
Result: NOTE
    GNU make is a SystemRequirements.
Flavors: r-devel-linux-x86_64-debian-clang, r-devel-linux-x86_64-debian-gcc, r-devel-linux-x86_64-fedora-clang, r-devel-linux-x86_64-fedora-gcc, r-devel-windows-ix86+x86_64, r-patched-linux-x86_64, r-patched-solaris-x86, r-release-linux-x86_64, r-release-windows-ix86+x86_64, r-release-osx-x86_64, r-oldrel-windows-ix86+x86_64, r-oldrel-osx-x86_64

Version: 1.4
Check: compiled code
Result: NOTE
    File ‘mixture/libs/mixture.so’:
     Found no calls to: ‘R_registerRoutines’, ‘R_useDynamicSymbols’
    
    It is good practice to register native routines and to disable symbol
    search.
    
    See ‘Writing portable packages’ in the ‘Writing R Extensions’ manual.
Flavors: r-devel-linux-x86_64-debian-clang, r-devel-linux-x86_64-debian-gcc, r-devel-linux-x86_64-fedora-clang, r-devel-linux-x86_64-fedora-gcc, r-patched-linux-x86_64, r-release-linux-x86_64

Version: 1.4
Check: DESCRIPTION meta-information
Result: NOTE
    NeedsCompilation field should likely be 'yes'
Flavors: r-devel-windows-ix86+x86_64, r-release-windows-ix86+x86_64