CRAN Package Check Results for Package mixture

Last updated on 2017-04-28 05:48:38.

Flavor Version Tinstall Tcheck Ttotal Status Flags
r-devel-linux-x86_64-debian-clang 1.4 3.56 16.04 19.61 NOTE
r-devel-linux-x86_64-debian-gcc 1.4 3.22 15.53 18.75 NOTE
r-devel-linux-x86_64-fedora-clang 1.4 34.17 NOTE --no-stop-on-test-error
r-devel-linux-x86_64-fedora-gcc 1.4 31.27 NOTE --no-stop-on-test-error
r-devel-windows-ix86+x86_64 1.4 12.00 41.00 53.00 NOTE
r-patched-linux-x86_64 1.4 2.85 15.72 18.57 NOTE
r-patched-solaris-sparc 1.4 197.50 NOTE
r-patched-solaris-x86 1.4 42.10 NOTE
r-release-linux-x86_64 1.4 2.92 15.37 18.29 NOTE
r-release-windows-ix86+x86_64 1.4 9.00 36.00 45.00 NOTE
r-release-osx-x86_64 1.4 NOTE
r-oldrel-windows-ix86+x86_64 1.4 14.00 38.00 52.00 NOTE
r-oldrel-osx-x86_64 1.4 NOTE

Check Details

Version: 1.4
Check: R code for possible problems
Result: NOTE
    EMp1: no visible global function definition for ‘cov.wt’
    EMp1: no visible global function definition for ‘mahalanobis’
    igpark: no visible global function definition for ‘kmeans’
    loglik: no visible global function definition for ‘mahalanobis’
    m.step: no visible global function definition for ‘cov.wt’
    plot.gpcm: no visible global function definition for ‘plot’
    plot.gpcm: no visible global function definition for ‘lines’
    plot.gpcm: no visible global function definition for ‘legend’
    run_em: no visible binding for global variable ‘data’
    rwgpar: no visible global function definition for ‘rexp’
    weights: no visible global function definition for ‘mahalanobis’
    Undefined global functions or variables:
     cov.wt data kmeans legend lines mahalanobis plot rexp
    Consider adding
     importFrom("graphics", "legend", "lines", "plot")
     importFrom("stats", "cov.wt", "kmeans", "mahalanobis", "rexp")
     importFrom("utils", "data")
    to your NAMESPACE file.
Flavors: r-devel-linux-x86_64-debian-clang, r-devel-linux-x86_64-debian-gcc, r-devel-windows-ix86+x86_64, r-patched-linux-x86_64, r-patched-solaris-sparc, r-patched-solaris-x86, r-release-linux-x86_64, r-release-windows-ix86+x86_64, r-release-osx-x86_64, r-oldrel-windows-ix86+x86_64, r-oldrel-osx-x86_64

Version: 1.4
Check: for GNU extensions in Makefiles
Result: NOTE
    GNU make is a SystemRequirements.
Flavors: r-devel-linux-x86_64-debian-clang, r-devel-linux-x86_64-debian-gcc, r-devel-windows-ix86+x86_64, r-patched-linux-x86_64, r-patched-solaris-sparc, r-patched-solaris-x86, r-release-linux-x86_64, r-release-windows-ix86+x86_64, r-release-osx-x86_64, r-oldrel-windows-ix86+x86_64, r-oldrel-osx-x86_64

Version: 1.4
Check: compiled code
Result: NOTE
    File ‘mixture/libs/mixture.so’:
     Found no calls to: ‘R_registerRoutines’, ‘R_useDynamicSymbols’
    
    It is good practice to register native routines and to disable symbol
    search.
    
    See ‘Writing portable packages’ in the ‘Writing R Extensions’ manual.
Flavors: r-devel-linux-x86_64-debian-clang, r-devel-linux-x86_64-debian-gcc, r-patched-linux-x86_64, r-release-linux-x86_64

Version: 1.4
Flags: --no-stop-on-test-error
Check: R code for possible problems
Result: NOTE
    EMp1: no visible global function definition for ‘cov.wt’
    EMp1: no visible global function definition for ‘mahalanobis’
    igpark: no visible global function definition for ‘kmeans’
    loglik: no visible global function definition for ‘mahalanobis’
    m.step: no visible global function definition for ‘cov.wt’
    plot.gpcm: no visible global function definition for ‘plot’
    plot.gpcm: no visible global function definition for ‘lines’
    plot.gpcm: no visible global function definition for ‘legend’
    run_em: no visible binding for global variable ‘data’
    rwgpar: no visible global function definition for ‘rexp’
    weights: no visible global function definition for ‘mahalanobis’
    Undefined global functions or variables:
     cov.wt data kmeans legend lines mahalanobis plot rexp
    Consider adding
     importFrom("graphics", "legend", "lines", "plot")
     importFrom("stats", "cov.wt", "kmeans", "mahalanobis", "rexp")
     importFrom("utils", "data")
    to your NAMESPACE file.
Flavors: r-devel-linux-x86_64-fedora-clang, r-devel-linux-x86_64-fedora-gcc

Version: 1.4
Flags: --no-stop-on-test-error
Check: for GNU extensions in Makefiles
Result: NOTE
    GNU make is a SystemRequirements.
Flavors: r-devel-linux-x86_64-fedora-clang, r-devel-linux-x86_64-fedora-gcc

Version: 1.4
Flags: --no-stop-on-test-error
Check: compiled code
Result: NOTE
    File ‘mixture/libs/mixture.so’:
     Found no calls to: ‘R_registerRoutines’, ‘R_useDynamicSymbols’
    
    It is good practice to register native routines and to disable symbol
    search.
    
    See ‘Writing portable packages’ in the ‘Writing R Extensions’ manual.
Flavors: r-devel-linux-x86_64-fedora-clang, r-devel-linux-x86_64-fedora-gcc

Version: 1.4
Check: DESCRIPTION meta-information
Result: NOTE
    NeedsCompilation field should likely be 'yes'
Flavors: r-devel-windows-ix86+x86_64, r-release-windows-ix86+x86_64