CRAN Package Check Results for Package mixture

Last updated on 2015-05-22 12:46:31.

Flavor Version Tinstall Tcheck Ttotal Status Flags
r-devel-linux-x86_64-debian-clang 1.4 2.31 13.30 15.61 NOTE
r-devel-linux-x86_64-debian-gcc 1.4 3.79 13.55 17.34 NOTE
r-devel-linux-x86_64-fedora-gcc 1.4 27.43 NOTE
r-devel-osx-x86_64-clang 1.4 31.41 NOTE
r-devel-windows-ix86+x86_64 1.4 13.00 28.00 41.00 NOTE
r-patched-linux-x86_64 1.4 2.88 13.18 16.06 NOTE
r-patched-solaris-sparc 1.4 210.40 NOTE
r-patched-solaris-x86 1.4 41.60 NOTE
r-release-linux-x86_64 1.4 2.97 13.18 16.15 NOTE
r-release-osx-x86_64-mavericks 1.4 NOTE
r-release-osx-x86_64-snowleopard 1.4 NOTE
r-release-windows-ix86+x86_64 1.4 8.00 32.00 40.00 NOTE
r-oldrel-windows-ix86+x86_64 1.4 9.00 32.00 41.00 NOTE

Check Details

Version: 1.4
Check: for GNU extensions in Makefiles
Result: NOTE
    GNU make is a SystemRequirements.
Flavors: r-devel-linux-x86_64-debian-clang, r-devel-linux-x86_64-debian-gcc, r-devel-linux-x86_64-fedora-gcc, r-devel-osx-x86_64-clang, r-devel-windows-ix86+x86_64, r-patched-linux-x86_64, r-patched-solaris-sparc, r-patched-solaris-x86, r-release-linux-x86_64, r-release-osx-x86_64-mavericks, r-release-osx-x86_64-snowleopard, r-release-windows-ix86+x86_64, r-oldrel-windows-ix86+x86_64